CRAN Package Check Results for Package contextual

Last updated on 2021-09-27 21:49:02 CEST.

Flavor Version Tinstall Tcheck Ttotal Status Flags
r-devel-linux-x86_64-debian-clang 0.9.8.4 40.93 145.09 186.02 NOTE
r-devel-linux-x86_64-debian-gcc 0.9.8.4 28.01 103.00 131.01 NOTE
r-devel-linux-x86_64-fedora-clang 0.9.8.4 228.17 NOTE
r-devel-linux-x86_64-fedora-gcc 0.9.8.4 203.81 NOTE
r-devel-windows-x86_64 0.9.8.4 42.00 139.00 181.00 NOTE
r-devel-windows-x86_64-gcc10-UCRT 0.9.8.4 NOTE
r-patched-linux-x86_64 0.9.8.4 37.21 141.39 178.60 NOTE
r-patched-solaris-x86 0.9.8.4 261.00 NOTE
r-release-linux-x86_64 0.9.8.4 36.66 140.23 176.89 NOTE
r-release-macos-arm64 0.9.8.4 ERROR
r-release-macos-x86_64 0.9.8.4 NOTE
r-release-windows-ix86+x86_64 0.9.8.4 60.00 130.00 190.00 NOTE
r-oldrel-macos-x86_64 0.9.8.4 OK
r-oldrel-windows-ix86+x86_64 0.9.8.4 42.00 130.00 172.00 OK

Check Details

Version: 0.9.8.4
Check: LazyData
Result: NOTE
     'LazyData' is specified without a 'data' directory
Flavors: r-devel-linux-x86_64-debian-clang, r-devel-linux-x86_64-debian-gcc, r-devel-linux-x86_64-fedora-clang, r-devel-linux-x86_64-fedora-gcc, r-devel-windows-x86_64, r-devel-windows-x86_64-gcc10-UCRT, r-patched-linux-x86_64, r-patched-solaris-x86, r-release-linux-x86_64, r-release-macos-arm64, r-release-macos-x86_64, r-release-windows-ix86+x86_64

Version: 0.9.8.4
Check: tests
Result: ERROR
     Running ‘testthat.R’ [12s/13s]
    Running the tests in ‘tests/testthat.R’ failed.
    Last 13 lines of output:
     >
     > test_check("contextual")
     ══ Skipped tests ═══════════════════════════════════════════════════════════════
     • On CRAN (1)
    
     ══ Failed tests ════════════════════════════════════════════════════════════════
     ── Failure (test_utility_functions.R:35:3): Formatted difftime ─────────────────
     `ft` not equal to "396 days, 1:04:05".
     1/1 mismatches
     x[1]: "396 days, 0:04:05"
     y[1]: "396 days, 1:04:05"
    
     [ FAIL 1 | WARN 0 | SKIP 1 | PASS 135 ]
     Error: Test failures
     Execution halted
Flavor: r-release-macos-arm64