CRAN Package Check Results for Package contourPlot

Last updated on 2024-04-24 02:52:55 CEST.

Flavor Version Tinstall Tcheck Ttotal Status Flags
r-devel-linux-x86_64-debian-clang 0.2.0 1.79 30.26 32.05 NOTE
r-devel-linux-x86_64-debian-gcc 0.2.0 2.27 23.24 25.51 NOTE
r-devel-linux-x86_64-fedora-clang 0.2.0 43.46 NOTE
r-devel-linux-x86_64-fedora-gcc 0.2.0 44.43 NOTE
r-prerel-macos-arm64 0.2.0 17.00 NOTE
r-prerel-windows-x86_64 0.2.0 3.00 44.00 47.00 NOTE
r-patched-linux-x86_64 0.2.0 1.86 29.45 31.31 NOTE
r-release-linux-x86_64 0.2.0 2.82 28.85 31.67 NOTE
r-release-macos-arm64 0.2.0 21.00 NOTE
r-release-macos-x86_64 0.2.0 23.00 NOTE
r-release-windows-x86_64 0.2.0 4.00 45.00 49.00 NOTE
r-oldrel-macos-arm64 0.2.0 21.00 NOTE
r-oldrel-windows-x86_64 0.2.0 5.00 50.00 55.00 NOTE

Check Details

Version: 0.2.0
Check: LazyData
Result: NOTE 'LazyData' is specified without a 'data' directory Flavors: r-devel-linux-x86_64-debian-clang, r-devel-linux-x86_64-debian-gcc, r-devel-linux-x86_64-fedora-clang, r-devel-linux-x86_64-fedora-gcc, r-prerel-macos-arm64, r-prerel-windows-x86_64, r-patched-linux-x86_64, r-release-linux-x86_64, r-release-macos-arm64, r-release-macos-x86_64, r-release-windows-x86_64, r-oldrel-macos-arm64, r-oldrel-windows-x86_64