CRAN Package Check Results for Package contoureR

Last updated on 2023-10-01 10:00:12 CEST.

Flavor Version Tinstall Tcheck Ttotal Status Flags
r-devel-linux-x86_64-debian-clang 1.0.5 34.38 35.12 69.50 NOTE
r-devel-linux-x86_64-debian-gcc 1.0.5 26.86 27.12 53.98 NOTE
r-devel-linux-x86_64-fedora-clang 1.0.5 108.37 NOTE
r-devel-linux-x86_64-fedora-gcc 1.0.5 104.97 NOTE
r-devel-windows-x86_64 1.0.5 32.00 69.00 101.00 NOTE
r-patched-linux-x86_64 1.0.5 40.24 33.69 73.93 NOTE
r-release-linux-x86_64 1.0.5 35.02 34.28 69.30 NOTE
r-release-macos-arm64 1.0.5 34.00 NOTE
r-release-macos-x86_64 1.0.5 49.00 NOTE
r-release-windows-x86_64 1.0.5 38.00 75.00 113.00 NOTE
r-oldrel-macos-arm64 1.0.5 32.00 OK
r-oldrel-macos-x86_64 1.0.5 40.00 OK
r-oldrel-windows-x86_64 1.0.5 36.00 76.00 112.00 OK

Check Details

Version: 1.0.5
Check: C++ specification
Result: NOTE
     Specified C++11: please drop specification unless essential
Flavors: r-devel-linux-x86_64-debian-clang, r-devel-linux-x86_64-debian-gcc, r-devel-linux-x86_64-fedora-clang, r-devel-linux-x86_64-fedora-gcc, r-devel-windows-x86_64, r-patched-linux-x86_64, r-release-linux-x86_64, r-release-macos-arm64, r-release-macos-x86_64, r-release-windows-x86_64

Version: 1.0.5
Check: compiled code
Result: NOTE
    File ‘contoureR/libs/contoureR.so’:
     Found no calls to: ‘R_registerRoutines’, ‘R_useDynamicSymbols’
    
    It is good practice to register native routines and to disable symbol
    search.
    
    See ‘Writing portable packages’ in the ‘Writing R Extensions’ manual.
Flavors: r-devel-linux-x86_64-fedora-clang, r-devel-linux-x86_64-fedora-gcc