CRAN Package Check Results for Package contoureR

Last updated on 2018-10-18 16:50:02 CEST.

Flavor Version Tinstall Tcheck Ttotal Status Flags
r-devel-linux-x86_64-debian-clang 1.0.5 29.78 30.29 60.07 OK
r-devel-linux-x86_64-debian-gcc 1.0.5 OK
r-devel-linux-x86_64-fedora-clang 1.0.5 84.16 NOTE
r-devel-linux-x86_64-fedora-gcc 1.0.5 75.47 NOTE
r-devel-windows-ix86+x86_64 1.0.5 83.00 91.00 174.00 OK
r-patched-linux-x86_64 1.0.5 30.80 27.27 58.07 OK
r-patched-solaris-x86 1.0.5 85.50 OK
r-release-linux-x86_64 1.0.5 33.54 27.37 60.91 OK
r-release-windows-ix86+x86_64 1.0.5 71.00 83.00 154.00 OK
r-release-osx-x86_64 1.0.5 OK
r-oldrel-windows-ix86+x86_64 1.0.5 67.00 106.00 173.00 OK
r-oldrel-osx-x86_64 1.0.5 OK

Check Details

Version: 1.0.5
Check: compiled code
Result: NOTE
    File ‘contoureR/libs/contoureR.so’:
     Found no calls to: ‘R_registerRoutines’, ‘R_useDynamicSymbols’
    
    It is good practice to register native routines and to disable symbol
    search.
    
    See ‘Writing portable packages’ in the ‘Writing R Extensions’ manual.
Flavors: r-devel-linux-x86_64-fedora-clang, r-devel-linux-x86_64-fedora-gcc