CRAN Package Check Results for Package contoureR

Last updated on 2017-12-17 22:48:43 CET.

Flavor Version Tinstall Tcheck Ttotal Status Flags
r-devel-linux-x86_64-debian-clang 1.0.5 25.46 28.89 54.35 NOTE
r-devel-linux-x86_64-debian-gcc NOTE
r-devel-linux-x86_64-fedora-clang 1.0.5 75.81 NOTE
r-devel-linux-x86_64-fedora-gcc 1.0.5 71.21 NOTE
r-devel-windows-ix86+x86_64 1.0.5 62.00 62.00 124.00 OK
r-patched-linux-x86_64 1.0.5 27.14 29.16 56.30 NOTE
r-patched-solaris-x86 1.0.5 81.70 OK
r-release-linux-x86_64 1.0.5 26.26 28.32 54.58 NOTE
r-release-windows-ix86+x86_64 1.0.5 65.00 61.00 126.00 OK
r-release-osx-x86_64 1.0.5 OK
r-oldrel-windows-ix86+x86_64 1.0.5 90.00 70.00 160.00 OK
r-oldrel-osx-x86_64 1.0.5 OK

Check Details

Version: 1.0.5
Check: compiled code
Result: NOTE
    File ‘contoureR/libs/contoureR.so’:
     Found no calls to: ‘R_registerRoutines’, ‘R_useDynamicSymbols’
    
    It is good practice to register native routines and to disable symbol
    search.
    
    See ‘Writing portable packages’ in the ‘Writing R Extensions’ manual.
Flavors: r-devel-linux-x86_64-debian-clang, r-devel-linux-x86_64-debian-gcc, r-devel-linux-x86_64-fedora-clang, r-devel-linux-x86_64-fedora-gcc, r-patched-linux-x86_64, r-release-linux-x86_64