CRAN Package Check Results for Package contoureR

Last updated on 2019-05-23 01:48:32 CEST.

Flavor Version Tinstall Tcheck Ttotal Status Flags
r-devel-linux-x86_64-debian-clang 1.0.5 30.04 28.42 58.46 OK
r-devel-linux-x86_64-debian-gcc 1.0.5 22.58 22.88 45.46 OK
r-devel-linux-x86_64-fedora-clang 1.0.5 84.58 NOTE
r-devel-linux-x86_64-fedora-gcc 1.0.5 74.53 NOTE
r-devel-windows-ix86+x86_64 1.0.5 62.00 191.00 253.00 OK
r-patched-linux-x86_64 1.0.5 26.85 28.34 55.19 OK
r-patched-solaris-x86 1.0.5 89.20 OK
r-release-linux-x86_64 1.0.5 27.93 28.44 56.37 OK
r-release-windows-ix86+x86_64 1.0.5 86.00 68.00 154.00 OK
r-release-osx-x86_64 1.0.5 OK
r-oldrel-windows-ix86+x86_64 1.0.5 61.00 65.00 126.00 OK
r-oldrel-osx-x86_64 1.0.5 OK

Check Details

Version: 1.0.5
Check: compiled code
Result: NOTE
    File ‘contoureR/libs/contoureR.so’:
     Found no calls to: ‘R_registerRoutines’, ‘R_useDynamicSymbols’
    
    It is good practice to register native routines and to disable symbol
    search.
    
    See ‘Writing portable packages’ in the ‘Writing R Extensions’ manual.
Flavors: r-devel-linux-x86_64-fedora-clang, r-devel-linux-x86_64-fedora-gcc