CRAN Package Check Results for Package contoureR

Last updated on 2017-08-20 10:46:11.

Flavor Version Tinstall Tcheck Ttotal Status Flags
r-devel-linux-x86_64-debian-clang 1.0.5 19.73 19.11 38.84 NOTE
r-devel-linux-x86_64-debian-gcc 1.0.5 20.75 19.07 39.82 NOTE
r-devel-linux-x86_64-fedora-clang 1.0.5 77.34 NOTE
r-devel-linux-x86_64-fedora-gcc 1.0.5 71.91 NOTE
r-devel-windows-ix86+x86_64 1.0.5 67.00 65.00 132.00 OK
r-patched-linux-x86_64 1.0.5 19.97 18.96 38.93 NOTE
r-patched-solaris-x86 1.0.5 80.30 OK
r-release-linux-x86_64 1.0.5 19.99 19.03 39.03 NOTE
r-release-windows-ix86+x86_64 1.0.5 93.00 65.00 158.00 OK
r-release-osx-x86_64 1.0.5 OK
r-oldrel-windows-ix86+x86_64 1.0.5 66.00 81.00 147.00 OK
r-oldrel-osx-x86_64 1.0.5 OK

Check Details

Version: 1.0.5
Check: compiled code
Result: NOTE
    File ‘contoureR/libs/contoureR.so’:
     Found no calls to: ‘R_registerRoutines’, ‘R_useDynamicSymbols’
    
    It is good practice to register native routines and to disable symbol
    search.
    
    See ‘Writing portable packages’ in the ‘Writing R Extensions’ manual.
Flavors: r-devel-linux-x86_64-debian-clang, r-devel-linux-x86_64-debian-gcc, r-devel-linux-x86_64-fedora-clang, r-devel-linux-x86_64-fedora-gcc, r-patched-linux-x86_64, r-release-linux-x86_64