CRAN Package Check Results for Package contoureR

Last updated on 2017-06-27 02:47:01.

Flavor Version Tinstall Tcheck Ttotal Status Flags
r-devel-linux-x86_64-debian-clang 1.0.5 19.61 18.97 38.57 NOTE
r-devel-linux-x86_64-debian-gcc 1.0.5 20.65 19.28 39.93 NOTE
r-devel-linux-x86_64-fedora-clang 1.0.5 75.71 NOTE
r-devel-linux-x86_64-fedora-gcc 1.0.5 71.13 NOTE
r-devel-windows-ix86+x86_64 1.0.5 88.00 88.00 176.00 OK
r-patched-linux-x86_64 1.0.5 21.02 19.25 40.27 NOTE
r-patched-solaris-sparc 1.0.5 379.20 OK
r-patched-solaris-x86 1.0.5 79.40 OK
r-release-linux-x86_64 1.0.5 20.62 19.04 39.66 NOTE
r-release-windows-ix86+x86_64 1.0.5 64.00 89.00 153.00 OK
r-release-osx-x86_64 1.0.5 OK
r-oldrel-windows-ix86+x86_64 1.0.5 85.00 72.00 157.00 OK
r-oldrel-osx-x86_64 1.0.5 OK

Check Details

Version: 1.0.5
Check: compiled code
Result: NOTE
    File ‘contoureR/libs/contoureR.so’:
     Found no calls to: ‘R_registerRoutines’, ‘R_useDynamicSymbols’
    
    It is good practice to register native routines and to disable symbol
    search.
    
    See ‘Writing portable packages’ in the ‘Writing R Extensions’ manual.
Flavors: r-devel-linux-x86_64-debian-clang, r-devel-linux-x86_64-debian-gcc, r-devel-linux-x86_64-fedora-clang, r-devel-linux-x86_64-fedora-gcc, r-patched-linux-x86_64, r-release-linux-x86_64