CRAN Package Check Results for Package contoureR

Last updated on 2018-12-11 19:48:39 CET.

Flavor Version Tinstall Tcheck Ttotal Status Flags
r-devel-linux-x86_64-debian-clang 1.0.5 31.41 29.03 60.44 OK
r-devel-linux-x86_64-debian-gcc 1.0.5 24.16 23.21 47.37 OK
r-devel-linux-x86_64-fedora-clang 1.0.5 82.41 NOTE
r-devel-linux-x86_64-fedora-gcc 1.0.5 73.84 NOTE
r-devel-windows-ix86+x86_64 1.0.5 83.00 69.00 152.00 OK
r-patched-linux-x86_64 1.0.5 28.48 27.71 56.19 OK
r-patched-solaris-x86 1.0.5 90.30 OK
r-release-linux-x86_64 1.0.5 29.52 27.83 57.35 OK
r-release-windows-ix86+x86_64 1.0.5 82.00 66.00 148.00 OK
r-release-osx-x86_64 1.0.5 OK
r-oldrel-windows-ix86+x86_64 1.0.5 62.00 98.00 160.00 OK
r-oldrel-osx-x86_64 1.0.5 OK

Check Details

Version: 1.0.5
Check: compiled code
Result: NOTE
    File ‘contoureR/libs/contoureR.so’:
     Found no calls to: ‘R_registerRoutines’, ‘R_useDynamicSymbols’
    
    It is good practice to register native routines and to disable symbol
    search.
    
    See ‘Writing portable packages’ in the ‘Writing R Extensions’ manual.
Flavors: r-devel-linux-x86_64-fedora-clang, r-devel-linux-x86_64-fedora-gcc