CRAN Package Check Results for Package contoureR

Last updated on 2019-02-21 19:52:13 CET.

Flavor Version Tinstall Tcheck Ttotal Status Flags
r-devel-linux-x86_64-debian-clang 1.0.5 29.40 29.00 58.40 OK
r-devel-linux-x86_64-debian-gcc 1.0.5 21.34 23.05 44.39 OK
r-devel-linux-x86_64-fedora-clang 1.0.5 94.12 NOTE
r-devel-linux-x86_64-fedora-gcc 1.0.5 79.46 NOTE
r-devel-windows-ix86+x86_64 1.0.5 86.00 88.00 174.00 OK
r-patched-linux-x86_64 1.0.5 29.26 27.03 56.29 OK
r-patched-solaris-x86 1.0.5 96.60 OK
r-release-linux-x86_64 1.0.5 OK
r-release-windows-ix86+x86_64 1.0.5 63.00 93.00 156.00 OK
r-release-osx-x86_64 1.0.5 OK
r-oldrel-windows-ix86+x86_64 1.0.5 73.00 87.00 160.00 OK
r-oldrel-osx-x86_64 1.0.5 OK

Check Details

Version: 1.0.5
Check: compiled code
Result: NOTE
    File ‘contoureR/libs/contoureR.so’:
     Found no calls to: ‘R_registerRoutines’, ‘R_useDynamicSymbols’
    
    It is good practice to register native routines and to disable symbol
    search.
    
    See ‘Writing portable packages’ in the ‘Writing R Extensions’ manual.
Flavors: r-devel-linux-x86_64-fedora-clang, r-devel-linux-x86_64-fedora-gcc