CRAN Package Check Results for Package contoureR

Last updated on 2017-10-19 21:51:28.

Flavor Version Tinstall Tcheck Ttotal Status Flags
r-devel-linux-x86_64-debian-clang 1.0.5 20.02 18.77 38.79 NOTE
r-devel-linux-x86_64-debian-gcc 1.0.5 21.05 20.66 41.71 NOTE
r-devel-linux-x86_64-fedora-clang 1.0.5 79.57 NOTE
r-devel-linux-x86_64-fedora-gcc 1.0.5 78.30 NOTE
r-devel-windows-ix86+x86_64 1.0.5 61.00 61.00 122.00 OK
r-patched-linux-x86_64 1.0.5 20.11 18.94 39.05 NOTE
r-patched-solaris-x86 1.0.5 82.00 OK
r-release-linux-x86_64 1.0.5 19.82 19.05 38.86 NOTE
r-release-windows-ix86+x86_64 1.0.5 89.00 82.00 171.00 OK
r-release-osx-x86_64 1.0.5 OK
r-oldrel-windows-ix86+x86_64 1.0.5 57.00 69.00 126.00 OK
r-oldrel-osx-x86_64 1.0.5 OK

Check Details

Version: 1.0.5
Check: compiled code
Result: NOTE
    File ‘contoureR/libs/contoureR.so’:
     Found no calls to: ‘R_registerRoutines’, ‘R_useDynamicSymbols’
    
    It is good practice to register native routines and to disable symbol
    search.
    
    See ‘Writing portable packages’ in the ‘Writing R Extensions’ manual.
Flavors: r-devel-linux-x86_64-debian-clang, r-devel-linux-x86_64-debian-gcc, r-devel-linux-x86_64-fedora-clang, r-devel-linux-x86_64-fedora-gcc, r-patched-linux-x86_64, r-release-linux-x86_64