CRAN Package Check Results for Package contoureR

Last updated on 2018-06-23 16:46:32 CEST.

Flavor Version Tinstall Tcheck Ttotal Status Flags
r-devel-linux-x86_64-debian-clang 1.0.5 28.56 29.25 57.81 NOTE
r-devel-linux-x86_64-debian-gcc 1.0.5 23.02 23.26 46.28 NOTE
r-devel-linux-x86_64-fedora-clang 1.0.5 79.25 NOTE
r-devel-linux-x86_64-fedora-gcc 1.0.5 73.35 NOTE
r-devel-windows-ix86+x86_64 1.0.5 83.00 63.00 146.00 OK
r-patched-linux-x86_64 1.0.5 28.33 27.36 55.69 NOTE
r-patched-solaris-x86 1.0.5 84.50 OK
r-release-linux-x86_64 1.0.5 28.09 27.17 55.26 NOTE
r-release-windows-ix86+x86_64 1.0.5 86.00 72.00 158.00 OK
r-release-osx-x86_64 1.0.5 OK
r-oldrel-windows-ix86+x86_64 1.0.5 88.00 60.00 148.00 OK
r-oldrel-osx-x86_64 1.0.5 OK

Check Details

Version: 1.0.5
Check: compiled code
Result: NOTE
    File ‘contoureR/libs/contoureR.so’:
     Found no calls to: ‘R_registerRoutines’, ‘R_useDynamicSymbols’
    
    It is good practice to register native routines and to disable symbol
    search.
    
    See ‘Writing portable packages’ in the ‘Writing R Extensions’ manual.
Flavors: r-devel-linux-x86_64-debian-clang, r-devel-linux-x86_64-debian-gcc, r-devel-linux-x86_64-fedora-clang, r-devel-linux-x86_64-fedora-gcc, r-patched-linux-x86_64, r-release-linux-x86_64