CRAN Package Check Results for Package contoureR

Last updated on 2022-01-19 07:46:42 CET.

Flavor Version Tinstall Tcheck Ttotal Status Flags
r-devel-linux-x86_64-debian-clang 1.0.5 OK
r-devel-linux-x86_64-debian-gcc 1.0.5 23.34 33.94 57.28 OK
r-devel-linux-x86_64-fedora-clang 1.0.5 108.63 NOTE
r-devel-linux-x86_64-fedora-gcc 1.0.5 88.08 NOTE
r-devel-windows-x86_64-new-UL 1.0.5 60.00 82.00 142.00 OK
r-devel-windows-x86_64-new-TK 1.0.5 OK
r-patched-linux-x86_64 1.0.5 32.12 39.25 71.37 OK
r-release-linux-x86_64 1.0.5 OK
r-release-macos-arm64 1.0.5 OK
r-release-macos-x86_64 1.0.5 OK
r-release-windows-ix86+x86_64 1.0.5 88.00 83.00 171.00 OK
r-oldrel-macos-x86_64 1.0.5 OK
r-oldrel-windows-ix86+x86_64 1.0.5 88.00 86.00 174.00 OK

Check Details

Version: 1.0.5
Check: compiled code
Result: NOTE
    File ‘contoureR/libs/contoureR.so’:
     Found no calls to: ‘R_registerRoutines’, ‘R_useDynamicSymbols’
    
    It is good practice to register native routines and to disable symbol
    search.
    
    See ‘Writing portable packages’ in the ‘Writing R Extensions’ manual.
Flavors: r-devel-linux-x86_64-fedora-clang, r-devel-linux-x86_64-fedora-gcc