CRAN Package Check Results for Package contrast

Last updated on 2019-05-27 12:50:58 CEST.

Flavor Version Tinstall Tcheck Ttotal Status Flags
r-devel-linux-x86_64-debian-clang 0.21 9.78 91.29 101.07 OK
r-devel-linux-x86_64-debian-gcc 0.21 8.68 70.44 79.12 OK
r-devel-linux-x86_64-fedora-clang 0.21 119.36 NOTE
r-devel-linux-x86_64-fedora-gcc 0.21 114.29 NOTE
r-devel-windows-ix86+x86_64 0.21 21.00 118.00 139.00 OK
r-patched-linux-x86_64 0.21 OK
r-patched-solaris-x86 0.21 183.40 NOTE
r-release-linux-x86_64 0.21 8.63 88.43 97.06 OK
r-release-windows-ix86+x86_64 0.21 39.00 109.00 148.00 OK
r-release-osx-x86_64 0.21 NOTE
r-oldrel-windows-ix86+x86_64 0.21 23.00 145.00 168.00 OK
r-oldrel-osx-x86_64 0.21 NOTE

Check Details

Version: 0.21
Check: dependencies in R code
Result: NOTE
    Namespaces in Imports field not imported from:
     ‘Hmisc’ ‘MASS’ ‘geepack’
     All declared Imports should be used.
Flavors: r-devel-linux-x86_64-fedora-clang, r-devel-linux-x86_64-fedora-gcc, r-patched-solaris-x86, r-release-osx-x86_64, r-oldrel-osx-x86_64