CRAN Package Check Results for Package convevol

Last updated on 2022-10-01 11:49:23 CEST.

Flavor Version Tinstall Tcheck Ttotal Status Flags
r-devel-linux-x86_64-debian-clang 1.3 9.72 100.98 110.70 NOTE
r-devel-linux-x86_64-debian-gcc 1.3 8.76 77.71 86.47 NOTE
r-devel-linux-x86_64-fedora-clang 1.3 157.26 NOTE
r-devel-linux-x86_64-fedora-gcc 1.3 148.86 NOTE
r-devel-windows-x86_64 1.3 16.00 127.00 143.00 NOTE
r-patched-linux-x86_64 1.3 10.52 99.16 109.68 NOTE
r-release-linux-x86_64 1.3 10.59 99.01 109.60 NOTE
r-release-macos-arm64 1.3 38.00 NOTE
r-release-macos-x86_64 1.3 71.00 NOTE
r-release-windows-x86_64 1.3 18.00 123.00 141.00 NOTE
r-oldrel-macos-arm64 1.3 45.00 NOTE
r-oldrel-macos-x86_64 1.3 78.00 NOTE
r-oldrel-windows-ix86+x86_64 1.3 26.00 124.00 150.00 NOTE

Check Details

Version: 1.3
Check: LazyData
Result: NOTE
     'LazyData' is specified without a 'data' directory
Flavors: r-devel-linux-x86_64-debian-clang, r-devel-linux-x86_64-debian-gcc, r-devel-linux-x86_64-fedora-clang, r-devel-linux-x86_64-fedora-gcc, r-devel-windows-x86_64, r-patched-linux-x86_64, r-release-linux-x86_64, r-release-macos-arm64, r-release-macos-x86_64, r-release-windows-x86_64, r-oldrel-macos-arm64, r-oldrel-macos-x86_64, r-oldrel-windows-ix86+x86_64