CRAN Package Check Results for Package convevol

Last updated on 2019-04-20 17:49:07 CEST.

Flavor Version Tinstall Tcheck Ttotal Status Flags
r-devel-linux-x86_64-debian-clang 1.3 7.08 69.27 76.35 OK
r-devel-linux-x86_64-debian-gcc 1.3 7.74 58.03 65.77 OK
r-devel-linux-x86_64-fedora-clang 1.3 91.80 OK
r-devel-linux-x86_64-fedora-gcc 1.3 88.57 OK
r-devel-windows-ix86+x86_64 1.3 26.00 115.00 141.00 OK
r-patched-linux-x86_64 1.3 8.28 68.44 76.72 OK
r-patched-solaris-x86 1.3 139.10 OK
r-release-linux-x86_64 1.3 5.09 66.45 71.54 OK
r-release-windows-ix86+x86_64 1.3 10.00 116.00 126.00 OK
r-release-osx-x86_64 1.3 OK
r-oldrel-windows-ix86+x86_64 1.2 8.00 74.00 82.00 OK
r-oldrel-osx-x86_64 1.3 ERROR

Check Details

Version: 1.3
Check: whether package can be installed
Result: ERROR
    Installation failed.
Flavor: r-oldrel-osx-x86_64