CRAN Package Check Results for Package convey

Last updated on 2018-08-15 08:48:37 CEST.

Flavor Version Tinstall Tcheck Ttotal Status Flags
r-devel-linux-x86_64-debian-clang 0.2.1 10.77 198.06 208.83 OK
r-devel-linux-x86_64-debian-gcc 0.2.1 9.41 151.55 160.96 OK
r-devel-linux-x86_64-fedora-clang 0.2.1 239.69 OK
r-devel-linux-x86_64-fedora-gcc 0.2.1 245.87 OK
r-devel-windows-ix86+x86_64 0.2.1 16.00 210.00 226.00 OK
r-patched-linux-x86_64 0.2.1 10.98 183.19 194.17 OK
r-patched-solaris-x86 0.2.1 341.60 NOTE
r-release-linux-x86_64 0.2.1 10.32 180.90 191.22 OK
r-release-windows-ix86+x86_64 0.2.1 16.00 256.00 272.00 OK
r-release-osx-x86_64 0.2.1 OK
r-oldrel-windows-ix86+x86_64 0.2.1 12.00 219.00 231.00 OK
r-oldrel-osx-x86_64 0.2.1 OK

Check Details

Version: 0.2.1
Check: package dependencies
Result: NOTE
    Package suggested but not available for checking: ‘MonetDBLite’
Flavor: r-patched-solaris-x86