CRAN Package Check Results for Package convey

Last updated on 2018-05-25 16:48:15 CEST.

Flavor Version Tinstall Tcheck Ttotal Status Flags
r-devel-linux-x86_64-debian-clang 0.2.0 10.98 203.50 214.48 WARN
r-devel-linux-x86_64-debian-gcc 0.2.0 11.06 149.04 160.10 WARN
r-devel-linux-x86_64-fedora-clang 0.2.0 238.58 OK
r-devel-linux-x86_64-fedora-gcc 0.2.0 233.89 OK
r-devel-windows-ix86+x86_64 0.2.0 13.00 249.00 262.00 OK
r-patched-linux-x86_64 0.2.0 9.82 190.71 200.53 OK
r-patched-solaris-x86 0.2.0 332.30 NOTE
r-release-linux-x86_64 0.2.0 10.91 178.75 189.66 OK
r-release-windows-ix86+x86_64 0.2.0 22.00 251.00 273.00 OK
r-release-osx-x86_64 0.2.0 OK
r-oldrel-windows-ix86+x86_64 0.2.0 11.00 296.00 307.00 OK
r-oldrel-osx-x86_64 0.2.0 NOTE

Check Details

Version: 0.2.0
Check: for unstated dependencies in ‘tests’
Result: WARN
    'library' or 'require' call not declared from: ‘plyr’
Flavors: r-devel-linux-x86_64-debian-clang, r-devel-linux-x86_64-debian-gcc

Version: 0.2.0
Check: package dependencies
Result: NOTE
    Package suggested but not available for checking: ‘MonetDBLite’
Flavor: r-patched-solaris-x86

Version: 0.2.0
Check: package dependencies
Result: NOTE
    Package suggested but not available for checking: ‘RODBC’
Flavor: r-oldrel-osx-x86_64