CRAN Package Check Results for Package convey

Last updated on 2018-10-16 23:49:50 CEST.

Flavor Version Tinstall Tcheck Ttotal Status Flags
r-devel-linux-x86_64-debian-clang 0.2.1 9.92 197.31 207.23 OK
r-devel-linux-x86_64-debian-gcc 0.2.1 9.63 155.25 164.88 OK
r-devel-linux-x86_64-fedora-clang 0.2.1 254.88 OK
r-devel-linux-x86_64-fedora-gcc 0.2.1 235.38 OK
r-devel-windows-ix86+x86_64 0.2.1 19.00 267.00 286.00 OK
r-patched-linux-x86_64 0.2.1 9.34 181.25 190.59 OK
r-patched-solaris-x86 0.2.1 334.00 NOTE
r-release-linux-x86_64 0.2.1 10.45 181.84 192.29 OK
r-release-windows-ix86+x86_64 0.2.1 18.00 261.00 279.00 OK
r-release-osx-x86_64 0.2.1 OK
r-oldrel-windows-ix86+x86_64 0.2.1 12.00 269.00 281.00 OK
r-oldrel-osx-x86_64 0.2.1 OK

Check Details

Version: 0.2.1
Check: package dependencies
Result: NOTE
    Package suggested but not available for checking: ‘MonetDBLite’
Flavor: r-patched-solaris-x86