CRAN Package Check Results for Package convey

Last updated on 2019-01-23 08:48:59 CET.

Flavor Version Tinstall Tcheck Ttotal Status Flags
r-devel-linux-x86_64-debian-clang 0.2.1 12.68 200.99 213.67 OK
r-devel-linux-x86_64-debian-gcc 0.2.1 9.84 145.25 155.09 OK
r-devel-linux-x86_64-fedora-clang 0.2.1 234.18 OK
r-devel-linux-x86_64-fedora-gcc 0.2.1 224.36 OK
r-devel-windows-ix86+x86_64 0.2.1 22.00 253.00 275.00 OK
r-patched-linux-x86_64 0.2.1 10.00 178.59 188.59 OK
r-patched-solaris-x86 0.2.1 344.50 NOTE
r-release-linux-x86_64 0.2.1 9.73 175.69 185.42 OK
r-release-windows-ix86+x86_64 0.2.1 16.00 254.00 270.00 OK
r-release-osx-x86_64 0.2.1 OK
r-oldrel-windows-ix86+x86_64 0.2.1 9.00 255.00 264.00 OK
r-oldrel-osx-x86_64 0.2.1 OK

Check Details

Version: 0.2.1
Check: package dependencies
Result: NOTE
    Package suggested but not available for checking: ‘MonetDBLite’
Flavor: r-patched-solaris-x86