CRAN Package Check Results for Package convey

Last updated on 2018-02-20 19:48:10 CET.

Flavor Version Tinstall Tcheck Ttotal Status Flags
r-devel-linux-x86_64-debian-clang 0.2.0 11.38 185.70 197.08 OK
r-devel-linux-x86_64-debian-gcc 0.2.0 10.45 139.83 150.28 OK
r-devel-linux-x86_64-fedora-clang 0.2.0 227.46 OK
r-devel-linux-x86_64-fedora-gcc 0.2.0 214.47 OK
r-devel-windows-ix86+x86_64 0.2.0 16.00 182.00 198.00 OK
r-patched-linux-x86_64 0.2.0 4.23 194.97 199.20 OK
r-patched-solaris-x86 0.2.0 292.90 NOTE
r-release-linux-x86_64 0.2.0 3.21 192.56 195.77 OK
r-release-windows-ix86+x86_64 0.2.0 11.00 245.00 256.00 OK
r-release-osx-x86_64 0.2.0 NOTE
r-oldrel-windows-ix86+x86_64 0.2.0 11.00 245.00 256.00 OK
r-oldrel-osx-x86_64 0.2.0 NOTE

Check Details

Version: 0.2.0
Check: package dependencies
Result: NOTE
    Package suggested but not available for checking: ‘MonetDBLite’
Flavor: r-patched-solaris-x86

Version: 0.2.0
Check: package dependencies
Result: NOTE
    Package suggested but not available for checking: ‘RODBC’
Flavors: r-release-osx-x86_64, r-oldrel-osx-x86_64