CRAN Package Check Results for Package cooccurNet

Last updated on 2018-02-22 15:49:05 CET.

Flavor Version Tinstall Tcheck Ttotal Status Flags
r-devel-linux-x86_64-debian-clang 0.1.6 3.50 63.45 66.95 OK
r-devel-linux-x86_64-debian-gcc 0.1.6 2.85 57.47 60.32 OK
r-devel-linux-x86_64-fedora-clang 0.1.6 84.31 NOTE
r-devel-linux-x86_64-fedora-gcc 0.1.6 83.91 NOTE
r-devel-windows-ix86+x86_64 0.1.6 8.00 81.00 89.00 OK
r-patched-linux-x86_64 0.1.6 1.43 75.42 76.85 OK
r-patched-solaris-x86 0.1.6 60.60 ERROR
r-release-linux-x86_64 0.1.6 1.09 74.10 75.19 OK
r-release-windows-ix86+x86_64 0.1.6 6.00 108.00 114.00 OK
r-release-osx-x86_64 0.1.6 NOTE
r-oldrel-windows-ix86+x86_64 0.1.6 4.00 77.00 81.00 OK
r-oldrel-osx-x86_64 0.1.6 NOTE

Check Details

Version: 0.1.6
Check: dependencies in R code
Result: NOTE
    Namespace in Imports field not imported from: ‘knitr’
     All declared Imports should be used.
Flavors: r-devel-linux-x86_64-fedora-clang, r-devel-linux-x86_64-fedora-gcc, r-patched-solaris-x86, r-release-osx-x86_64, r-oldrel-osx-x86_64

Version: 0.1.6
Check: examples
Result: ERROR
    Running examples in ‘cooccurNet-Ex.R’ failed
    The error most likely occurred in:
    
    > ### Name: coocnet
    > ### Title: coocnet
    > ### Aliases: coocnet
    >
    > ### ** Examples
    >
    > cooccurNetwork = coocnet(dataFile=getexample(dataType="protein"), dataType="protein")
    reading file......
    completed. (10,329)
    preprocess file......Error in if (pred >= memsize * alpha || ncol > 150 || (nrow > 30000 & :
     missing value where TRUE/FALSE needed
    Calls: coocnet ... cooccur.dataprepreprocess.preprocess -> inmemoryflag
    Execution halted
Flavor: r-patched-solaris-x86

Version: 0.1.6
Check: re-building of vignette outputs
Result: WARN
    Error in re-building vignettes:
     ...
    Warning in engine$weave(file, quiet = quiet, encoding = enc) :
     Pandoc (>= 1.12.3) and/or pandoc-citeproc not available. Falling back to R Markdown v1.
    Quitting from lines 176-178 (Extending-cooccurNet.Rmd)
    Error: processing vignette 'Extending-cooccurNet.Rmd' failed with diagnostics:
    missing value where TRUE/FALSE needed
    Execution halted
Flavor: r-patched-solaris-x86