CRAN Package Check Results for Package cooccurNet

Last updated on 2018-05-22 07:50:05 CEST.

Flavor Version Tinstall Tcheck Ttotal Status Flags
r-devel-linux-x86_64-debian-clang 0.1.6 2.82 66.09 68.91 OK
r-devel-linux-x86_64-debian-gcc 0.1.6 2.07 55.85 57.92 OK
r-devel-linux-x86_64-fedora-clang 0.1.6 91.36 NOTE
r-devel-linux-x86_64-fedora-gcc 0.1.6 86.87 NOTE
r-devel-windows-ix86+x86_64 0.1.6 7.00 80.00 87.00 OK
r-patched-linux-x86_64 0.1.6 3.61 70.56 74.17 OK
r-patched-solaris-x86 0.1.6 68.40 ERROR
r-release-linux-x86_64 0.1.6 2.67 70.93 73.60 OK
r-release-windows-ix86+x86_64 0.1.6 7.00 108.00 115.00 OK
r-release-osx-x86_64 0.1.6 NOTE
r-oldrel-windows-ix86+x86_64 0.1.6 7.00 111.00 118.00 OK
r-oldrel-osx-x86_64 0.1.6 NOTE

Check Details

Version: 0.1.6
Check: dependencies in R code
Result: NOTE
    Namespace in Imports field not imported from: ‘knitr’
     All declared Imports should be used.
Flavors: r-devel-linux-x86_64-fedora-clang, r-devel-linux-x86_64-fedora-gcc, r-patched-solaris-x86, r-release-osx-x86_64, r-oldrel-osx-x86_64

Version: 0.1.6
Check: examples
Result: ERROR
    Running examples in ‘cooccurNet-Ex.R’ failed
    The error most likely occurred in:
    
    > ### Name: coocnet
    > ### Title: coocnet
    > ### Aliases: coocnet
    >
    > ### ** Examples
    >
    > cooccurNetwork = coocnet(dataFile=getexample(dataType="protein"), dataType="protein")
    reading file......
    completed. (10,329)
    preprocess file......Error in if (pred >= memsize * alpha || ncol > 150 || (nrow > 30000 & :
     missing value where TRUE/FALSE needed
    Calls: coocnet ... cooccur.dataprepreprocess.preprocess -> inmemoryflag
    Execution halted
Flavor: r-patched-solaris-x86

Version: 0.1.6
Check: re-building of vignette outputs
Result: WARN
    Error in re-building vignettes:
     ...
    Warning in engine$weave(file, quiet = quiet, encoding = enc) :
     The vignette engine knitr::rmarkdown is not available, because the rmarkdown package is not installed. Please install it.
    Quitting from lines 176-178 (Extending-cooccurNet.Rmd)
    Error: processing vignette 'Extending-cooccurNet.Rmd' failed with diagnostics:
    missing value where TRUE/FALSE needed
    Execution halted
Flavor: r-patched-solaris-x86