CRAN Package Check Results for Package cooptrees

Last updated on 2018-02-18 08:47:47 CET.

Flavor Version Tinstall Tcheck Ttotal Status Flags
r-devel-linux-x86_64-debian-clang 1.0 2.41 24.78 27.19 NOTE
r-devel-linux-x86_64-debian-gcc 1.0 1.73 19.62 21.35 NOTE
r-devel-linux-x86_64-fedora-clang 1.0 31.56 NOTE
r-devel-linux-x86_64-fedora-gcc 1.0 29.92 NOTE
r-devel-windows-ix86+x86_64 1.0 4.00 34.00 38.00 NOTE
r-patched-linux-x86_64 1.0 1.17 25.72 26.89 NOTE
r-patched-solaris-x86 1.0 43.60 NOTE
r-release-linux-x86_64 1.0 1.11 25.66 26.77 NOTE
r-release-windows-ix86+x86_64 1.0 3.00 53.00 56.00 NOTE
r-release-osx-x86_64 1.0 NOTE
r-oldrel-windows-ix86+x86_64 1.0 3.00 47.00 50.00 NOTE
r-oldrel-osx-x86_64 1.0 NOTE

Check Details

Version: 1.0
Check: R code for possible problems
Result: NOTE
    maCooperative: no visible global function definition for ‘points’
    maCooperative: no visible global function definition for ‘legend’
    maPessimistic: no visible global function definition for ‘combn’
    maRules: no visible global function definition for ‘capture.output’
    mstCooperative: no visible global function definition for ‘points’
    mstCooperative: no visible global function definition for ‘legend’
    mstOptimistic: no visible global function definition for ‘combn’
    mstPessimistic: no visible global function definition for ‘combn’
    mstRules: no visible global function definition for ‘capture.output’
    plotCoreSet: no visible global function definition for ‘points’
    plotCoreSet: no visible global function definition for ‘polygon’
    plotImputationSet: no visible global function definition for ‘par’
    plotImputationSet: no visible global function definition for ‘plot’
    plotImputationSet: no visible global function definition for ‘box’
    plotImputationSet: no visible global function definition for ‘polygon’
    plotImputationSet: no visible global function definition for ‘text’
    shapleyValue: no visible global function definition for ‘combn’
    Undefined global functions or variables:
     box capture.output combn legend par plot points polygon text
    Consider adding
     importFrom("graphics", "box", "legend", "par", "plot", "points",
     "polygon", "text")
     importFrom("utils", "capture.output", "combn")
    to your NAMESPACE file.
Flavors: r-devel-linux-x86_64-debian-clang, r-devel-linux-x86_64-debian-gcc, r-devel-linux-x86_64-fedora-clang, r-devel-linux-x86_64-fedora-gcc, r-devel-windows-ix86+x86_64, r-patched-linux-x86_64, r-patched-solaris-x86, r-release-linux-x86_64, r-release-windows-ix86+x86_64, r-release-osx-x86_64, r-oldrel-windows-ix86+x86_64, r-oldrel-osx-x86_64