CRAN Package Check Results for Package cooptrees

Last updated on 2018-05-23 00:46:29 CEST.

Flavor Version Tinstall Tcheck Ttotal Status Flags
r-devel-linux-x86_64-debian-clang 1.0 2.25 25.86 28.11 NOTE
r-devel-linux-x86_64-debian-gcc 1.0 1.51 20.23 21.74 NOTE
r-devel-linux-x86_64-fedora-clang 1.0 33.11 NOTE
r-devel-linux-x86_64-fedora-gcc 1.0 31.38 NOTE
r-devel-windows-ix86+x86_64 1.0 5.00 52.00 57.00 NOTE
r-patched-linux-x86_64 1.0 2.42 24.44 26.86 NOTE
r-patched-solaris-x86 1.0 49.80 NOTE
r-release-linux-x86_64 1.0 2.05 24.35 26.40 NOTE
r-release-windows-ix86+x86_64 1.0 7.00 38.00 45.00 NOTE
r-release-osx-x86_64 1.0 NOTE
r-oldrel-windows-ix86+x86_64 1.0 6.00 35.00 41.00 NOTE
r-oldrel-osx-x86_64 1.0 NOTE

Check Details

Version: 1.0
Check: R code for possible problems
Result: NOTE
    maCooperative: no visible global function definition for ‘points’
    maCooperative: no visible global function definition for ‘legend’
    maPessimistic: no visible global function definition for ‘combn’
    maRules: no visible global function definition for ‘capture.output’
    mstCooperative: no visible global function definition for ‘points’
    mstCooperative: no visible global function definition for ‘legend’
    mstOptimistic: no visible global function definition for ‘combn’
    mstPessimistic: no visible global function definition for ‘combn’
    mstRules: no visible global function definition for ‘capture.output’
    plotCoreSet: no visible global function definition for ‘points’
    plotCoreSet: no visible global function definition for ‘polygon’
    plotImputationSet: no visible global function definition for ‘par’
    plotImputationSet: no visible global function definition for ‘plot’
    plotImputationSet: no visible global function definition for ‘box’
    plotImputationSet: no visible global function definition for ‘polygon’
    plotImputationSet: no visible global function definition for ‘text’
    shapleyValue: no visible global function definition for ‘combn’
    Undefined global functions or variables:
     box capture.output combn legend par plot points polygon text
    Consider adding
     importFrom("graphics", "box", "legend", "par", "plot", "points",
     "polygon", "text")
     importFrom("utils", "capture.output", "combn")
    to your NAMESPACE file.
Flavors: r-devel-linux-x86_64-debian-clang, r-devel-linux-x86_64-debian-gcc, r-devel-linux-x86_64-fedora-clang, r-devel-linux-x86_64-fedora-gcc, r-devel-windows-ix86+x86_64, r-patched-linux-x86_64, r-patched-solaris-x86, r-release-linux-x86_64, r-release-windows-ix86+x86_64, r-release-osx-x86_64, r-oldrel-windows-ix86+x86_64, r-oldrel-osx-x86_64