CRAN Package Check Results for Package cope

Last updated on 2024-04-20 21:55:58 CEST.

Flavor Version Tinstall Tcheck Ttotal Status Flags
r-devel-linux-x86_64-debian-clang 0.2.3 6.85 74.36 81.21 NOTE
r-devel-linux-x86_64-debian-gcc 0.2.3 5.18 55.93 61.11 NOTE
r-devel-linux-x86_64-fedora-clang 0.2.3 99.17 NOTE
r-devel-linux-x86_64-fedora-gcc 0.2.3 104.10 NOTE
r-prerel-macos-arm64 0.2.3 28.00 NOTE
r-prerel-windows-x86_64 0.2.3 7.00 68.00 75.00 NOTE
r-patched-linux-x86_64 0.2.3 5.87 70.55 76.42 NOTE
r-release-linux-x86_64 0.2.3 6.61 69.46 76.07 OK
r-release-macos-arm64 0.2.3 36.00 OK
r-release-macos-x86_64 0.2.3 61.00 OK
r-release-windows-x86_64 0.2.3 7.00 81.00 88.00 OK
r-oldrel-macos-arm64 0.2.3 36.00 OK
r-oldrel-windows-x86_64 0.2.3 8.00 125.00 133.00 OK

Check Details

Version: 0.2.3
Check: Rd files
Result: NOTE checkRd: (-1) ComputeCope.Rd:50: Lost braces in \itemize; \value handles \item{}{} directly checkRd: (-1) ComputeCope.Rd:52: Lost braces in \itemize; \value handles \item{}{} directly checkRd: (-1) ComputeCope.Rd:53: Lost braces in \itemize; \value handles \item{}{} directly checkRd: (-1) ComputeCope.Rd:54-56: Lost braces in \itemize; \value handles \item{}{} directly checkRd: (-1) ComputeCope.Rd:57-61: Lost braces in \itemize; \value handles \item{}{} directly checkRd: (-1) DrawContour.Rd:5: Lost braces; missing escapes or markup? 5 | \title{Draws the contour {f=c}.} | ^ checkRd: (-1) DrawContour.Rd:20: Lost braces; missing escapes or markup? 20 | Draws the contour {f=c}. | ^ checkRd: (-1) cope.Rd:24: Lost braces in \itemize; meant \describe ? checkRd: (-1) cope.Rd:25: Lost braces in \itemize; meant \describe ? checkRd: (-1) cope.Rd:33: Lost braces in \itemize; meant \describe ? checkRd: (-1) cope.Rd:35: Lost braces in \itemize; meant \describe ? Flavors: r-devel-linux-x86_64-debian-clang, r-devel-linux-x86_64-debian-gcc, r-devel-linux-x86_64-fedora-clang, r-devel-linux-x86_64-fedora-gcc, r-prerel-macos-arm64, r-prerel-windows-x86_64, r-patched-linux-x86_64