CRAN Package Check Results for Package copula

Last updated on 2022-10-04 14:56:39 CEST.

Flavor Version Tinstall Tcheck Ttotal Status Flags
r-devel-linux-x86_64-debian-clang 1.1-0 66.17 897.14 963.31 OK
r-devel-linux-x86_64-debian-gcc 1.1-0 45.94 636.64 682.58 OK
r-devel-linux-x86_64-fedora-clang 1.1-0 1172.22 WARN
r-devel-linux-x86_64-fedora-gcc 1.1-0 1103.13 OK
r-devel-windows-x86_64 1.1-0 167.00 482.00 649.00 NOTE --no-vignettes
r-patched-linux-x86_64 1.1-0 51.26 843.44 894.70 OK
r-release-linux-x86_64 1.1-0 55.13 844.92 900.05 OK
r-release-macos-arm64 1.1-0 322.00 NOTE
r-release-macos-x86_64 1.1-0 403.00 NOTE
r-release-windows-x86_64 1.1-0 214.00 492.00 706.00 NOTE --no-vignettes
r-oldrel-macos-arm64 1.1-0 302.00 NOTE
r-oldrel-macos-x86_64 1.1-0 414.00 NOTE
r-oldrel-windows-ix86+x86_64 1.1-0 107.00 767.00 874.00 NOTE --no-vignettes

Additional issues

clang15 clang15

Check Details

Version: 1.1-0
Check: whether package can be installed
Result: WARN
    Found the following significant warnings:
     ecIndepTest.c:26:13: warning: invalid UTF-8 in comment [-Winvalid-utf8]
     ecIndepTest.c:59:28: warning: invalid UTF-8 in comment [-Winvalid-utf8]
     ecIndepTest.c:60:29: warning: invalid UTF-8 in comment [-Winvalid-utf8]
     ecIndepTest.c:134:16: warning: invalid UTF-8 in comment [-Winvalid-utf8]
     ecIndepTest.c:134:32: warning: invalid UTF-8 in comment [-Winvalid-utf8]
     ecIndepTest.c:172:18: warning: invalid UTF-8 in comment [-Winvalid-utf8]
     ecIndepTest.c:173:19: warning: invalid UTF-8 in comment [-Winvalid-utf8]
     ecIndepTest.c:193:25: warning: invalid UTF-8 in comment [-Winvalid-utf8]
     ecIndepTest.c:194:26: warning: invalid UTF-8 in comment [-Winvalid-utf8]
     ecIndepTest.c:196:28: warning: invalid UTF-8 in comment [-Winvalid-utf8]
     ecIndepTest.c:197:29: warning: invalid UTF-8 in comment [-Winvalid-utf8]
     multIndepTest.c:157:18: warning: invalid UTF-8 in comment [-Winvalid-utf8]
     multIndepTest.c:158:19: warning: invalid UTF-8 in comment [-Winvalid-utf8]
     multIndepTest.c:179:25: warning: invalid UTF-8 in comment [-Winvalid-utf8]
     multIndepTest.c:180:26: warning: invalid UTF-8 in comment [-Winvalid-utf8]
     multIndepTest.c:210:16: warning: invalid UTF-8 in comment [-Winvalid-utf8]
     multIndepTest.c:210:32: warning: invalid UTF-8 in comment [-Winvalid-utf8]
     multSerialIndepTest.c:165:25: warning: invalid UTF-8 in comment [-Winvalid-utf8]
     multSerialIndepTest.c:166:26: warning: invalid UTF-8 in comment [-Winvalid-utf8]
     multSerialIndepTest.c:194:16: warning: invalid UTF-8 in comment [-Winvalid-utf8]
     multSerialIndepTest.c:194:32: warning: invalid UTF-8 in comment [-Winvalid-utf8]
     serialIndepTest.c:25:12: warning: invalid UTF-8 in comment [-Winvalid-utf8]
     serialIndepTest.c:59:28: warning: invalid UTF-8 in comment [-Winvalid-utf8]
     serialIndepTest.c:60:29: warning: invalid UTF-8 in comment [-Winvalid-utf8]
     serialIndepTest.c:136:16: warning: invalid UTF-8 in comment [-Winvalid-utf8]
     serialIndepTest.c:136:32: warning: invalid UTF-8 in comment [-Winvalid-utf8]
     serialIndepTest.c:175:25: warning: invalid UTF-8 in comment [-Winvalid-utf8]
     serialIndepTest.c:176:26: warning: invalid UTF-8 in comment [-Winvalid-utf8]
     serialIndepTest.c:178:27: warning: invalid UTF-8 in comment [-Winvalid-utf8]
     serialIndepTest.c:179:28: warning: invalid UTF-8 in comment [-Winvalid-utf8]
Flavor: r-devel-linux-x86_64-fedora-clang

Version: 1.1-0
Check: installed package size
Result: NOTE
     installed size is 9.5Mb
     sub-directories of 1Mb or more:
     R 2.1Mb
     doc 5.2Mb
Flavors: r-devel-linux-x86_64-fedora-clang, r-release-macos-arm64, r-release-macos-x86_64, r-oldrel-macos-arm64, r-oldrel-macos-x86_64

Version: 1.1-0
Flags: --no-vignettes
Check: installed package size
Result: NOTE
     installed size is 9.3Mb
     sub-directories of 1Mb or more:
     R 2.1Mb
     doc 5.2Mb
Flavors: r-devel-windows-x86_64, r-release-windows-x86_64, r-oldrel-windows-ix86+x86_64