CRAN Package Check Results for Package copula

Last updated on 2018-11-15 06:47:17 CET.

Flavor Version Tinstall Tcheck Ttotal Status Flags
r-devel-linux-x86_64-debian-clang 0.999-18 41.77 980.11 1021.88 OK
r-devel-linux-x86_64-debian-gcc 0.999-18 31.61 730.20 761.81 OK
r-devel-linux-x86_64-fedora-clang 0.999-18 1200.64 NOTE
r-devel-linux-x86_64-fedora-gcc 0.999-18 1170.24 OK
r-devel-windows-ix86+x86_64 0.999-18 73.00 842.00 915.00 NOTE --no-vignettes
r-patched-linux-x86_64 0.999-18 37.10 965.08 1002.18 OK
r-patched-solaris-x86 0.999-18 1461.90 NOTE
r-release-linux-x86_64 0.999-18 37.04 948.37 985.41 OK
r-release-windows-ix86+x86_64 0.999-18 99.00 853.00 952.00 NOTE --no-vignettes
r-release-osx-x86_64 0.999-18 NOTE
r-oldrel-windows-ix86+x86_64 0.999-18 104.00 579.00 683.00 NOTE --no-vignettes
r-oldrel-osx-x86_64 0.999-18 NOTE

Check Details

Version: 0.999-18
Check: installed package size
Result: NOTE
     installed size is 10.8Mb
     sub-directories of 1Mb or more:
     R 2.1Mb
     doc 6.5Mb
Flavors: r-devel-linux-x86_64-fedora-clang, r-patched-solaris-x86, r-release-osx-x86_64, r-oldrel-osx-x86_64

Version: 0.999-18
Flags: --no-vignettes
Check: installed package size
Result: NOTE
     installed size is 10.6Mb
     sub-directories of 1Mb or more:
     R 2.1Mb
     doc 6.5Mb
Flavors: r-devel-windows-ix86+x86_64, r-release-windows-ix86+x86_64, r-oldrel-windows-ix86+x86_64

Version: 0.999-18
Check: re-building of vignette outputs
Result: NOTE
    Error in re-building vignettes:
     ...
    
    The following objects are masked from 'package:stats':
    
     dbinom, dnorm, dpois, pnorm
    
    The following objects are masked from 'package:base':
    
     cbind, pmax, pmin, rbind
    
    Error in texi2dvi(file = file, pdf = TRUE, clean = clean, quiet = quiet, :
     Running 'texi2dvi' on 'Frank-Rmpfr.tex' failed.
    LaTeX errors:
    ! LaTeX Error: File `enumitem.sty' not found.
    
    Type X to quit or <RETURN> to proceed,
    or enter new name. (Default extension: sty)
    
    ! Emergency stop.
    <read *>
    
    l.79 ^^M
    
    ! ==> Fatal error occurred, no output PDF file produced!
    Calls: buildVignettes -> texi2pdf -> texi2dvi
    Execution halted
Flavor: r-oldrel-osx-x86_64