CRAN Package Check Results for Package copula

Last updated on 2018-02-19 13:47:36 CET.

Flavor Version Tinstall Tcheck Ttotal Status Flags
r-devel-linux-x86_64-debian-clang 0.999-18 36.59 862.47 899.06 OK
r-devel-linux-x86_64-debian-gcc 0.999-18 34.79 699.28 734.07 OK
r-devel-linux-x86_64-fedora-clang 0.999-18 1180.10 NOTE
r-devel-linux-x86_64-fedora-gcc 0.999-18 1126.82 NOTE
r-devel-windows-ix86+x86_64 0.999-18 68.00 629.00 697.00 NOTE --no-vignettes
r-patched-linux-x86_64 0.999-18 39.29 995.89 1035.18 OK
r-patched-solaris-x86 0.999-18 1350.50 NOTE
r-release-linux-x86_64 0.999-18 40.23 1005.99 1046.22 OK
r-release-windows-ix86+x86_64 0.999-18 105.00 868.00 973.00 NOTE --no-vignettes
r-release-osx-x86_64 0.999-18 NOTE
r-oldrel-windows-ix86+x86_64 0.999-18 92.00 726.00 818.00 NOTE --no-vignettes
r-oldrel-osx-x86_64 0.999-18 NOTE

Check Details

Version: 0.999-18
Check: installed package size
Result: NOTE
     installed size is 10.8Mb
     sub-directories of 1Mb or more:
     R 2.1Mb
     doc 6.5Mb
Flavors: r-devel-linux-x86_64-fedora-clang, r-devel-linux-x86_64-fedora-gcc, r-patched-solaris-x86, r-release-osx-x86_64, r-oldrel-osx-x86_64

Version: 0.999-18
Flags: --no-vignettes
Check: installed package size
Result: NOTE
     installed size is 10.6Mb
     sub-directories of 1Mb or more:
     R 2.1Mb
     doc 6.5Mb
Flavors: r-devel-windows-ix86+x86_64, r-release-windows-ix86+x86_64, r-oldrel-windows-ix86+x86_64

Version: 0.999-18
Check: re-building of vignette outputs
Result: NOTE
    Error in re-building vignettes:
     ...
    
    The following objects are masked from 'package:stats':
    
     dbinom, dnorm, dpois, pnorm
    
    The following objects are masked from 'package:base':
    
     cbind, pmax, pmin, rbind
    
    Error in texi2dvi(file = file, pdf = TRUE, clean = clean, quiet = quiet, :
     Running 'texi2dvi' on 'Frank-Rmpfr.tex' failed.
    LaTeX errors:
    ! LaTeX Error: File `enumitem.sty' not found.
    
    Type X to quit or <RETURN> to proceed,
    or enter new name. (Default extension: sty)
    
    ! Emergency stop.
    <read *>
    
    l.79 ^^M
    
    ! ==> Fatal error occurred, no output PDF file produced!
    Calls: buildVignettes -> texi2pdf -> texi2dvi
    Execution halted
Flavor: r-release-osx-x86_64