CRAN Package Check Results for Package copulareg

Last updated on 2021-04-11 23:46:55 CEST.

Flavor Version Tinstall Tcheck Ttotal Status Flags
r-devel-linux-x86_64-debian-clang 0.1.0 2.00 25.27 27.27 NOTE
r-devel-linux-x86_64-debian-gcc 0.1.0 1.89 19.62 21.51 NOTE
r-devel-linux-x86_64-fedora-clang 0.1.0 43.40 NOTE
r-devel-linux-x86_64-fedora-gcc 0.1.0 30.93 NOTE
r-devel-windows-ix86+x86_64 0.1.0 5.00 39.00 44.00 NOTE
r-devel-windows-x86_64-gcc10-UCRT 0.1.0 NOTE
r-patched-linux-x86_64 0.1.0 2.43 24.48 26.91 OK
r-patched-solaris-x86 0.1.0 49.10 OK
r-release-linux-x86_64 0.1.0 1.96 24.28 26.24 OK
r-release-macos-x86_64 0.1.0 OK
r-release-windows-ix86+x86_64 0.1.0 5.00 39.00 44.00 OK
r-oldrel-macos-x86_64 0.1.0 OK
r-oldrel-windows-ix86+x86_64 0.1.0 4.00 29.00 33.00 OK

Check Details

Version: 0.1.0
Check: LazyData
Result: NOTE
     'LazyData' is specified without a 'data' directory
Flavors: r-devel-linux-x86_64-debian-clang, r-devel-linux-x86_64-debian-gcc, r-devel-linux-x86_64-fedora-clang, r-devel-linux-x86_64-fedora-gcc, r-devel-windows-ix86+x86_64, r-devel-windows-x86_64-gcc10-UCRT