CRAN Package Check Results for Package corTest

Last updated on 2019-09-21 07:49:08 CEST.

Flavor Version Tinstall Tcheck Ttotal Status Flags
r-devel-linux-x86_64-debian-clang 0.9.8 2.35 18.96 21.31 OK
r-devel-linux-x86_64-debian-gcc 0.9.8 1.68 15.29 16.97 OK
r-devel-linux-x86_64-fedora-clang 0.9.8 26.84 NOTE
r-devel-linux-x86_64-fedora-gcc 0.9.8 25.97 NOTE
r-devel-windows-ix86+x86_64 0.9.8 9.00 32.00 41.00 OK
r-patched-linux-x86_64 0.9.8 1.57 18.69 20.26 OK
r-patched-solaris-x86 0.9.8 39.40 NOTE
r-release-linux-x86_64 0.9.8 1.74 18.76 20.50 OK
r-release-windows-ix86+x86_64 0.9.8 4.00 30.00 34.00 OK
r-release-osx-x86_64 0.9.8 NOTE
r-oldrel-windows-ix86+x86_64 0.9.8 3.00 42.00 45.00 OK
r-oldrel-osx-x86_64 0.9.8 NOTE

Check Details

Version: 0.9.8
Check: dependencies in R code
Result: NOTE
    Namespace in Imports field not imported from: ‘graphics’
     All declared Imports should be used.
Flavors: r-devel-linux-x86_64-fedora-clang, r-devel-linux-x86_64-fedora-gcc, r-patched-solaris-x86, r-release-osx-x86_64, r-oldrel-osx-x86_64