Last updated on 2025-04-30 18:51:26 CEST.
Flavor | Version | Tinstall | Tcheck | Ttotal | Status | Flags |
---|---|---|---|---|---|---|
r-devel-linux-x86_64-debian-clang | 1.0.7 | 11.04 | 93.68 | 104.72 | NOTE | |
r-devel-linux-x86_64-debian-gcc | 1.0.7 | 7.73 | 65.90 | 73.63 | NOTE | |
r-devel-linux-x86_64-fedora-clang | 1.0.7 | 170.71 | NOTE | |||
r-devel-linux-x86_64-fedora-gcc | 1.0.7 | 148.03 | NOTE | |||
r-devel-windows-x86_64 | 1.0.7 | 12.00 | 102.00 | 114.00 | OK | |
r-patched-linux-x86_64 | 1.0.7 | 9.73 | 89.48 | 99.21 | OK | |
r-release-linux-x86_64 | 1.0.7 | 10.90 | 88.73 | 99.63 | OK | |
r-release-macos-arm64 | 1.0.7 | 52.00 | OK | |||
r-release-macos-x86_64 | 1.0.7 | 87.00 | OK | |||
r-release-windows-x86_64 | 1.0.7 | 13.00 | 102.00 | 115.00 | OK | |
r-oldrel-macos-arm64 | 1.0.7 | 45.00 | OK | |||
r-oldrel-macos-x86_64 | 1.0.7 | 72.00 | OK | |||
r-oldrel-windows-x86_64 | 1.0.7 | 14.00 | 125.00 | 139.00 | OK |
Version: 1.0.7
Check: CRAN incoming feasibility
Result: NOTE
Maintainer: ‘Danyang Yu <dyu33@jhu.edu>’
No Authors@R field in DESCRIPTION.
Please add one, modifying
Authors@R: c(person(given = "Danyang",
family = "Yu",
role = c("aut", "cre"),
email = "dyu33@jhu.edu"),
person(given = "Weiliang",
family = "Qiu",
role = "aut"),
person(given = "Zeyu",
family = "Zhang",
role = "aut"),
person(given = "Kimberly",
family = "Glass",
role = "aut"),
person(given = "Jessica",
family = "Su",
role = "aut"),
person(given = c("Dawn", "L."),
family = "DeMeo",
role = "aut"),
person(given = "Kelan",
family = "Tantisira",
role = "aut"),
person(given = c("Scott", "T."),
family = "Weiss",
role = "aut"))
as necessary.
Flavors: r-devel-linux-x86_64-debian-clang, r-devel-linux-x86_64-debian-gcc
Version: 1.0.7
Check: dependencies in R code
Result: NOTE
Namespace in Imports field not imported from: ‘graphics’
All declared Imports should be used.
Flavors: r-devel-linux-x86_64-fedora-clang, r-devel-linux-x86_64-fedora-gcc