CRAN Package Check Results for Package corclass

Last updated on 2019-02-16 19:47:22 CET.

Flavor Version Tinstall Tcheck Ttotal Status Flags
r-devel-linux-x86_64-debian-clang 0.1.1 1.61 28.47 30.08 OK
r-devel-linux-x86_64-debian-gcc 0.1.1 1.11 22.56 23.67 OK
r-devel-linux-x86_64-fedora-clang 0.1.1 36.61 OK
r-devel-linux-x86_64-fedora-gcc 0.1.1 33.52 OK
r-devel-windows-ix86+x86_64 0.1.1 9.00 51.00 60.00 OK
r-patched-linux-x86_64 0.1.1 1.19 25.71 26.90 OK
r-patched-solaris-x86 0.1.1 63.50 OK
r-release-linux-x86_64 0.1.1 OK
r-release-windows-ix86+x86_64 0.1.1 2.00 51.00 53.00 OK
r-release-osx-x86_64 0.1.1 OK
r-oldrel-windows-ix86+x86_64 0.1.1 4.00 55.00 59.00 OK
r-oldrel-osx-x86_64 0.1.1 NOTE

Check Details

Version: 0.1.1
Check: package dependencies
Result: NOTE
    Package suggested but not available for checking: ‘Cairo’
Flavor: r-oldrel-osx-x86_64