CRAN Package Check Results for Package corclass

Last updated on 2018-02-18 02:46:52 CET.

Flavor Version Tinstall Tcheck Ttotal Status Flags
r-devel-linux-x86_64-debian-clang 0.1.1 1.15 26.08 27.23 OK
r-devel-linux-x86_64-debian-gcc 0.1.1 0.81 20.70 21.51 OK
r-devel-linux-x86_64-fedora-clang 0.1.1 32.12 OK
r-devel-linux-x86_64-fedora-gcc 0.1.1 31.24 OK
r-devel-windows-ix86+x86_64 0.1.1 3.00 37.00 40.00 OK
r-patched-linux-x86_64 0.1.1 0.88 26.61 27.49 OK
r-patched-solaris-x86 0.1.1 57.40 OK
r-release-linux-x86_64 0.1.1 0.97 26.89 27.86 OK
r-release-windows-ix86+x86_64 0.1.1 4.00 53.00 57.00 OK
r-release-osx-x86_64 0.1.1 NOTE
r-oldrel-windows-ix86+x86_64 0.1.1 3.00 46.00 49.00 OK
r-oldrel-osx-x86_64 0.1.1 OK

Check Details

Version: 0.1.1
Check: package dependencies
Result: NOTE
    Package suggested but not available for checking: ‘Cairo’
Flavor: r-release-osx-x86_64