CRAN Package Check Results for Package corclass

Last updated on 2018-08-22 08:48:44 CEST.

Flavor Version Tinstall Tcheck Ttotal Status Flags
r-devel-linux-x86_64-debian-clang 0.1.1 1.12 28.43 29.55 OK
r-devel-linux-x86_64-debian-gcc 0.1.1 1.00 22.67 23.67 OK
r-devel-linux-x86_64-fedora-clang 0.1.1 35.36 OK
r-devel-linux-x86_64-fedora-gcc 0.1.1 33.45 OK
r-devel-windows-ix86+x86_64 0.1.1 3.00 40.00 43.00 OK
r-patched-linux-x86_64 0.1.1 1.18 26.07 27.25 OK
r-patched-solaris-x86 0.1.1 65.00 OK
r-release-linux-x86_64 0.1.1 1.21 26.41 27.62 OK
r-release-windows-ix86+x86_64 0.1.1 3.00 38.00 41.00 OK
r-release-osx-x86_64 0.1.1 OK
r-oldrel-windows-ix86+x86_64 0.1.1 3.00 52.00 55.00 OK
r-oldrel-osx-x86_64 0.1.1 NOTE

Check Details

Version: 0.1.1
Check: package dependencies
Result: NOTE
    Package suggested but not available for checking: ‘Cairo’
Flavor: r-oldrel-osx-x86_64