CRAN Package Check Results for Package corclass

Last updated on 2018-11-20 13:46:18 CET.

Flavor Version Tinstall Tcheck Ttotal Status Flags
r-devel-linux-x86_64-debian-clang 0.1.1 1.26 27.84 29.10 OK
r-devel-linux-x86_64-debian-gcc 0.1.1 0.81 22.32 23.13 OK
r-devel-linux-x86_64-fedora-clang 0.1.1 35.18 OK
r-devel-linux-x86_64-fedora-gcc 0.1.1 33.39 OK
r-devel-windows-ix86+x86_64 0.1.1 4.00 37.00 41.00 OK
r-patched-linux-x86_64 0.1.1 0.87 26.18 27.05 OK
r-patched-solaris-x86 0.1.1 64.90 OK
r-release-linux-x86_64 0.1.1 1.18 26.31 27.49 OK
r-release-windows-ix86+x86_64 0.1.1 2.00 51.00 53.00 OK
r-release-osx-x86_64 0.1.1 OK
r-oldrel-windows-ix86+x86_64 0.1.1 4.00 55.00 59.00 OK
r-oldrel-osx-x86_64 0.1.1 NOTE

Check Details

Version: 0.1.1
Check: package dependencies
Result: NOTE
    Package suggested but not available for checking: ‘Cairo’
Flavor: r-oldrel-osx-x86_64