CRAN Package Check Results for Package corehunter

Last updated on 2022-10-02 01:50:29 CEST.

Flavor Version Tinstall Tcheck Ttotal Status Flags
r-devel-linux-x86_64-debian-clang 3.2.1 4.64 236.01 240.65 NOTE
r-devel-linux-x86_64-debian-gcc 3.2.1 4.33 185.31 189.64 NOTE
r-devel-linux-x86_64-fedora-clang 3.2.1 276.05 NOTE
r-devel-linux-x86_64-fedora-gcc 3.2.1 281.46 NOTE
r-devel-windows-x86_64 3.2.1 33.00 168.00 201.00 NOTE
r-patched-linux-x86_64 3.2.1 4.86 226.93 231.79 NOTE
r-release-linux-x86_64 3.2.1 4.19 225.97 230.16 NOTE
r-release-macos-arm64 3.2.1 75.00 NOTE
r-release-macos-x86_64 3.2.1 93.00 NOTE
r-release-windows-x86_64 3.2.1 32.00 161.00 193.00 NOTE
r-oldrel-macos-arm64 3.2.1 114.00 NOTE
r-oldrel-macos-x86_64 3.2.1 114.00 NOTE
r-oldrel-windows-ix86+x86_64 3.2.1 13.00 165.00 178.00 NOTE

Check Details

Version: 3.2.1
Check: LazyData
Result: NOTE
     'LazyData' is specified without a 'data' directory
Flavors: r-devel-linux-x86_64-debian-clang, r-devel-linux-x86_64-debian-gcc, r-devel-linux-x86_64-fedora-clang, r-devel-linux-x86_64-fedora-gcc, r-devel-windows-x86_64, r-patched-linux-x86_64, r-release-linux-x86_64, r-release-macos-arm64, r-release-macos-x86_64, r-release-windows-x86_64, r-oldrel-macos-arm64, r-oldrel-macos-x86_64, r-oldrel-windows-ix86+x86_64