CRAN Package Check Results for Package corpus

Last updated on 2018-08-20 15:51:33 CEST.

Flavor Version Tinstall Tcheck Ttotal Status Flags
r-devel-linux-x86_64-debian-clang 0.10.0 23.98 47.17 71.15 OK
r-devel-linux-x86_64-debian-gcc 0.10.0 18.53 38.16 56.69 OK
r-devel-linux-x86_64-fedora-clang 0.10.0 84.54 NOTE
r-devel-linux-x86_64-fedora-gcc 0.10.0 87.00 NOTE
r-devel-windows-ix86+x86_64 0.10.0 132.00 85.00 217.00 OK
r-patched-linux-x86_64 0.10.0 24.49 42.69 67.18 OK
r-patched-solaris-x86 0.10.0 114.60 NOTE
r-release-linux-x86_64 0.10.0 23.74 42.80 66.54 OK
r-release-windows-ix86+x86_64 0.10.0 120.00 101.00 221.00 OK
r-release-osx-x86_64 0.10.0 NOTE
r-oldrel-windows-ix86+x86_64 0.10.0 84.00 123.00 207.00 OK
r-oldrel-osx-x86_64 0.10.0 NOTE

Check Details

Version: 0.10.0
Check: data for non-ASCII characters
Result: NOTE
     Note: found 578 marked UTF-8 strings
Flavors: r-devel-linux-x86_64-fedora-clang, r-devel-linux-x86_64-fedora-gcc, r-patched-solaris-x86, r-release-osx-x86_64, r-oldrel-osx-x86_64