CRAN Package Check Results for Package corpus

Last updated on 2018-05-24 11:49:28 CEST.

Flavor Version Tinstall Tcheck Ttotal Status Flags
r-devel-linux-x86_64-debian-clang 0.10.0 25.52 41.57 67.09 OK
r-devel-linux-x86_64-debian-gcc 0.10.0 19.43 36.02 55.45 OK
r-devel-linux-x86_64-fedora-clang 0.10.0 82.71 NOTE
r-devel-linux-x86_64-fedora-gcc 0.10.0 80.60 NOTE
r-devel-windows-ix86+x86_64 0.10.0 92.00 101.00 193.00 OK
r-patched-linux-x86_64 0.10.0 22.11 41.94 64.05 OK
r-patched-solaris-x86 0.10.0 123.20 NOTE
r-release-linux-x86_64 0.10.0 22.82 41.89 64.71 OK
r-release-windows-ix86+x86_64 0.10.0 126.00 72.00 198.00 OK
r-release-osx-x86_64 0.10.0 NOTE
r-oldrel-windows-ix86+x86_64 0.10.0 136.00 109.00 245.00 OK
r-oldrel-osx-x86_64 0.10.0 NOTE

Check Details

Version: 0.10.0
Check: data for non-ASCII characters
Result: NOTE
     Note: found 578 marked UTF-8 strings
Flavors: r-devel-linux-x86_64-fedora-clang, r-devel-linux-x86_64-fedora-gcc, r-patched-solaris-x86, r-release-osx-x86_64, r-oldrel-osx-x86_64