CRAN Package Check Results for Package corpustools

Last updated on 2018-05-24 09:49:32 CEST.

Flavor Version Tinstall Tcheck Ttotal Status Flags
r-devel-linux-x86_64-debian-clang 0.3.3 62.63 100.75 163.38 OK
r-devel-linux-x86_64-debian-gcc 0.3.3 53.54 75.10 128.64 OK
r-devel-linux-x86_64-fedora-clang 0.3.3 225.50 NOTE
r-devel-linux-x86_64-fedora-gcc 0.3.3 207.05 NOTE
r-devel-windows-ix86+x86_64 0.3.3 148.00 133.00 281.00 OK
r-patched-linux-x86_64 0.3.3 68.21 84.27 152.48 OK
r-patched-solaris-x86 0.3.3 232.40 NOTE
r-release-linux-x86_64 0.3.3 65.16 84.50 149.66 OK
r-release-windows-ix86+x86_64 0.3.3 188.00 182.00 370.00 OK
r-release-osx-x86_64 0.3.3 NOTE
r-oldrel-windows-ix86+x86_64 0.3.3 178.00 169.00 347.00 OK
r-oldrel-osx-x86_64 0.3.3 NOTE

Additional issues

valgrind

Check Details

Version: 0.3.3
Check: data for non-ASCII characters
Result: NOTE
     Note: found 438 marked UTF-8 strings
Flavors: r-devel-linux-x86_64-fedora-clang, r-devel-linux-x86_64-fedora-gcc, r-patched-solaris-x86, r-release-osx-x86_64, r-oldrel-osx-x86_64