CRAN Package Check Results for Package corpustools

Last updated on 2019-02-16 19:47:22 CET.

Flavor Version Tinstall Tcheck Ttotal Status Flags
r-devel-linux-x86_64-debian-clang 0.3.3 62.91 113.62 176.53 OK
r-devel-linux-x86_64-debian-gcc 0.3.3 51.59 119.44 171.03 OK
r-devel-linux-x86_64-fedora-clang 0.3.3 232.03 NOTE
r-devel-linux-x86_64-fedora-gcc 0.3.3 195.40 NOTE
r-devel-windows-ix86+x86_64 0.3.3 188.00 172.00 360.00 OK
r-patched-linux-x86_64 0.3.3 65.96 114.58 180.54 OK
r-patched-solaris-x86 0.3.3 235.10 NOTE
r-release-linux-x86_64 0.3.3 OK
r-release-windows-ix86+x86_64 0.3.3 132.00 170.00 302.00 OK
r-release-osx-x86_64 0.3.3 NOTE
r-oldrel-windows-ix86+x86_64 0.3.3 183.00 190.00 373.00 OK
r-oldrel-osx-x86_64 0.3.3 NOTE

Additional issues

valgrind

Check Details

Version: 0.3.3
Check: data for non-ASCII characters
Result: NOTE
     Note: found 438 marked UTF-8 strings
Flavors: r-devel-linux-x86_64-fedora-clang, r-devel-linux-x86_64-fedora-gcc, r-patched-solaris-x86, r-release-osx-x86_64, r-oldrel-osx-x86_64