CRAN Package Check Results for Package corpustools

Last updated on 2018-02-25 17:48:42 CET.

Flavor Version Tinstall Tcheck Ttotal Status Flags
r-devel-linux-x86_64-debian-clang 0.3.1 43.04 110.64 153.68 OK
r-devel-linux-x86_64-debian-gcc 0.3.1 36.43 71.74 108.17 OK
r-devel-linux-x86_64-fedora-clang 0.3.1 183.18 NOTE
r-devel-linux-x86_64-fedora-gcc 0.3.1 168.71 NOTE
r-devel-windows-ix86+x86_64 0.3.1 122.00 187.00 309.00 OK
r-patched-linux-x86_64 0.3.1 42.30 95.82 138.12 OK
r-patched-solaris-x86 0.3.1 208.60 NOTE
r-release-linux-x86_64 0.3.1 41.09 96.15 137.24 OK
r-release-windows-ix86+x86_64 0.3.1 106.00 193.00 299.00 OK
r-release-osx-x86_64 0.3.1 NOTE
r-oldrel-windows-ix86+x86_64 0.3.1 91.00 118.00 209.00 OK
r-oldrel-osx-x86_64 0.3.1 NOTE

Additional issues

valgrind

Check Details

Version: 0.3.1
Check: data for non-ASCII characters
Result: NOTE
     Note: found 438 marked UTF-8 strings
Flavors: r-devel-linux-x86_64-fedora-clang, r-devel-linux-x86_64-fedora-gcc, r-patched-solaris-x86, r-release-osx-x86_64, r-oldrel-osx-x86_64