CRAN Package Check Results for Package corpustools

Last updated on 2018-11-19 06:46:46 CET.

Flavor Version Tinstall Tcheck Ttotal Status Flags
r-devel-linux-x86_64-debian-clang OK
r-devel-linux-x86_64-debian-gcc 0.3.3 55.66 68.93 124.59 OK
r-devel-linux-x86_64-fedora-clang 0.3.3 214.48 NOTE
r-devel-linux-x86_64-fedora-gcc 0.3.3 191.88 NOTE
r-devel-windows-ix86+x86_64 0.3.3 185.00 133.00 318.00 OK
r-patched-linux-x86_64 0.3.3 75.19 86.04 161.23 OK
r-patched-solaris-x86 0.3.3 237.50 NOTE
r-release-linux-x86_64 0.3.3 69.50 86.35 155.85 OK
r-release-windows-ix86+x86_64 0.3.3 188.00 172.00 360.00 OK
r-release-osx-x86_64 0.3.3 NOTE
r-oldrel-windows-ix86+x86_64 0.3.3 181.00 147.00 328.00 OK
r-oldrel-osx-x86_64 0.3.3 NOTE

Additional issues

valgrind

Check Details

Version: 0.3.3
Check: data for non-ASCII characters
Result: NOTE
     Note: found 438 marked UTF-8 strings
Flavors: r-devel-linux-x86_64-fedora-clang, r-devel-linux-x86_64-fedora-gcc, r-patched-solaris-x86, r-release-osx-x86_64, r-oldrel-osx-x86_64