CRAN Package Check Results for Package corpustools

Last updated on 2018-08-20 09:47:33 CEST.

Flavor Version Tinstall Tcheck Ttotal Status Flags
r-devel-linux-x86_64-debian-clang 0.3.3 66.68 113.11 179.79 OK
r-devel-linux-x86_64-debian-gcc 0.3.3 57.30 77.94 135.24 OK
r-devel-linux-x86_64-fedora-clang 0.3.3 225.00 NOTE
r-devel-linux-x86_64-fedora-gcc 0.3.3 209.68 NOTE
r-devel-windows-ix86+x86_64 0.3.3 185.00 188.00 373.00 OK
r-patched-linux-x86_64 0.3.3 76.73 86.16 162.89 OK
r-patched-solaris-x86 0.3.3 236.10 NOTE
r-release-linux-x86_64 0.3.3 73.24 85.25 158.49 OK
r-release-windows-ix86+x86_64 0.3.3 189.00 172.00 361.00 OK
r-release-osx-x86_64 0.3.3 NOTE
r-oldrel-windows-ix86+x86_64 0.3.3 130.00 185.00 315.00 OK
r-oldrel-osx-x86_64 0.3.3 NOTE

Additional issues

valgrind

Check Details

Version: 0.3.3
Check: data for non-ASCII characters
Result: NOTE
     Note: found 438 marked UTF-8 strings
Flavors: r-devel-linux-x86_64-fedora-clang, r-devel-linux-x86_64-fedora-gcc, r-patched-solaris-x86, r-release-osx-x86_64, r-oldrel-osx-x86_64