CRAN Package Check Results for Package corr2D

Last updated on 2018-11-17 15:47:19 CET.

Flavor Version Tinstall Tcheck Ttotal Status Flags
r-devel-linux-x86_64-debian-clang 0.3.0 2.67 36.32 38.99 OK
r-devel-linux-x86_64-debian-gcc 0.3.0 1.98 28.97 30.95 OK
r-devel-linux-x86_64-fedora-clang 0.3.0 48.20 NOTE
r-devel-linux-x86_64-fedora-gcc 0.3.0 44.76 NOTE
r-devel-windows-ix86+x86_64 0.3.0 7.00 68.00 75.00 OK
r-patched-linux-x86_64 0.3.0 2.31 34.76 37.07 OK
r-patched-solaris-x86 0.3.0 66.70 NOTE
r-release-linux-x86_64 0.3.0 2.42 34.57 36.99 OK
r-release-windows-ix86+x86_64 0.3.0 10.00 72.00 82.00 OK
r-release-osx-x86_64 0.3.0 NOTE
r-oldrel-windows-ix86+x86_64 0.3.0 9.00 51.00 60.00 OK
r-oldrel-osx-x86_64 0.3.0 NOTE

Check Details

Version: 0.3.0
Check: dependencies in R code
Result: NOTE
    Namespaces in Imports field not imported from:
     ‘profr’ ‘xtable’
     All declared Imports should be used.
Flavors: r-devel-linux-x86_64-fedora-clang, r-devel-linux-x86_64-fedora-gcc, r-patched-solaris-x86, r-release-osx-x86_64, r-oldrel-osx-x86_64