CRAN Package Check Results for Package correctedAUC

Last updated on 2018-12-17 15:49:02 CET.

Flavor Version Tinstall Tcheck Ttotal Status Flags
r-devel-linux-x86_64-debian-clang 0.0.3 1.15 2.58 3.73 ERROR
r-devel-linux-x86_64-debian-gcc 0.0.3 1.07 1.81 2.88 ERROR
r-devel-linux-x86_64-fedora-clang 0.0.3 24.82 OK
r-devel-linux-x86_64-fedora-gcc 0.0.3 23.36 OK
r-devel-windows-ix86+x86_64 0.0.3 4.00 30.00 34.00 OK
r-patched-linux-x86_64 0.0.3 1.44 1.52 2.96 ERROR
r-patched-solaris-x86 0.0.3 34.90 OK
r-release-linux-x86_64 0.0.3 1.57 18.66 20.23 OK
r-release-windows-ix86+x86_64 0.0.3 5.00 29.00 34.00 OK
r-release-osx-x86_64 0.0.3 OK
r-oldrel-windows-ix86+x86_64 0.0.3 2.00 34.00 36.00 OK
r-oldrel-osx-x86_64 0.0.3 OK

Check Details

Version: 0.0.3
Check: whether the package can be loaded
Result: ERROR
    Loading this package had a fatal error status code 1
    Loading log:
    Error: package or namespace load failed for ‘correctedAUC’:
     .onLoad failed in loadNamespace() for ‘mnormt’, details:
     call: dyn.load(file, DLLpath = DLLpath, ...)
     error: unable to load shared object ‘/home/hornik/tmp/R.check/r-devel-clang/Work/build/Packages/mnormt/libs/mnormt.so’:
     /home/hornik/tmp/R.check/r-devel-clang/Work/build/Packages/mnormt/libs/mnormt.so: failed to map segment from shared object
    Execution halted
Flavor: r-devel-linux-x86_64-debian-clang

Version: 0.0.3
Check: whether the package can be loaded
Result: ERROR
    Loading this package had a fatal error status code 1
    Loading log:
    Error: package or namespace load failed for ‘correctedAUC’:
     .onLoad failed in loadNamespace() for ‘mnormt’, details:
     call: dyn.load(file, DLLpath = DLLpath, ...)
     error: unable to load shared object ‘/home/hornik/tmp/R.check/r-devel-gcc/Work/build/Packages/mnormt/libs/mnormt.so’:
     /home/hornik/tmp/R.check/r-devel-gcc/Work/build/Packages/mnormt/libs/mnormt.so: failed to map segment from shared object
    Execution halted
Flavor: r-devel-linux-x86_64-debian-gcc

Version: 0.0.3
Check: whether the package can be loaded
Result: ERROR
    Loading this package had a fatal error status code 1
    Loading log:
    Error: package or namespace load failed for ‘correctedAUC’:
     .onLoad failed in loadNamespace() for ‘mnormt’, details:
     call: dyn.load(file, DLLpath = DLLpath, ...)
     error: unable to load shared object ‘/home/hornik/tmp/R.check/r-patched-gcc/Work/build/Packages/mnormt/libs/mnormt.so’:
     /home/hornik/tmp/R.check/r-patched-gcc/Work/build/Packages/mnormt/libs/mnormt.so: failed to map segment from shared object
    Execution halted
Flavor: r-patched-linux-x86_64