CRAN Package Check Results for Package corregp

Last updated on 2018-05-27 06:46:42 CEST.

Flavor Version Tinstall Tcheck Ttotal Status Flags
r-devel-linux-x86_64-debian-clang 2.0.2 4.78 58.92 63.70 OK
r-devel-linux-x86_64-debian-gcc 2.0.2 4.92 44.38 49.30 OK
r-devel-linux-x86_64-fedora-clang 2.0.2 75.79 NOTE
r-devel-linux-x86_64-fedora-gcc 2.0.2 71.50 NOTE
r-devel-windows-ix86+x86_64 2.0.2 10.00 73.00 83.00 OK
r-patched-linux-x86_64 2.0.2 4.37 52.34 56.71 OK
r-patched-solaris-x86 2.0.2 96.40 NOTE
r-release-linux-x86_64 2.0.2 4.42 51.45 55.87 OK
r-release-windows-ix86+x86_64 2.0.2 13.00 98.00 111.00 OK
r-release-osx-x86_64 2.0.2 NOTE
r-oldrel-windows-ix86+x86_64 2.0.2 12.00 73.00 85.00 OK
r-oldrel-osx-x86_64 2.0.2 NOTE

Check Details

Version: 2.0.2
Check: data for non-ASCII characters
Result: NOTE
     Note: found 2 marked Latin-1 strings
Flavors: r-devel-linux-x86_64-fedora-clang, r-devel-linux-x86_64-fedora-gcc, r-patched-solaris-x86, r-release-osx-x86_64, r-oldrel-osx-x86_64