CRAN Package Check Results for Package corregp

Last updated on 2019-02-22 21:57:36 CET.

Flavor Version Tinstall Tcheck Ttotal Status Flags
r-devel-linux-x86_64-debian-clang 2.0.2 6.34 62.43 68.77 OK
r-devel-linux-x86_64-debian-gcc 2.0.2 4.97 49.24 54.21 OK
r-devel-linux-x86_64-fedora-clang 2.0.2 77.06 NOTE
r-devel-linux-x86_64-fedora-gcc 2.0.2 71.92 NOTE
r-devel-windows-ix86+x86_64 2.0.2 16.00 83.00 99.00 OK
r-patched-linux-x86_64 2.0.2 4.93 56.86 61.79 OK
r-patched-solaris-x86 2.0.2 99.60 NOTE
r-release-linux-x86_64 2.0.2 OK
r-release-windows-ix86+x86_64 2.0.2 11.00 115.00 126.00 OK
r-release-osx-x86_64 2.0.2 NOTE
r-oldrel-windows-ix86+x86_64 2.0.2 8.00 78.00 86.00 OK
r-oldrel-osx-x86_64 2.0.2 NOTE

Check Details

Version: 2.0.2
Check: data for non-ASCII characters
Result: NOTE
     Note: found 2 marked Latin-1 strings
Flavors: r-devel-linux-x86_64-fedora-clang, r-devel-linux-x86_64-fedora-gcc, r-patched-solaris-x86, r-release-osx-x86_64, r-oldrel-osx-x86_64