CRAN Package Check Results for Package corregp

Last updated on 2018-10-24 03:55:16 CEST.

Flavor Version Tinstall Tcheck Ttotal Status Flags
r-devel-linux-x86_64-debian-clang 2.0.2 5.48 61.95 67.43 OK
r-devel-linux-x86_64-debian-gcc 2.0.2 4.65 45.24 49.89 OK
r-devel-linux-x86_64-fedora-clang 2.0.2 77.11 NOTE
r-devel-linux-x86_64-fedora-gcc 2.0.2 73.05 NOTE
r-devel-windows-ix86+x86_64 2.0.2 14.00 117.00 131.00 OK
r-patched-linux-x86_64 2.0.2 4.81 52.11 56.92 OK
r-patched-solaris-x86 2.0.2 97.90 NOTE
r-release-linux-x86_64 2.0.2 4.21 52.64 56.85 ERROR
r-release-windows-ix86+x86_64 2.0.2 14.00 75.00 89.00 OK
r-release-osx-x86_64 2.0.2 NOTE
r-oldrel-windows-ix86+x86_64 2.0.2 8.00 105.00 113.00 OK
r-oldrel-osx-x86_64 2.0.2 NOTE

Check Details

Version: 2.0.2
Check: data for non-ASCII characters
Result: NOTE
     Note: found 2 marked Latin-1 strings
Flavors: r-devel-linux-x86_64-fedora-clang, r-devel-linux-x86_64-fedora-gcc, r-patched-solaris-x86, r-release-osx-x86_64, r-oldrel-osx-x86_64

Version: 2.0.2
Check: package dependencies
Result: ERROR
    Package required but not available: ‘rgl’
    
    See section ‘The DESCRIPTION file’ in the ‘Writing R Extensions’
    manual.
Flavor: r-release-linux-x86_64