CRAN Package Check Results for Package corregp

Last updated on 2018-08-18 12:49:59 CEST.

Flavor Version Tinstall Tcheck Ttotal Status Flags
r-devel-linux-x86_64-debian-clang 2.0.2 4.70 60.07 64.77 OK
r-devel-linux-x86_64-debian-gcc 2.0.2 4.37 45.29 49.66 OK
r-devel-linux-x86_64-fedora-clang 2.0.2 74.93 NOTE
r-devel-linux-x86_64-fedora-gcc 2.0.2 70.86 NOTE
r-devel-windows-ix86+x86_64 2.0.2 14.00 93.00 107.00 OK
r-patched-linux-x86_64 2.0.2 4.77 52.44 57.21 OK
r-patched-solaris-x86 2.0.2 102.20 NOTE
r-release-linux-x86_64 2.0.2 5.51 52.80 58.31 OK
r-release-windows-ix86+x86_64 2.0.2 13.00 108.00 121.00 OK
r-release-osx-x86_64 2.0.2 NOTE
r-oldrel-windows-ix86+x86_64 2.0.2 7.00 103.00 110.00 OK
r-oldrel-osx-x86_64 2.0.2 NOTE

Check Details

Version: 2.0.2
Check: data for non-ASCII characters
Result: NOTE
     Note: found 2 marked Latin-1 strings
Flavors: r-devel-linux-x86_64-fedora-clang, r-devel-linux-x86_64-fedora-gcc, r-patched-solaris-x86, r-release-osx-x86_64, r-oldrel-osx-x86_64