CRAN Package Check Results for Package corregp

Last updated on 2018-02-19 02:47:22 CET.

Flavor Version Tinstall Tcheck Ttotal Status Flags
r-devel-linux-x86_64-debian-clang 1.0.3 3.90 48.48 52.38 OK
r-devel-linux-x86_64-debian-gcc 1.0.3 3.57 41.84 45.41 OK
r-devel-linux-x86_64-fedora-clang 1.0.3 71.46 NOTE
r-devel-linux-x86_64-fedora-gcc 1.0.3 68.72 NOTE
r-devel-windows-ix86+x86_64 1.0.3 7.00 67.00 74.00 OK
r-patched-linux-x86_64 1.0.3 2.35 57.88 60.23 OK
r-patched-solaris-x86 1.0.3 88.10 NOTE
r-release-linux-x86_64 1.0.3 2.60 57.18 59.78 OK
r-release-windows-ix86+x86_64 1.0.3 12.00 101.00 113.00 OK
r-release-osx-x86_64 1.0.3 NOTE
r-oldrel-windows-ix86+x86_64 1.0.3 6.00 87.00 93.00 OK
r-oldrel-osx-x86_64 1.0.3 NOTE

Check Details

Version: 1.0.3
Check: data for non-ASCII characters
Result: NOTE
     Note: found 1 marked Latin-1 string
Flavors: r-devel-linux-x86_64-fedora-clang, r-devel-linux-x86_64-fedora-gcc, r-patched-solaris-x86, r-release-osx-x86_64, r-oldrel-osx-x86_64