Last updated on 2021-04-16 23:47:59 CEST.
Flavor | Version | Tinstall | Tcheck | Ttotal | Status | Flags |
---|---|---|---|---|---|---|
r-devel-linux-x86_64-debian-clang | 0.2.0 | 15.72 | 159.01 | 174.73 | OK | |
r-devel-linux-x86_64-debian-gcc | 0.2.0 | 11.71 | 119.87 | 131.58 | OK | |
r-devel-linux-x86_64-fedora-clang | 0.2.0 | 214.02 | NOTE | |||
r-devel-linux-x86_64-fedora-gcc | 0.2.0 | 199.52 | NOTE | |||
r-devel-windows-ix86+x86_64 | 0.2.0 | 34.00 | 187.00 | 221.00 | OK | |
r-devel-windows-x86_64-gcc10-UCRT | 0.2.0 | NOTE | ||||
r-patched-linux-x86_64 | 0.2.0 | 12.24 | 147.59 | 159.83 | OK | |
r-patched-solaris-x86 | 0.2.0 | 296.90 | NOTE | |||
r-release-linux-x86_64 | 0.2.0 | 14.32 | 148.72 | 163.04 | OK | |
r-release-macos-x86_64 | 0.2.0 | NOTE | ||||
r-release-windows-ix86+x86_64 | 0.2.0 | 34.00 | 193.00 | 227.00 | OK | |
r-oldrel-macos-x86_64 | 0.2.0 | NOTE | ||||
r-oldrel-windows-ix86+x86_64 | 0.2.0 | 22.00 | 180.00 | 202.00 | OK |
Version: 0.2.0
Check: dependencies in R code
Result: NOTE
Namespace in Imports field not imported from: ‘utils’
All declared Imports should be used.
Flavors: r-devel-linux-x86_64-fedora-clang, r-devel-linux-x86_64-fedora-gcc, r-devel-windows-x86_64-gcc10-UCRT, r-patched-solaris-x86, r-release-macos-x86_64, r-oldrel-macos-x86_64