CRAN Package Check Results for Package corrgram

Last updated on 2018-08-17 21:48:01 CEST.

Flavor Version Tinstall Tcheck Ttotal Status Flags
r-devel-linux-x86_64-debian-clang 1.13 7.05 114.57 121.62 OK
r-devel-linux-x86_64-debian-gcc 1.13 5.22 90.83 96.05 OK
r-devel-linux-x86_64-fedora-clang 1.13 143.46 OK
r-devel-linux-x86_64-fedora-gcc 1.13 138.65 OK
r-devel-windows-ix86+x86_64 1.13 21.00 193.00 214.00 OK
r-patched-linux-x86_64 1.13 4.25 98.01 102.26 OK
r-patched-solaris-x86 1.13 180.40 OK
r-release-linux-x86_64 1.13 4.66 99.63 104.29 OK
r-release-windows-ix86+x86_64 1.13 11.00 177.00 188.00 OK
r-release-osx-x86_64 1.13 OK
r-oldrel-windows-ix86+x86_64 1.13 13.00 170.00 183.00 WARN
r-oldrel-osx-x86_64 1.13 OK

Check Details

Version: 1.13
Check: whether package can be installed
Result: WARN
    Found the following significant warnings:
     Warning: S3 methods '[.fun_list', '[.grouped_df', 'all.equal.tbl_df', 'anti_join.data.frame', 'anti_join.tbl_df', 'arrange.data.frame', 'arrange.default', 'arrange.grouped_df', 'arrange.tbl_df', 'arrange_.data.frame', 'arrange_.tbl_df', 'as.data.frame.grouped_df', 'as.data.frame.rowwise_df', 'as.data.frame.tbl_cube', 'as.data.frame.tbl_df', 'as.table.tbl_cube', 'as.tbl.data.frame', 'as.tbl.tbl', 'as.tbl_cube.array', 'as.tbl_cube.data.frame', 'as.tbl_cube.matrix', 'as.tbl_cube.table', 'as_data_frame.grouped_df', 'as_data_frame.tbl_cube', 'auto_copy.tbl_cube', 'auto_copy.tbl_df', 'cbind.grouped_df', 'collapse.data.frame', 'collect.data.frame', 'common_by.NULL', 'common_by.character', 'common_by.default', 'common_by.list', 'compute.data.frame', 'copy_to.DBIConnection', 'copy_to.src_local', 'default_missing.data.frame', 'default_missing.default', 'dim.tbl_cube', 'distinct.data.frame', 'distinct.default', 'distinct.grouped_df', 'distinct.tbl_df', 'distinct_.data.frame', 'distinct_.grouped_df', 'dist [... truncated]
Flavor: r-oldrel-windows-ix86+x86_64