Last updated on 2021-04-11 20:47:05 CEST.
Flavor | Version | Tinstall | Tcheck | Ttotal | Status | Flags |
---|---|---|---|---|---|---|
r-devel-linux-x86_64-debian-clang | 1.0.4 | 2.91 | 220.66 | 223.57 | OK | |
r-devel-linux-x86_64-debian-gcc | 1.0.4 | 2.34 | 177.42 | 179.76 | OK | |
r-devel-linux-x86_64-fedora-clang | 1.0.4 | 274.80 | OK | |||
r-devel-linux-x86_64-fedora-gcc | 1.0.4 | 264.20 | OK | |||
r-devel-windows-ix86+x86_64 | 1.0.4 | 8.00 | 193.00 | 201.00 | OK | |
r-devel-windows-x86_64-gcc10-UCRT | 1.0.4 | OK | ||||
r-patched-linux-x86_64 | 1.0.4 | 3.07 | 219.57 | 222.64 | OK | |
r-patched-solaris-x86 | 1.0.4 | 1759.50 | OK | |||
r-release-linux-x86_64 | 1.0.4 | 3.10 | 219.47 | 222.57 | OK | |
r-release-macos-x86_64 | 1.0.4 | OK | ||||
r-release-windows-ix86+x86_64 | 1.0.4 | 8.00 | 201.00 | 209.00 | OK | |
r-oldrel-macos-x86_64 | 1.0.4 | NOTE | ||||
r-oldrel-windows-ix86+x86_64 | 1.0.4 | 5.00 | 165.00 | 170.00 | NOTE |
Version: 1.0.4
Check: R code for possible problems
Result: NOTE
wrap_with_html_tag: no visible global function definition for ‘plot’
wrap_with_html_tag : <anonymous>: no visible global function definition
for ‘plot’
Undefined global functions or variables:
plot
Consider adding
importFrom("graphics", "plot")
to your NAMESPACE file.
Flavors: r-oldrel-macos-x86_64, r-oldrel-windows-ix86+x86_64