CRAN Package Check Results for Package corrplot

Last updated on 2018-11-13 01:46:15 CET.

Flavor Version Tinstall Tcheck Ttotal Status Flags
r-devel-linux-x86_64-debian-clang 0.84 2.18 36.73 38.91 OK
r-devel-linux-x86_64-debian-gcc 0.84 1.53 28.87 30.40 OK
r-devel-linux-x86_64-fedora-clang 0.84 46.65 NOTE
r-devel-linux-x86_64-fedora-gcc 0.84 46.44 OK
r-devel-windows-ix86+x86_64 0.84 5.00 58.00 63.00 NOTE
r-patched-linux-x86_64 0.84 1.98 34.18 36.16 OK
r-patched-solaris-x86 0.84 66.70 NOTE
r-release-linux-x86_64 0.84 2.06 34.83 36.89 OK
r-release-windows-ix86+x86_64 0.84 7.00 50.00 57.00 NOTE
r-release-osx-x86_64 0.84 NOTE
r-oldrel-windows-ix86+x86_64 0.84 6.00 61.00 67.00 NOTE
r-oldrel-osx-x86_64 0.84 NOTE

Check Details

Version: 0.84
Check: installed package size
Result: NOTE
     installed size is 7.0Mb
     sub-directories of 1Mb or more:
     doc 6.9Mb
Flavors: r-devel-linux-x86_64-fedora-clang, r-devel-windows-ix86+x86_64, r-patched-solaris-x86, r-release-windows-ix86+x86_64, r-release-osx-x86_64, r-oldrel-windows-ix86+x86_64, r-oldrel-osx-x86_64