CRAN Package Check Results for Package corrplot

Last updated on 2019-02-15 20:46:44 CET.

Flavor Version Tinstall Tcheck Ttotal Status Flags
r-devel-linux-x86_64-debian-clang 0.84 2.31 37.31 39.62 OK
r-devel-linux-x86_64-debian-gcc 0.84 1.89 28.42 30.31 OK
r-devel-linux-x86_64-fedora-clang 0.84 47.38 NOTE
r-devel-linux-x86_64-fedora-gcc 0.84 44.97 OK
r-devel-windows-ix86+x86_64 0.84 11.00 67.00 78.00 NOTE
r-patched-linux-x86_64 0.84 2.32 34.42 36.74 OK
r-patched-solaris-x86 0.84 66.40 NOTE
r-release-linux-x86_64 0.84 2.50 34.40 36.90 OK
r-release-windows-ix86+x86_64 0.84 5.00 51.00 56.00 NOTE
r-release-osx-x86_64 0.84 NOTE
r-oldrel-windows-ix86+x86_64 0.84 6.00 72.00 78.00 NOTE
r-oldrel-osx-x86_64 0.84 NOTE

Check Details

Version: 0.84
Check: installed package size
Result: NOTE
     installed size is 7.0Mb
     sub-directories of 1Mb or more:
     doc 6.9Mb
Flavors: r-devel-linux-x86_64-fedora-clang, r-devel-windows-ix86+x86_64, r-patched-solaris-x86, r-release-windows-ix86+x86_64, r-release-osx-x86_64, r-oldrel-windows-ix86+x86_64, r-oldrel-osx-x86_64