CRAN Package Check Results for Package corrplot

Last updated on 2018-08-19 22:53:08 CEST.

Flavor Version Tinstall Tcheck Ttotal Status Flags
r-devel-linux-x86_64-debian-clang 0.84 1.93 36.21 38.14 OK
r-devel-linux-x86_64-debian-gcc 0.84 1.56 28.73 30.29 OK
r-devel-linux-x86_64-fedora-clang 0.84 46.95 NOTE
r-devel-linux-x86_64-fedora-gcc 0.84 45.30 OK
r-devel-windows-ix86+x86_64 0.84 5.00 67.00 72.00 NOTE
r-patched-linux-x86_64 0.84 2.13 34.39 36.52 OK
r-patched-solaris-x86 0.84 67.40 NOTE
r-release-linux-x86_64 0.84 2.00 34.38 36.38 OK
r-release-windows-ix86+x86_64 0.84 6.00 72.00 78.00 NOTE
r-release-osx-x86_64 0.84 NOTE
r-oldrel-windows-ix86+x86_64 0.84 3.00 83.00 86.00 NOTE
r-oldrel-osx-x86_64 0.84 NOTE

Check Details

Version: 0.84
Check: installed package size
Result: NOTE
     installed size is 7.0Mb
     sub-directories of 1Mb or more:
     doc 6.9Mb
Flavors: r-devel-linux-x86_64-fedora-clang, r-devel-windows-ix86+x86_64, r-patched-solaris-x86, r-release-windows-ix86+x86_64, r-release-osx-x86_64, r-oldrel-windows-ix86+x86_64, r-oldrel-osx-x86_64