CRAN Package Check Results for Package corrr

Last updated on 2018-02-24 00:47:32 CET.

Flavor Version Tinstall Tcheck Ttotal Status Flags
r-devel-linux-x86_64-debian-clang 0.2.1 1.69 46.13 47.82 NOTE
r-devel-linux-x86_64-debian-gcc 0.2.1 1.67 35.51 37.18 NOTE
r-devel-linux-x86_64-fedora-clang 0.2.1 56.98 NOTE
r-devel-linux-x86_64-fedora-gcc 0.2.1 54.80 NOTE
r-devel-windows-ix86+x86_64 0.2.1 7.00 83.00 90.00 OK
r-patched-linux-x86_64 0.2.1 1.86 51.84 53.70 OK
r-patched-solaris-x86 0.2.1 84.20 OK
r-release-linux-x86_64 0.2.1 1.73 51.77 53.50 OK
r-release-windows-ix86+x86_64 0.2.1 9.00 91.00 100.00 OK
r-release-osx-x86_64 0.2.1 OK
r-oldrel-windows-ix86+x86_64 0.2.1 6.00 57.00 63.00 OK
r-oldrel-osx-x86_64 0.2.1 OK

Check Details

Version: 0.2.1
Check: DESCRIPTION meta-information
Result: NOTE
    Dependence on R version ‘3.3.1’ not with patchlevel 0
Flavors: r-devel-linux-x86_64-debian-clang, r-devel-linux-x86_64-debian-gcc, r-devel-linux-x86_64-fedora-clang, r-devel-linux-x86_64-fedora-gcc