CRAN Package Check Results for Package corrr

Last updated on 2018-05-24 06:46:43 CEST.

Flavor Version Tinstall Tcheck Ttotal Status Flags
r-devel-linux-x86_64-debian-clang 0.2.1 2.31 44.69 47.00 OK
r-devel-linux-x86_64-debian-gcc 0.2.1 2.20 39.11 41.31 OK
r-devel-linux-x86_64-fedora-clang 0.2.1 61.19 OK
r-devel-linux-x86_64-fedora-gcc 0.2.1 59.82 OK
r-devel-windows-ix86+x86_64 0.2.1 5.00 79.00 84.00 OK
r-patched-linux-x86_64 0.2.1 2.54 44.75 47.29 NOTE
r-patched-solaris-x86 0.2.1 83.10 OK
r-release-linux-x86_64 0.2.1 1.75 44.47 46.22 NOTE
r-release-windows-ix86+x86_64 0.2.1 10.00 85.00 95.00 OK
r-release-osx-x86_64 0.2.1 OK
r-oldrel-windows-ix86+x86_64 0.2.1 8.00 92.00 100.00 OK
r-oldrel-osx-x86_64 0.2.1 OK

Check Details

Version: 0.2.1
Check: DESCRIPTION meta-information
Result: NOTE
    Dependence on R version ‘3.3.1’ not with patchlevel 0
Flavors: r-patched-linux-x86_64, r-release-linux-x86_64