CRAN Package Check Results for Package cosinor

Last updated on 2018-11-17 10:51:01 CET.

Flavor Version Tinstall Tcheck Ttotal Status Flags
r-devel-linux-x86_64-debian-clang 1.1 2.54 39.11 41.65 NOTE
r-devel-linux-x86_64-debian-gcc 1.1 1.80 31.29 33.09 NOTE
r-devel-linux-x86_64-fedora-clang 1.1 53.75 NOTE
r-devel-linux-x86_64-fedora-gcc 1.1 47.32 NOTE
r-devel-windows-ix86+x86_64 1.1 10.00 85.00 95.00 NOTE
r-patched-linux-x86_64 1.1 2.08 37.04 39.12 NOTE
r-patched-solaris-x86 1.1 76.10 NOTE
r-release-linux-x86_64 1.1 2.17 37.13 39.30 NOTE
r-release-windows-ix86+x86_64 1.1 14.00 58.00 72.00 NOTE
r-release-osx-x86_64 1.1 NOTE
r-oldrel-windows-ix86+x86_64 1.1 9.00 59.00 68.00 NOTE
r-oldrel-osx-x86_64 1.1 NOTE

Check Details

Version: 1.1
Check: R code for possible problems
Result: NOTE
    cosinor.lm: no visible binding for global variable ‘na.omit’
    cosinor.lm: no visible global function definition for ‘terms’
    cosinor.lm: no visible global function definition for ‘as.formula’
    cosinor.lm: no visible global function definition for ‘lm’
    cosinor_analyzer: no visible binding for global variable ‘vitamind’
    cosinor_analyzer : <anonymous>: no visible global function definition
     for ‘as.formula’
    ggplot.cosinor.lm: no visible global function definition for ‘predict’
    predict.cosinor.lm: no visible global function definition for ‘fitted’
    predict.cosinor.lm: no visible global function definition for ‘predict’
    simulate_cosinor: no visible global function definition for ‘runif’
    simulate_cosinor: no visible global function definition for ‘rbinom’
    simulate_cosinor: no visible global function definition for ‘rnorm’
    summary.cosinor.lm: no visible global function definition for ‘vcov’
    summary.cosinor.lm: no visible global function definition for ‘qnorm’
    summary.cosinor.lm: no visible global function definition for ‘pnorm’
    test_cosinor: no visible global function definition for ‘pchisq’
    test_cosinor: no visible global function definition for ‘pnorm’
    Undefined global functions or variables:
     as.formula fitted lm na.omit pchisq pnorm predict qnorm rbinom rnorm
     runif terms vcov vitamind
    Consider adding
     importFrom("stats", "as.formula", "fitted", "lm", "na.omit", "pchisq",
     "pnorm", "predict", "qnorm", "rbinom", "rnorm", "runif",
     "terms", "vcov")
    to your NAMESPACE file.
Flavors: r-devel-linux-x86_64-debian-clang, r-devel-linux-x86_64-debian-gcc, r-devel-linux-x86_64-fedora-clang, r-devel-linux-x86_64-fedora-gcc, r-devel-windows-ix86+x86_64, r-patched-linux-x86_64, r-patched-solaris-x86, r-release-linux-x86_64, r-release-windows-ix86+x86_64, r-release-osx-x86_64, r-oldrel-windows-ix86+x86_64, r-oldrel-osx-x86_64