Last updated on 2023-09-29 01:56:02 CEST.
Flavor | Version | Tinstall | Tcheck | Ttotal | Status | Flags |
---|---|---|---|---|---|---|
r-devel-linux-x86_64-debian-clang | 0.1.2 | 23.05 | 102.34 | 125.39 | OK | |
r-devel-linux-x86_64-debian-gcc | 0.1.2 | 19.58 | 75.63 | 95.21 | OK | |
r-devel-linux-x86_64-fedora-clang | 0.1.2 | 157.94 | OK | |||
r-devel-linux-x86_64-fedora-gcc | 0.1.2 | 165.24 | OK | |||
r-devel-windows-x86_64 | 0.1.2 | 20.00 | 93.00 | 113.00 | OK | |
r-patched-linux-x86_64 | 0.1.2 | 18.39 | 95.96 | 114.35 | OK | |
r-release-linux-x86_64 | 0.1.2 | 18.73 | 97.09 | 115.82 | OK | |
r-release-macos-arm64 | 0.1.2 | 51.00 | OK | |||
r-release-macos-x86_64 | 0.1.2 | 83.00 | NOTE | |||
r-release-windows-x86_64 | 0.1.2 | 28.00 | 113.00 | 141.00 | OK | |
r-oldrel-macos-arm64 | 0.1.2 | 36.00 | OK | |||
r-oldrel-macos-x86_64 | 0.1.2 | 63.00 | OK | |||
r-oldrel-windows-x86_64 | 0.1.2 | 27.00 | 110.00 | 137.00 | OK |
Version: 0.1.2
Check: package dependencies
Result: NOTE
Package suggested but not available for checking: ‘tidymodels’
Flavor: r-release-macos-x86_64