CRAN Package Check Results for Package countfitteR

Last updated on 2024-02-29 04:54:11 CET.

Flavor Version Tinstall Tcheck Ttotal Status Flags
r-devel-linux-x86_64-debian-clang 1.4 7.41 90.17 97.58 NOTE
r-devel-linux-x86_64-debian-gcc 1.4 6.03 67.79 73.82 NOTE
r-devel-linux-x86_64-fedora-clang 1.4 124.64 NOTE
r-devel-linux-x86_64-fedora-gcc 1.4 134.19 NOTE
r-devel-windows-x86_64 1.4 7.00 85.00 92.00 OK
r-patched-linux-x86_64 1.4 6.76 86.99 93.75 OK
r-release-linux-x86_64 1.4 7.57 87.64 95.21 OK
r-release-macos-arm64 1.4 40.00 OK
r-release-macos-x86_64 1.4 64.00 OK
r-release-windows-x86_64 1.4 10.00 101.00 111.00 OK
r-oldrel-macos-arm64 1.4 37.00 OK
r-oldrel-windows-x86_64 1.4 13.00 106.00 119.00 OK

Check Details

Version: 1.4
Check: Rd files
Result: NOTE checkRd: (-1) summary_fitlist.Rd:15: Lost braces in \itemize; \value handles \item{}{} directly checkRd: (-1) summary_fitlist.Rd:16: Lost braces in \itemize; \value handles \item{}{} directly checkRd: (-1) summary_fitlist.Rd:17: Lost braces in \itemize; \value handles \item{}{} directly checkRd: (-1) summary_fitlist.Rd:18: Lost braces in \itemize; \value handles \item{}{} directly checkRd: (-1) summary_fitlist.Rd:19: Lost braces in \itemize; \value handles \item{}{} directly Flavors: r-devel-linux-x86_64-debian-clang, r-devel-linux-x86_64-debian-gcc, r-devel-linux-x86_64-fedora-clang, r-devel-linux-x86_64-fedora-gcc