CRAN Package Check Results for Package countyfloods

Last updated on 2018-05-25 01:46:27 CEST.

Flavor Version Tinstall Tcheck Ttotal Status Flags
r-devel-linux-x86_64-debian-clang 0.1.0 3.39 34.74 38.13 OK
r-devel-linux-x86_64-debian-gcc 0.1.0 2.79 30.07 32.86 OK
r-devel-linux-x86_64-fedora-clang 0.1.0 48.49 NOTE
r-devel-linux-x86_64-fedora-gcc 0.1.0 48.24 NOTE
r-devel-windows-ix86+x86_64 0.1.0 6.00 61.00 67.00 OK
r-patched-linux-x86_64 0.1.0 2.55 34.29 36.84 OK
r-patched-solaris-x86 0.1.0 66.50 NOTE
r-release-linux-x86_64 0.1.0 2.60 34.22 36.82 OK
r-release-windows-ix86+x86_64 0.1.0 11.00 74.00 85.00 OK
r-release-osx-x86_64 0.1.0 NOTE
r-oldrel-windows-ix86+x86_64 0.1.0 10.00 54.00 64.00 OK
r-oldrel-osx-x86_64 0.1.0 NOTE

Check Details

Version: 0.1.0
Check: dependencies in R code
Result: NOTE
    Namespace in Imports field not imported from: ‘maps’
     All declared Imports should be used.
Flavors: r-devel-linux-x86_64-fedora-clang, r-devel-linux-x86_64-fedora-gcc, r-patched-solaris-x86, r-release-osx-x86_64, r-oldrel-osx-x86_64