CRAN Package Check Results for Package countyfloods

Last updated on 2018-08-18 10:50:23 CEST.

Flavor Version Tinstall Tcheck Ttotal Status Flags
r-devel-linux-x86_64-debian-clang 0.1.0 3.65 39.80 43.45 OK
r-devel-linux-x86_64-debian-gcc 0.1.0 3.24 31.23 34.47 OK
r-devel-linux-x86_64-fedora-clang 0.1.0 51.42 NOTE
r-devel-linux-x86_64-fedora-gcc 0.1.0 48.58 NOTE
r-devel-windows-ix86+x86_64 0.1.0 9.00 80.00 89.00 OK
r-patched-linux-x86_64 0.1.0 3.49 34.86 38.35 OK
r-patched-solaris-x86 0.1.0 69.50 NOTE
r-release-linux-x86_64 0.1.0 3.00 35.40 38.40 OK
r-release-windows-ix86+x86_64 0.1.0 9.00 85.00 94.00 OK
r-release-osx-x86_64 0.1.0 NOTE
r-oldrel-windows-ix86+x86_64 0.1.0 6.00 57.00 63.00 OK
r-oldrel-osx-x86_64 0.1.0 NOTE

Check Details

Version: 0.1.0
Check: dependencies in R code
Result: NOTE
    Namespace in Imports field not imported from: ‘maps’
     All declared Imports should be used.
Flavors: r-devel-linux-x86_64-fedora-clang, r-devel-linux-x86_64-fedora-gcc, r-patched-solaris-x86, r-release-osx-x86_64, r-oldrel-osx-x86_64