CRAN Package Check Results for Package countyfloods

Last updated on 2018-02-24 20:48:20 CET.

Flavor Version Tinstall Tcheck Ttotal Status Flags
r-devel-linux-x86_64-debian-clang 0.1.0 2.74 34.00 36.74 OK
r-devel-linux-x86_64-debian-gcc 0.1.0 2.46 27.34 29.80 OK
r-devel-linux-x86_64-fedora-clang 0.1.0 43.88 NOTE
r-devel-linux-x86_64-fedora-gcc 0.1.0 42.87 NOTE
r-devel-windows-ix86+x86_64 0.1.0 7.00 67.00 74.00 OK
r-patched-linux-x86_64 0.1.0 1.91 36.30 38.21 OK
r-patched-solaris-x86 0.1.0 61.20 NOTE
r-release-linux-x86_64 0.1.0 1.96 35.40 37.36 OK
r-release-windows-ix86+x86_64 0.1.0 10.00 75.00 85.00 OK
r-release-osx-x86_64 0.1.0 NOTE
r-oldrel-windows-ix86+x86_64 0.1.0 5.00 51.00 56.00 OK
r-oldrel-osx-x86_64 0.1.0 NOTE

Check Details

Version: 0.1.0
Check: dependencies in R code
Result: NOTE
    Namespace in Imports field not imported from: ‘maps’
     All declared Imports should be used.
Flavors: r-devel-linux-x86_64-fedora-clang, r-devel-linux-x86_64-fedora-gcc, r-patched-solaris-x86, r-release-osx-x86_64, r-oldrel-osx-x86_64