CRAN Package Check Results for Package countyfloods

Last updated on 2018-10-24 03:55:16 CEST.

Flavor Version Tinstall Tcheck Ttotal Status Flags
r-devel-linux-x86_64-debian-clang 0.1.0 3.47 40.35 43.82 OK
r-devel-linux-x86_64-debian-gcc 0.1.0 2.92 32.38 35.30 OK
r-devel-linux-x86_64-fedora-clang 0.1.0 52.28 NOTE
r-devel-linux-x86_64-fedora-gcc 0.1.0 49.60 NOTE
r-devel-windows-ix86+x86_64 0.1.0 10.00 89.00 99.00 OK
r-patched-linux-x86_64 0.1.0 3.30 34.91 38.21 OK
r-patched-solaris-x86 0.1.0 67.90 NOTE
r-release-linux-x86_64 0.1.0 3.04 35.14 38.18 OK
r-release-windows-ix86+x86_64 0.1.0 12.00 86.00 98.00 OK
r-release-osx-x86_64 0.1.0 NOTE
r-oldrel-windows-ix86+x86_64 0.1.0 6.00 89.00 95.00 OK
r-oldrel-osx-x86_64 0.1.0 NOTE

Check Details

Version: 0.1.0
Check: dependencies in R code
Result: NOTE
    Namespace in Imports field not imported from: ‘maps’
     All declared Imports should be used.
Flavors: r-devel-linux-x86_64-fedora-clang, r-devel-linux-x86_64-fedora-gcc, r-patched-solaris-x86, r-release-osx-x86_64, r-oldrel-osx-x86_64