CRAN Package Check Results for Package countyfloods

Last updated on 2019-02-22 21:57:36 CET.

Flavor Version Tinstall Tcheck Ttotal Status Flags
r-devel-linux-x86_64-debian-clang 0.1.0 3.36 38.71 42.07 OK
r-devel-linux-x86_64-debian-gcc 0.1.0 2.91 29.76 32.67 OK
r-devel-linux-x86_64-fedora-clang 0.1.0 49.84 NOTE
r-devel-linux-x86_64-fedora-gcc 0.1.0 47.22 NOTE
r-devel-windows-ix86+x86_64 0.1.0 9.00 65.00 74.00 OK
r-patched-linux-x86_64 0.1.0 2.49 35.54 38.03 OK
r-patched-solaris-x86 0.1.0 72.30 NOTE
r-release-linux-x86_64 0.1.0 OK
r-release-windows-ix86+x86_64 0.1.0 7.00 87.00 94.00 OK
r-release-osx-x86_64 0.1.0 NOTE
r-oldrel-windows-ix86+x86_64 0.1.0 5.00 63.00 68.00 OK
r-oldrel-osx-x86_64 0.1.0 NOTE

Check Details

Version: 0.1.0
Check: dependencies in R code
Result: NOTE
    Namespace in Imports field not imported from: ‘maps’
     All declared Imports should be used.
Flavors: r-devel-linux-x86_64-fedora-clang, r-devel-linux-x86_64-fedora-gcc, r-patched-solaris-x86, r-release-osx-x86_64, r-oldrel-osx-x86_64