CRAN Package Check Results for Package countytimezones

Last updated on 2018-05-24 19:49:25 CEST.

Flavor Version Tinstall Tcheck Ttotal Status Flags
r-devel-linux-x86_64-debian-clang 1.0.0 2.46 48.99 51.45 OK
r-devel-linux-x86_64-debian-gcc 1.0.0 2.03 41.72 43.75 OK
r-devel-linux-x86_64-fedora-clang 1.0.0 65.47 OK
r-devel-linux-x86_64-fedora-gcc 1.0.0 65.07 OK
r-devel-windows-ix86+x86_64 1.0.0 5.00 91.00 96.00 OK
r-patched-linux-x86_64 1.0.0 2.14 47.71 49.85 OK
r-patched-solaris-x86 1.0.0 98.60 OK
r-release-linux-x86_64 1.0.0 1.95 47.26 49.21 OK
r-release-windows-ix86+x86_64 1.0.0 6.00 132.00 138.00 OK
r-release-osx-x86_64 1.0.0 OK
r-oldrel-windows-ix86+x86_64 1.0.0 9.00 86.00 95.00 OK
r-oldrel-osx-x86_64 1.0.0 OK

Check Details

Version: 1.0.0
Check: whether package can be installed
Result: ERROR
    Installation failed.
Flavor: r-oldrel-windows-ix86+x86_64