CRAN Package Check Results for Package countyweather

Last updated on 2019-01-24 06:47:03 CET.

Flavor Version Tinstall Tcheck Ttotal Status Flags
r-devel-linux-x86_64-debian-clang 0.1.0 4.23 57.11 61.34 OK
r-devel-linux-x86_64-debian-gcc 0.1.0 2.64 45.14 47.78 OK
r-devel-linux-x86_64-fedora-clang 0.1.0 72.90 NOTE
r-devel-linux-x86_64-fedora-gcc 0.1.0 67.35 NOTE
r-devel-windows-ix86+x86_64 0.1.0 11.00 101.00 112.00 OK
r-patched-linux-x86_64 0.1.0 2.51 53.44 55.95 OK
r-patched-solaris-x86 0.1.0 110.50 NOTE
r-release-linux-x86_64 0.1.0 2.58 53.82 56.40 OK
r-release-windows-ix86+x86_64 0.1.0 9.00 69.00 78.00 OK
r-release-osx-x86_64 0.1.0 NOTE
r-oldrel-windows-ix86+x86_64 0.1.0 11.00 81.00 92.00 OK
r-oldrel-osx-x86_64 0.1.0 NOTE

Check Details

Version: 0.1.0
Check: data for non-ASCII characters
Result: NOTE
     Note: found 1 marked UTF-8 string
Flavors: r-devel-linux-x86_64-fedora-clang, r-devel-linux-x86_64-fedora-gcc, r-patched-solaris-x86, r-release-osx-x86_64, r-oldrel-osx-x86_64