CRAN Package Check Results for Package countyweather

Last updated on 2018-05-26 21:46:29 CEST.

Flavor Version Tinstall Tcheck Ttotal Status Flags
r-devel-linux-x86_64-debian-clang 0.1.0 4.41 56.25 60.66 OK
r-devel-linux-x86_64-debian-gcc 0.1.0 3.18 45.60 48.78 OK
r-devel-linux-x86_64-fedora-clang 0.1.0 73.26 NOTE
r-devel-linux-x86_64-fedora-gcc 0.1.0 70.11 NOTE
r-devel-windows-ix86+x86_64 0.1.0 8.00 63.00 71.00 OK
r-patched-linux-x86_64 0.1.0 3.39 51.94 55.33 OK
r-patched-solaris-x86 0.1.0 103.10 NOTE
r-release-linux-x86_64 0.1.0 3.23 52.18 55.41 OK
r-release-windows-ix86+x86_64 0.1.0 10.00 92.00 102.00 OK
r-release-osx-x86_64 0.1.0 NOTE
r-oldrel-windows-ix86+x86_64 0.1.0 9.00 66.00 75.00 OK
r-oldrel-osx-x86_64 0.1.0 NOTE

Check Details

Version: 0.1.0
Check: data for non-ASCII characters
Result: NOTE
     Note: found 1 marked UTF-8 string
Flavors: r-devel-linux-x86_64-fedora-clang, r-devel-linux-x86_64-fedora-gcc, r-patched-solaris-x86, r-release-osx-x86_64, r-oldrel-osx-x86_64