CRAN Package Check Results for Package countyweather

Last updated on 2018-08-16 16:52:24 CEST.

Flavor Version Tinstall Tcheck Ttotal Status Flags
r-devel-linux-x86_64-debian-clang 0.1.0 4.27 58.53 62.80 OK
r-devel-linux-x86_64-debian-gcc 0.1.0 3.73 46.65 50.38 OK
r-devel-linux-x86_64-fedora-clang 0.1.0 74.51 NOTE
r-devel-linux-x86_64-fedora-gcc 0.1.0 71.32 NOTE
r-devel-windows-ix86+x86_64 0.1.0 13.00 109.00 122.00 OK
r-patched-linux-x86_64 0.1.0 3.98 52.61 56.59 OK
r-patched-solaris-x86 0.1.0 107.60 NOTE
r-release-linux-x86_64 0.1.0 3.41 52.66 56.07 OK
r-release-windows-ix86+x86_64 0.1.0 12.00 91.00 103.00 OK
r-release-osx-x86_64 0.1.0 NOTE
r-oldrel-windows-ix86+x86_64 0.1.0 13.00 78.00 91.00 OK
r-oldrel-osx-x86_64 0.1.0 NOTE

Check Details

Version: 0.1.0
Check: data for non-ASCII characters
Result: NOTE
     Note: found 1 marked UTF-8 string
Flavors: r-devel-linux-x86_64-fedora-clang, r-devel-linux-x86_64-fedora-gcc, r-patched-solaris-x86, r-release-osx-x86_64, r-oldrel-osx-x86_64