CRAN Package Check Results for Package countyweather

Last updated on 2018-02-18 04:46:22 CET.

Flavor Version Tinstall Tcheck Ttotal Status Flags
r-devel-linux-x86_64-debian-clang 0.1.0 3.15 51.71 54.86 OK
r-devel-linux-x86_64-debian-gcc 0.1.0 2.80 40.37 43.17 OK
r-devel-linux-x86_64-fedora-clang 0.1.0 66.05 NOTE
r-devel-linux-x86_64-fedora-gcc 0.1.0 64.01 NOTE
r-devel-windows-ix86+x86_64 0.1.0 7.00 65.00 72.00 OK
r-patched-linux-x86_64 0.1.0 2.07 55.36 57.43 OK
r-patched-solaris-x86 0.1.0 98.90 NOTE
r-release-linux-x86_64 0.1.0 2.35 56.20 58.55 OK
r-release-windows-ix86+x86_64 0.1.0 10.00 99.00 109.00 OK
r-release-osx-x86_64 0.1.0 NOTE
r-oldrel-windows-ix86+x86_64 0.1.0 6.00 86.00 92.00 OK
r-oldrel-osx-x86_64 0.1.0 NOTE

Check Details

Version: 0.1.0
Check: data for non-ASCII characters
Result: NOTE
     Note: found 1 marked UTF-8 string
Flavors: r-devel-linux-x86_64-fedora-clang, r-devel-linux-x86_64-fedora-gcc, r-patched-solaris-x86, r-release-osx-x86_64, r-oldrel-osx-x86_64