CRAN Package Check Results for Package countyweather

Last updated on 2018-10-18 14:47:14 CEST.

Flavor Version Tinstall Tcheck Ttotal Status Flags
r-devel-linux-x86_64-debian-clang 0.1.0 4.33 60.34 64.67 OK
r-devel-linux-x86_64-debian-gcc 0.1.0 OK
r-devel-linux-x86_64-fedora-clang 0.1.0 75.47 NOTE
r-devel-linux-x86_64-fedora-gcc 0.1.0 72.59 NOTE
r-devel-windows-ix86+x86_64 0.1.0 10.00 107.00 117.00 OK
r-patched-linux-x86_64 0.1.0 4.22 52.81 57.03 OK
r-patched-solaris-x86 0.1.0 106.30 NOTE
r-release-linux-x86_64 0.1.0 3.67 53.17 56.84 OK
r-release-windows-ix86+x86_64 0.1.0 11.00 107.00 118.00 OK
r-release-osx-x86_64 0.1.0 NOTE
r-oldrel-windows-ix86+x86_64 0.1.0 7.00 100.00 107.00 OK
r-oldrel-osx-x86_64 0.1.0 NOTE

Check Details

Version: 0.1.0
Check: data for non-ASCII characters
Result: NOTE
     Note: found 1 marked UTF-8 string
Flavors: r-devel-linux-x86_64-fedora-clang, r-devel-linux-x86_64-fedora-gcc, r-patched-solaris-x86, r-release-osx-x86_64, r-oldrel-osx-x86_64