CRAN Package Check Results for Package covafillr

Last updated on 2022-05-26 09:53:17 CEST.

Flavor Version Tinstall Tcheck Ttotal Status Flags
r-devel-linux-x86_64-debian-clang 0.4.4 29.07 42.28 71.35 NOTE
r-devel-linux-x86_64-debian-gcc 0.4.4 25.49 37.81 63.30 NOTE
r-devel-linux-x86_64-fedora-clang 0.4.4 90.69 NOTE
r-devel-linux-x86_64-fedora-gcc 0.4.4 89.83 NOTE
r-devel-windows-x86_64 0.4.4 72.00 80.00 152.00 NOTE
r-patched-linux-x86_64 0.4.4 27.60 42.06 69.66 NOTE
r-release-linux-x86_64 0.4.4 NOTE
r-release-macos-arm64 0.4.4 27.00 NOTE
r-release-macos-x86_64 0.4.4 42.00 NOTE
r-release-windows-x86_64 0.4.4 85.00 78.00 163.00 NOTE
r-oldrel-macos-arm64 0.4.4 44.00 NOTE
r-oldrel-macos-x86_64 0.4.4 51.00 NOTE
r-oldrel-windows-ix86+x86_64 0.4.4 61.00 78.00 139.00 NOTE

Check Details

Version: 0.4.4
Check: LazyData
Result: NOTE
     'LazyData' is specified without a 'data' directory
Flavors: r-devel-linux-x86_64-debian-clang, r-devel-linux-x86_64-debian-gcc, r-devel-linux-x86_64-fedora-clang, r-devel-linux-x86_64-fedora-gcc, r-devel-windows-x86_64, r-patched-linux-x86_64, r-release-linux-x86_64, r-release-macos-arm64, r-release-macos-x86_64, r-release-windows-x86_64, r-oldrel-macos-arm64, r-oldrel-macos-x86_64, r-oldrel-windows-ix86+x86_64

Version: 0.4.4
Check: installed package size
Result: NOTE
     installed size is 8.4Mb
     sub-directories of 1Mb or more:
     libs 7.7Mb
Flavors: r-devel-linux-x86_64-fedora-clang, r-release-macos-arm64, r-release-macos-x86_64, r-oldrel-macos-arm64, r-oldrel-macos-x86_64

Version: 0.4.4
Check: package dependencies
Result: NOTE
    Package suggested but not available for checking: ‘rjags’
Flavors: r-release-macos-x86_64, r-oldrel-macos-arm64

Version: 0.4.4
Check: Rd cross-references
Result: NOTE
    Package unavailable to check Rd xrefs: ‘rjags’
Flavors: r-release-macos-x86_64, r-oldrel-macos-arm64