CRAN Package Check Results for Package covafillr

Last updated on 2019-09-21 07:49:08 CEST.

Flavor Version Tinstall Tcheck Ttotal Status Flags
r-devel-linux-x86_64-debian-clang 0.4.3 19.37 24.10 43.47 OK
r-devel-linux-x86_64-debian-gcc 0.4.3 23.27 19.93 43.20 OK
r-devel-linux-x86_64-fedora-clang 0.4.3 63.60 NOTE
r-devel-linux-x86_64-fedora-gcc 0.4.3 69.19 OK
r-devel-windows-ix86+x86_64 0.4.3 59.00 78.00 137.00 OK
r-patched-linux-x86_64 0.4.3 23.25 24.62 47.87 OK
r-patched-solaris-x86 0.4.3 66.90 OK
r-release-linux-x86_64 0.4.3 21.53 24.47 46.00 OK
r-release-windows-ix86+x86_64 0.4.3 36.00 49.00 85.00 OK
r-release-osx-x86_64 0.4.3 NOTE
r-oldrel-windows-ix86+x86_64 0.4.3 36.00 50.00 86.00 OK
r-oldrel-osx-x86_64 0.4.3 NOTE

Check Details

Version: 0.4.3
Check: installed package size
Result: NOTE
     installed size is 8.9Mb
     sub-directories of 1Mb or more:
     libs 8.3Mb
Flavors: r-devel-linux-x86_64-fedora-clang, r-release-osx-x86_64, r-oldrel-osx-x86_64