CRAN Package Check Results for Package covafillr

Last updated on 2020-02-24 14:47:59 CET.

Flavor Version Tinstall Tcheck Ttotal Status Flags
r-devel-linux-x86_64-debian-clang 0.4.4 23.61 29.00 52.61 OK
r-devel-linux-x86_64-debian-gcc 0.4.4 22.28 23.77 46.05 OK
r-devel-linux-x86_64-fedora-clang 0.4.4 70.43 NOTE
r-devel-linux-x86_64-fedora-gcc 0.4.4 78.98 OK
r-devel-windows-ix86+x86_64 0.4.4 43.00 62.00 105.00 OK
r-devel-windows-ix86+x86_64-gcc8 0.4.4 67.00 91.00 158.00 OK
r-patched-linux-x86_64 0.4.4 OK
r-patched-solaris-x86 0.4.4 73.30 OK
r-release-linux-x86_64 0.4.4 22.66 27.04 49.70 OK
r-release-windows-ix86+x86_64 0.4.4 43.00 62.00 105.00 OK
r-release-osx-x86_64 0.4.4 NOTE
r-oldrel-windows-ix86+x86_64 0.4.4 43.00 59.00 102.00 OK
r-oldrel-osx-x86_64 0.4.4 NOTE

Check Details

Version: 0.4.4
Check: installed package size
Result: NOTE
     installed size is 9.0Mb
     sub-directories of 1Mb or more:
     libs 8.3Mb
Flavors: r-devel-linux-x86_64-fedora-clang, r-release-osx-x86_64, r-oldrel-osx-x86_64