CRAN Package Check Results for Package covafillr

Last updated on 2024-02-28 02:58:01 CET.

Flavor Version Tinstall Tcheck Ttotal Status Flags
r-devel-linux-x86_64-debian-clang 0.4.4 25.78 33.61 59.39 NOTE
r-devel-linux-x86_64-debian-gcc 0.4.4 21.97 27.23 49.20 NOTE
r-devel-linux-x86_64-fedora-clang 0.4.4 74.86 NOTE
r-devel-linux-x86_64-fedora-gcc 0.4.4 85.98 NOTE
r-devel-windows-x86_64 0.4.4 30.00 66.00 96.00 NOTE
r-patched-linux-x86_64 0.4.4 25.94 34.48 60.42 NOTE
r-release-linux-x86_64 0.4.4 24.98 34.13 59.11 NOTE
r-release-macos-arm64 0.4.4 32.00 NOTE
r-release-macos-x86_64 0.4.4 45.00 NOTE
r-release-windows-x86_64 0.4.4 37.00 74.00 111.00 NOTE
r-oldrel-macos-arm64 0.4.4 30.00 NOTE
r-oldrel-windows-x86_64 0.4.4 28.00 74.00 102.00 NOTE

Check Details

Version: 0.4.4
Check: LazyData
Result: NOTE 'LazyData' is specified without a 'data' directory Flavors: r-devel-linux-x86_64-debian-clang, r-devel-linux-x86_64-debian-gcc, r-devel-linux-x86_64-fedora-clang, r-devel-linux-x86_64-fedora-gcc, r-devel-windows-x86_64, r-patched-linux-x86_64, r-release-linux-x86_64, r-release-macos-arm64, r-release-macos-x86_64, r-release-windows-x86_64, r-oldrel-macos-arm64, r-oldrel-windows-x86_64

Version: 0.4.4
Check: installed package size
Result: NOTE installed size is 9.8Mb sub-directories of 1Mb or more: libs 9.2Mb Flavors: r-release-macos-arm64, r-release-macos-x86_64, r-oldrel-macos-arm64