CRAN Package Check Results for Package covequal

Last updated on 2024-07-14 06:54:20 CEST.

Flavor Version Tinstall Tcheck Ttotal Status Flags
r-devel-linux-x86_64-debian-clang 0.1.0 1.68 24.15 25.83 NOTE
r-devel-linux-x86_64-debian-gcc 0.1.0 1.61 19.72 21.33 NOTE
r-devel-linux-x86_64-fedora-clang 0.1.0 34.34 NOTE
r-devel-linux-x86_64-fedora-gcc 0.1.0 32.58 NOTE
r-devel-windows-x86_64 0.1.0 2.00 47.00 49.00 NOTE
r-patched-linux-x86_64 0.1.0 1.70 23.76 25.46 NOTE
r-release-linux-x86_64 0.1.0 1.81 24.17 25.98 NOTE
r-release-macos-arm64 0.1.0 17.00 NOTE
r-release-macos-x86_64 0.1.0 23.00 NOTE
r-release-windows-x86_64 0.1.0 3.00 46.00 49.00 NOTE
r-oldrel-macos-arm64 0.1.0 17.00 NOTE
r-oldrel-macos-x86_64 0.1.0 23.00 NOTE
r-oldrel-windows-x86_64 0.1.0 2.00 45.00 47.00 NOTE

Check Details

Version: 0.1.0
Check: LazyData
Result: NOTE 'LazyData' is specified without a 'data' directory Flavors: r-devel-linux-x86_64-debian-clang, r-devel-linux-x86_64-debian-gcc, r-devel-linux-x86_64-fedora-clang, r-devel-linux-x86_64-fedora-gcc, r-devel-windows-x86_64, r-patched-linux-x86_64, r-release-linux-x86_64, r-release-macos-arm64, r-release-macos-x86_64, r-release-windows-x86_64, r-oldrel-macos-arm64, r-oldrel-macos-x86_64, r-oldrel-windows-x86_64