CRAN Package Check Results for Package covequal

Last updated on 2022-11-28 18:52:14 CET.

Flavor Version Tinstall Tcheck Ttotal Status Flags
r-devel-linux-x86_64-debian-clang 0.1.0 1.84 25.95 27.79 NOTE
r-devel-linux-x86_64-debian-gcc 0.1.0 1.33 20.78 22.11 NOTE
r-devel-linux-x86_64-fedora-clang 0.1.0 48.37 NOTE
r-devel-linux-x86_64-fedora-gcc 0.1.0 50.21 NOTE
r-devel-windows-x86_64 0.1.0 13.00 63.00 76.00 NOTE
r-patched-linux-x86_64 0.1.0 1.62 25.42 27.04 NOTE
r-release-linux-x86_64 0.1.0 1.99 25.85 27.84 NOTE
r-release-macos-arm64 0.1.0 16.00 NOTE
r-release-macos-x86_64 0.1.0 22.00 NOTE
r-release-windows-x86_64 0.1.0 11.00 63.00 74.00 NOTE
r-oldrel-macos-arm64 0.1.0 21.00 NOTE
r-oldrel-macos-x86_64 0.1.0 28.00 NOTE
r-oldrel-windows-ix86+x86_64 0.1.0 6.00 50.00 56.00 NOTE

Check Details

Version: 0.1.0
Check: LazyData
Result: NOTE
     'LazyData' is specified without a 'data' directory
Flavors: r-devel-linux-x86_64-debian-clang, r-devel-linux-x86_64-debian-gcc, r-devel-linux-x86_64-fedora-clang, r-devel-linux-x86_64-fedora-gcc, r-devel-windows-x86_64, r-patched-linux-x86_64, r-release-linux-x86_64, r-release-macos-arm64, r-release-macos-x86_64, r-release-windows-x86_64, r-oldrel-macos-arm64, r-oldrel-macos-x86_64, r-oldrel-windows-ix86+x86_64