Last updated on 2022-05-18 17:49:53 CEST.
Flavor | Version | Tinstall | Tcheck | Ttotal | Status | Flags |
---|---|---|---|---|---|---|
r-devel-linux-x86_64-debian-clang | 0.4.2 | 6.98 | 169.10 | 176.08 | OK | |
r-devel-linux-x86_64-debian-gcc | 0.4.2 | 6.34 | 123.32 | 129.66 | OK | |
r-devel-linux-x86_64-fedora-clang | 0.4.2 | 195.76 | NOTE | |||
r-devel-linux-x86_64-fedora-gcc | 0.4.2 | 193.56 | NOTE | |||
r-devel-windows-x86_64 | 0.4.2 | 82.00 | 247.00 | 329.00 | OK | |
r-patched-linux-x86_64 | 0.4.2 | 8.14 | 156.55 | 164.69 | OK | |
r-release-linux-x86_64 | 0.4.2 | 7.85 | 158.12 | 165.97 | OK | |
r-release-macos-arm64 | 0.4.2 | 146.00 | NOTE | |||
r-release-macos-x86_64 | 0.4.2 | 167.00 | NOTE | |||
r-release-windows-x86_64 | 0.4.2 | 71.00 | 251.00 | 322.00 | OK | |
r-oldrel-macos-arm64 | 0.4.2 | 155.00 | NOTE | |||
r-oldrel-macos-x86_64 | 0.4.2 | 150.00 | NOTE | |||
r-oldrel-windows-ix86+x86_64 | 0.4.2 | 17.00 | 269.00 | 286.00 | OK |
Version: 0.4.2
Check: data for non-ASCII characters
Result: NOTE
Note: found 20 marked UTF-8 strings
Flavors: r-devel-linux-x86_64-fedora-clang, r-devel-linux-x86_64-fedora-gcc, r-release-macos-arm64, r-release-macos-x86_64, r-oldrel-macos-arm64, r-oldrel-macos-x86_64