CRAN Package Check Results for Package covmat

Last updated on 2018-05-22 08:49:18 CEST.

Flavor Version Tinstall Tcheck Ttotal Status Flags
r-release-osx-x86_64 1.0 WARN
r-oldrel-osx-x86_64 1.0 WARN

Check Details

Version: 1.0
Check: re-building of vignette outputs
Result: WARN
    Error in re-building vignettes:
     ...
    
    The following object is masked from 'package:graphics':
    
     legend
    
    Loading required package: rugarch
    Loading required package: parallel
    
    Attaching package: 'rugarch'
    
    The following object is masked from 'package:stats':
    
     sigma
    
    
    Attaching package: 'rmgarch'
    
    The following objects are masked from 'package:xts':
    
     first, last
    
    Quitting from lines 217-225 (CovarianceEstimation.Rmd)
    Error: processing vignette 'CovarianceEstimation.Rmd' failed with diagnostics:
    all(sapply(args, function(x) is.zoo(x) || !is.plain(x) || (is.plain(x) && .... is not TRUE
    Execution halted
Flavor: r-release-osx-x86_64

Version: 1.0
Check: package dependencies
Result: NOTE
    Package suggested but not available for checking: ‘rmgarch’
Flavor: r-oldrel-osx-x86_64

Version: 1.0
Check: re-building of vignette outputs
Result: WARN
    Error in re-building vignettes:
     ...
    Attaching package: 'fit.models'
    
    The following object is masked from 'package:stats':
    
     mahalanobis
    
    Loading required package: MASS
    Loading required package: lattice
    Loading required package: robustbase
    Loading required package: rrcov
    Scalable Robust Estimators with High Breakdown Point (version 1.4-3)
    
    Loading required package: foreach
    Loading required package: PerformanceAnalytics
    
    Attaching package: 'PerformanceAnalytics'
    
    The following object is masked from 'package:graphics':
    
     legend
    
    Quitting from lines 35-44 (CovarianceEstimation.Rmd)
    Error: processing vignette 'CovarianceEstimation.Rmd' failed with diagnostics:
    there is no package called 'rmgarch'
    Execution halted
Flavor: r-oldrel-osx-x86_64