CRAN Package Check Results for Package covr

Last updated on 2024-06-14 03:57:15 CEST.

Flavor Version Tinstall Tcheck Ttotal Status Flags
r-devel-linux-x86_64-debian-clang 3.6.4 6.49 151.55 158.04 OK
r-devel-linux-x86_64-debian-gcc 3.6.4 4.43 34.65 39.08 ERROR
r-devel-linux-x86_64-fedora-clang 3.6.4 196.82 OK
r-devel-linux-x86_64-fedora-gcc 3.6.4 228.94 OK
r-devel-windows-x86_64 3.6.4 8.00 196.00 204.00 OK
r-patched-linux-x86_64 3.6.4 6.91 152.06 158.97 OK
r-release-linux-x86_64 3.6.4 6.72 146.96 153.68 OK
r-release-macos-arm64 3.6.4 109.00 OK
r-release-macos-x86_64 3.6.4 209.00 OK
r-release-windows-x86_64 3.6.4 8.00 203.00 211.00 OK
r-oldrel-macos-arm64 3.6.4 109.00 OK
r-oldrel-macos-x86_64 3.6.4 183.00 OK
r-oldrel-windows-x86_64 3.6.4 9.00 226.00 235.00 OK

Check Details

Version: 3.6.4
Check: package dependencies
Result: NOTE Packages suggested but not available for checking: 'testthat', 'mockery' Flavor: r-devel-linux-x86_64-debian-gcc

Version: 3.6.4
Check: tests
Result: ERROR Running ‘testthat.R’ [0s/0s] Running the tests in ‘tests/testthat.R’ failed. Complete output: > ops <- options("crayon.enabled" = FALSE, warn = 1) > library(testthat) Error in library(testthat) : there is no package called 'testthat' Execution halted Flavor: r-devel-linux-x86_64-debian-gcc