CRAN Package Check Results for Package cowbell

Last updated on 2018-08-20 15:51:33 CEST.

Flavor Version Tinstall Tcheck Ttotal Status Flags
r-devel-linux-x86_64-debian-clang 0.1.0 1.13 68.12 69.25 OK
r-devel-linux-x86_64-debian-gcc 0.1.0 1.28 53.09 54.37 OK
r-devel-linux-x86_64-fedora-clang 0.1.0 80.76 NOTE
r-devel-linux-x86_64-fedora-gcc 0.1.0 81.44 NOTE
r-devel-windows-ix86+x86_64 0.1.0 6.00 74.00 80.00 OK
r-patched-linux-x86_64 0.1.0 1.64 66.38 68.02 OK
r-patched-solaris-x86 0.1.0 105.60 NOTE
r-release-linux-x86_64 0.1.0 1.40 67.86 69.26 OK
r-release-windows-ix86+x86_64 0.1.0 5.00 94.00 99.00 OK
r-release-osx-x86_64 0.1.0 NOTE
r-oldrel-windows-ix86+x86_64 0.1.0 3.00 195.00 198.00 OK
r-oldrel-osx-x86_64 0.1.0 NOTE

Check Details

Version: 0.1.0
Check: dependencies in R code
Result: NOTE
    Namespaces in Imports field not imported from:
     ‘ggplot2’ ‘misc3d’
     All declared Imports should be used.
Flavors: r-devel-linux-x86_64-fedora-clang, r-devel-linux-x86_64-fedora-gcc, r-patched-solaris-x86, r-release-osx-x86_64, r-oldrel-osx-x86_64