CRAN Package Check Results for Package cowbell

Last updated on 2019-02-16 19:47:22 CET.

Flavor Version Tinstall Tcheck Ttotal Status Flags
r-devel-linux-x86_64-debian-clang 0.1.0 1.93 68.38 70.31 OK
r-devel-linux-x86_64-debian-gcc 0.1.0 1.63 52.12 53.75 OK
r-devel-linux-x86_64-fedora-clang 0.1.0 80.52 NOTE
r-devel-linux-x86_64-fedora-gcc 0.1.0 78.92 NOTE
r-devel-windows-ix86+x86_64 0.1.0 6.00 97.00 103.00 OK
r-patched-linux-x86_64 0.1.0 1.33 68.29 69.62 OK
r-patched-solaris-x86 0.1.0 108.00 NOTE
r-release-linux-x86_64 0.1.0 OK
r-release-windows-ix86+x86_64 0.1.0 3.00 71.00 74.00 OK
r-release-osx-x86_64 0.1.0 NOTE
r-oldrel-windows-ix86+x86_64 0.1.0 5.00 203.00 208.00 OK
r-oldrel-osx-x86_64 0.1.0 NOTE

Check Details

Version: 0.1.0
Check: dependencies in R code
Result: NOTE
    Namespaces in Imports field not imported from:
     ‘ggplot2’ ‘misc3d’
     All declared Imports should be used.
Flavors: r-devel-linux-x86_64-fedora-clang, r-devel-linux-x86_64-fedora-gcc, r-patched-solaris-x86, r-release-osx-x86_64, r-oldrel-osx-x86_64