CRAN Package Check Results for Package cowbell

Last updated on 2018-11-18 11:50:44 CET.

Flavor Version Tinstall Tcheck Ttotal Status Flags
r-devel-linux-x86_64-debian-clang 0.1.0 1.51 68.98 70.49 OK
r-devel-linux-x86_64-debian-gcc 0.1.0 1.28 52.69 53.97 OK
r-devel-linux-x86_64-fedora-clang 0.1.0 79.69 NOTE
r-devel-linux-x86_64-fedora-gcc 0.1.0 77.56 NOTE
r-devel-windows-ix86+x86_64 0.1.0 4.00 71.00 75.00 OK
r-patched-linux-x86_64 0.1.0 1.16 68.96 70.12 OK
r-patched-solaris-x86 0.1.0 109.70 NOTE
r-release-linux-x86_64 0.1.0 1.66 66.46 68.12 OK
r-release-windows-ix86+x86_64 0.1.0 6.00 75.00 81.00 OK
r-release-osx-x86_64 0.1.0 NOTE
r-oldrel-windows-ix86+x86_64 0.1.0 3.00 169.00 172.00 OK
r-oldrel-osx-x86_64 0.1.0 NOTE

Check Details

Version: 0.1.0
Check: dependencies in R code
Result: NOTE
    Namespaces in Imports field not imported from:
     ‘ggplot2’ ‘misc3d’
     All declared Imports should be used.
Flavors: r-devel-linux-x86_64-fedora-clang, r-devel-linux-x86_64-fedora-gcc, r-patched-solaris-x86, r-release-osx-x86_64, r-oldrel-osx-x86_64