CRAN Package Check Results for Package cowbell

Last updated on 2018-05-24 07:47:08 CEST.

Flavor Version Tinstall Tcheck Ttotal Status Flags
r-devel-linux-x86_64-debian-clang 0.1.0 1.63 62.34 63.97 OK
r-devel-linux-x86_64-debian-gcc 0.1.0 1.05 51.39 52.44 OK
r-devel-linux-x86_64-fedora-clang 0.1.0 77.52 NOTE
r-devel-linux-x86_64-fedora-gcc 0.1.0 76.99 NOTE
r-devel-windows-ix86+x86_64 0.1.0 3.00 79.00 82.00 OK
r-patched-linux-x86_64 0.1.0 1.62 65.98 67.60 OK
r-patched-solaris-x86 0.1.0 106.90 NOTE
r-release-linux-x86_64 0.1.0 1.76 64.90 66.66 OK
r-release-windows-ix86+x86_64 0.1.0 5.00 98.00 103.00 OK
r-release-osx-x86_64 0.1.0 NOTE
r-oldrel-windows-ix86+x86_64 0.1.0 7.00 197.00 204.00 OK
r-oldrel-osx-x86_64 0.1.0 NOTE

Check Details

Version: 0.1.0
Check: dependencies in R code
Result: NOTE
    Namespaces in Imports field not imported from:
     ‘ggplot2’ ‘misc3d’
     All declared Imports should be used.
Flavors: r-devel-linux-x86_64-fedora-clang, r-devel-linux-x86_64-fedora-gcc, r-patched-solaris-x86, r-release-osx-x86_64, r-oldrel-osx-x86_64