CRAN Package Check Results for Package cowbell

Last updated on 2018-02-25 13:46:59 CET.

Flavor Version Tinstall Tcheck Ttotal Status Flags
r-devel-linux-x86_64-debian-clang 0.1.0 1.44 66.12 67.56 OK
r-devel-linux-x86_64-debian-gcc 0.1.0 1.16 49.58 50.74 OK
r-devel-linux-x86_64-fedora-clang 0.1.0 74.63 NOTE
r-devel-linux-x86_64-fedora-gcc 0.1.0 73.35 NOTE
r-devel-windows-ix86+x86_64 0.1.0 5.00 97.00 102.00 OK
r-patched-linux-x86_64 0.1.0 0.85 130.79 131.64 OK
r-patched-solaris-x86 0.1.0 178.00 NOTE
r-release-linux-x86_64 0.1.0 0.80 131.14 131.94 OK
r-release-windows-ix86+x86_64 0.1.0 4.00 196.00 200.00 OK
r-release-osx-x86_64 0.1.0 NOTE
r-oldrel-windows-ix86+x86_64 0.1.0 3.00 163.00 166.00 OK
r-oldrel-osx-x86_64 0.1.0 NOTE

Check Details

Version: 0.1.0
Check: dependencies in R code
Result: NOTE
    Namespaces in Imports field not imported from:
     ‘ggplot2’ ‘misc3d’
     All declared Imports should be used.
Flavors: r-devel-linux-x86_64-fedora-clang, r-devel-linux-x86_64-fedora-gcc, r-patched-solaris-x86, r-release-osx-x86_64, r-oldrel-osx-x86_64