CRAN Package Check Results for Package cowplot

Last updated on 2022-10-06 04:51:22 CEST.

Flavor Version Tinstall Tcheck Ttotal Status Flags
r-devel-linux-x86_64-debian-clang 1.1.1 7.28 128.03 135.31 NOTE
r-devel-linux-x86_64-debian-gcc 1.1.1 5.95 91.39 97.34 NOTE
r-devel-linux-x86_64-fedora-clang 1.1.1 178.06 NOTE
r-devel-linux-x86_64-fedora-gcc 1.1.1 168.03 NOTE
r-devel-windows-x86_64 1.1.1 57.00 169.00 226.00 NOTE
r-patched-linux-x86_64 1.1.1 12.60 113.02 125.62 NOTE
r-release-linux-x86_64 1.1.1 5.72 116.15 121.87 NOTE
r-release-macos-arm64 1.1.1 44.00 NOTE
r-release-macos-x86_64 1.1.1 65.00 NOTE
r-release-windows-x86_64 1.1.1 61.00 154.00 215.00 NOTE
r-oldrel-macos-arm64 1.1.1 60.00 NOTE
r-oldrel-macos-x86_64 1.1.1 87.00 NOTE
r-oldrel-windows-ix86+x86_64 1.1.1 20.00 151.00 171.00 NOTE

Check Details

Version: 1.1.1
Check: LazyData
Result: NOTE
     'LazyData' is specified without a 'data' directory
Flavors: r-devel-linux-x86_64-debian-clang, r-devel-linux-x86_64-debian-gcc, r-devel-linux-x86_64-fedora-clang, r-devel-linux-x86_64-fedora-gcc, r-devel-windows-x86_64, r-patched-linux-x86_64, r-release-linux-x86_64, r-release-macos-arm64, r-release-macos-x86_64, r-release-windows-x86_64, r-oldrel-macos-arm64, r-oldrel-macos-x86_64, r-oldrel-windows-ix86+x86_64