CRAN Package Check Results for Package cowplot

Last updated on 2018-02-21 14:49:34 CET.

Flavor Version Tinstall Tcheck Ttotal Status Flags
r-devel-linux-x86_64-debian-clang 0.9.2 2.22 132.29 134.51 OK
r-devel-linux-x86_64-debian-gcc 0.9.2 2.38 104.34 106.72 OK
r-devel-linux-x86_64-fedora-clang 0.9.2 153.56 OK
r-devel-linux-x86_64-fedora-gcc 0.9.2 151.54 OK
r-devel-windows-ix86+x86_64 0.9.2 5.00 127.00 132.00 OK
r-patched-linux-x86_64 0.9.2 2.24 158.49 160.73 OK
r-patched-solaris-x86 0.9.2 193.90 NOTE
r-release-linux-x86_64 0.9.2 2.57 157.47 160.04 OK
r-release-windows-ix86+x86_64 0.9.2 9.00 200.00 209.00 OK
r-release-osx-x86_64 0.9.2 NOTE
r-oldrel-windows-ix86+x86_64 0.9.2 5.00 142.00 147.00 OK
r-oldrel-osx-x86_64 0.9.2 OK

Check Details

Version: 0.9.2
Check: package dependencies
Result: NOTE
    Package suggested but not available for checking: ‘magick’
Flavor: r-patched-solaris-x86

Version: 0.9.2
Check: package dependencies
Result: NOTE
    Package suggested but not available for checking: ‘gridGraphics’
Flavor: r-release-osx-x86_64