CRAN Package Check Results for Package cowsay

Last updated on 2018-10-18 14:47:14 CEST.

Flavor Version Tinstall Tcheck Ttotal Status Flags
r-devel-linux-x86_64-debian-clang 0.7.0 1.23 23.12 24.35 OK
r-devel-linux-x86_64-debian-gcc 0.7.0 OK
r-devel-linux-x86_64-fedora-clang 0.7.0 29.02 OK
r-devel-linux-x86_64-fedora-gcc 0.7.0 27.66 OK
r-devel-windows-ix86+x86_64 0.7.0 5.00 51.00 56.00 WARN
r-patched-linux-x86_64 0.7.0 1.11 20.47 21.58 OK
r-patched-solaris-x86 0.7.0 39.90 OK
r-release-linux-x86_64 0.7.0 1.05 21.19 22.24 OK
r-release-windows-ix86+x86_64 0.7.0 3.00 54.00 57.00 OK
r-release-osx-x86_64 0.7.0 OK
r-oldrel-windows-ix86+x86_64 0.7.0 3.00 54.00 57.00 OK
r-oldrel-osx-x86_64 0.7.0 OK

Check Details

Version: 0.7.0
Check: re-building of vignette outputs
Result: WARN
    Error in re-building vignettes:
     ...
    Quitting from lines 139-144 (cowsay_tutorial.Rmd)
    Error: processing vignette 'cowsay_tutorial.Rmd' failed with diagnostics:
    If you're on Windows, you can't use:
    anxiouscat
    fish
    grumpycat
    longcat
    longtailcat
    mushroom
    shortcat
    signbunny
    stretchycat
    Execution halted
Flavor: r-devel-windows-ix86+x86_64