CRAN Package Check Results for Package cowsay

Last updated on 2019-01-24 09:49:30 CET.

Flavor Version Tinstall Tcheck Ttotal Status Flags
r-devel-linux-x86_64-debian-clang 0.7.0 1.19 22.56 23.75 OK
r-devel-linux-x86_64-debian-gcc 0.7.0 0.94 18.10 19.04 OK
r-devel-linux-x86_64-fedora-clang 0.7.0 28.93 OK
r-devel-linux-x86_64-fedora-gcc 0.7.0 26.96 OK
r-devel-windows-ix86+x86_64 0.7.0 4.00 51.00 55.00 WARN
r-patched-linux-x86_64 0.7.0 0.90 21.15 22.05 OK
r-patched-solaris-x86 0.7.0 42.70 OK
r-release-linux-x86_64 0.7.0 0.90 21.09 21.99 OK
r-release-windows-ix86+x86_64 0.7.0 3.00 51.00 54.00 WARN
r-release-osx-x86_64 0.7.0 OK
r-oldrel-windows-ix86+x86_64 0.7.0 4.00 40.00 44.00 WARN
r-oldrel-osx-x86_64 0.7.0 OK

Check Details

Version: 0.7.0
Check: re-building of vignette outputs
Result: WARN
    Error(s) in re-building vignettes:
    --- re-building 'cowsay_tutorial.Rmd' using rmarkdown
    Quitting from lines 139-144 (cowsay_tutorial.Rmd)
    Error: processing vignette 'cowsay_tutorial.Rmd' failed with diagnostics:
    If you're on Windows, you can't use:
    anxiouscat
    fish
    grumpycat
    longcat
    longtailcat
    mushroom
    shortcat
    signbunny
    stretchycat
    --- failed re-building 'cowsay_tutorial.Rmd'
    
    SUMMARY: processing the following file failed:
     'cowsay_tutorial.Rmd'
    
    Error: Vignette re-building failed.
    Execution halted
Flavor: r-devel-windows-ix86+x86_64

Version: 0.7.0
Check: re-building of vignette outputs
Result: WARN
    Error in re-building vignettes:
     ...
    Quitting from lines 130-135 (cowsay_tutorial.Rmd)
    Error: processing vignette 'cowsay_tutorial.Rmd' failed with diagnostics:
    If you're on Windows, you can't use:
    anxiouscat
    fish
    grumpycat
    longcat
    longtailcat
    mushroom
    shortcat
    signbunny
    stretchycat
    Execution halted
Flavors: r-release-windows-ix86+x86_64, r-oldrel-windows-ix86+x86_64