CRAN Package Check Results for Package coxed

Last updated on 2022-07-03 04:48:58 CEST.

Flavor Version Tinstall Tcheck Ttotal Status Flags
r-devel-linux-x86_64-debian-clang 0.3.3 17.88 203.21 221.09 OK
r-devel-linux-x86_64-debian-gcc 0.3.3 13.21 151.20 164.41 OK
r-devel-linux-x86_64-fedora-clang 0.3.3 262.96 NOTE
r-devel-linux-x86_64-fedora-gcc 0.3.3 265.47 NOTE
r-devel-windows-x86_64 0.3.3 120.00 247.00 367.00 OK
r-patched-linux-x86_64 0.3.3 20.41 187.00 207.41 OK
r-release-linux-x86_64 0.3.3 16.94 194.93 211.87 OK
r-release-macos-arm64 0.3.3 92.00 NOTE
r-release-macos-x86_64 0.3.3 135.00 NOTE
r-release-windows-x86_64 0.3.3 198.00 257.00 455.00 OK
r-oldrel-macos-arm64 0.3.3 99.00 NOTE
r-oldrel-macos-x86_64 0.3.3 146.00 NOTE
r-oldrel-windows-ix86+x86_64 0.3.3 37.00 248.00 285.00 OK

Check Details

Version: 0.3.3
Check: dependencies in R code
Result: NOTE
    Namespace in Imports field not imported from: ‘mediation’
     All declared Imports should be used.
Flavors: r-devel-linux-x86_64-fedora-clang, r-devel-linux-x86_64-fedora-gcc, r-release-macos-arm64, r-release-macos-x86_64, r-oldrel-macos-arm64, r-oldrel-macos-x86_64