Last updated on 2023-10-01 12:00:33 CEST.
Flavor | Version | Tinstall | Tcheck | Ttotal | Status | Flags |
---|---|---|---|---|---|---|
r-devel-linux-x86_64-debian-clang | 1.1.4 | 143.44 | 384.56 | 528.00 | OK | |
r-devel-linux-x86_64-debian-gcc | 1.1.4 | 108.38 | 288.48 | 396.86 | OK | |
r-devel-linux-x86_64-fedora-clang | 1.1.4 | 3.29 | ERROR | |||
r-devel-linux-x86_64-fedora-gcc | 1.1.4 | 720.96 | NOTE | |||
r-devel-windows-x86_64 | 1.1.4 | 108.00 | 306.00 | 414.00 | OK | |
r-patched-linux-x86_64 | 1.1.4 | 112.90 | 371.25 | 484.15 | OK | |
r-release-linux-x86_64 | 1.1.4 | 105.04 | 372.05 | 477.09 | OK | |
r-release-macos-arm64 | 1.1.4 | 219.00 | NOTE | |||
r-release-macos-x86_64 | 1.1.4 | 388.00 | NOTE | |||
r-release-windows-x86_64 | 1.1.4 | 138.00 | 377.00 | 515.00 | OK | |
r-oldrel-macos-arm64 | 1.1.4 | 8.00 | ERROR | |||
r-oldrel-macos-x86_64 | 1.1.4 | 238.00 | NOTE | |||
r-oldrel-windows-x86_64 | 1.1.4 | 132.00 | 364.00 | 496.00 | OK |
Version: 1.1.4
Check: package dependencies
Result: ERROR
Package required but not available: ‘SeqArray’
Package suggested but not available for checking: ‘GENESIS’
See section ‘The DESCRIPTION file’ in the ‘Writing R Extensions’
manual.
Flavors: r-devel-linux-x86_64-fedora-clang, r-oldrel-macos-arm64
Version: 1.1.4
Check: package dependencies
Result: NOTE
Package suggested but not available for checking: ‘GENESIS’
Flavors: r-devel-linux-x86_64-fedora-gcc, r-release-macos-arm64, r-release-macos-x86_64
Version: 1.1.4
Check: installed package size
Result: NOTE
installed size is 26.1Mb
sub-directories of 1Mb or more:
libs 24.9Mb
Flavors: r-release-macos-arm64, r-release-macos-x86_64, r-oldrel-macos-x86_64