CRAN Package Check Results for Package coxphMIC

Last updated on 2022-08-19 07:49:48 CEST.

Flavor Version Tinstall Tcheck Ttotal Status Flags
r-devel-linux-x86_64-debian-clang 0.1.0 5.30 63.72 69.02 NOTE
r-devel-linux-x86_64-debian-gcc 0.1.0 6.48 49.94 56.42 NOTE
r-devel-linux-x86_64-fedora-clang 0.1.0 98.60 NOTE
r-devel-linux-x86_64-fedora-gcc 0.1.0 95.54 NOTE
r-devel-windows-x86_64 0.1.0 12.00 87.00 99.00 NOTE
r-patched-linux-x86_64 0.1.0 6.37 61.93 68.30 NOTE
r-release-linux-x86_64 0.1.0 NOTE
r-release-macos-arm64 0.1.0 39.00 NOTE
r-release-macos-x86_64 0.1.0 40.00 NOTE
r-release-windows-x86_64 0.1.0 12.00 77.00 89.00 NOTE
r-oldrel-macos-arm64 0.1.0 35.00 NOTE
r-oldrel-macos-x86_64 0.1.0 56.00 NOTE
r-oldrel-windows-ix86+x86_64 0.1.0 15.00 85.00 100.00 NOTE

Check Details

Version: 0.1.0
Check: LazyData
Result: NOTE
     'LazyData' is specified without a 'data' directory
Flavors: r-devel-linux-x86_64-debian-clang, r-devel-linux-x86_64-debian-gcc, r-devel-linux-x86_64-fedora-clang, r-devel-linux-x86_64-fedora-gcc, r-devel-windows-x86_64, r-patched-linux-x86_64, r-release-linux-x86_64, r-release-macos-arm64, r-release-macos-x86_64, r-release-windows-x86_64, r-oldrel-macos-arm64, r-oldrel-macos-x86_64, r-oldrel-windows-ix86+x86_64