CRAN Package Check Results for Package coxphw

Last updated on 2018-02-18 17:48:06 CET.

Flavor Version Tinstall Tcheck Ttotal Status Flags
r-devel-linux-x86_64-debian-clang 4.0.0 7.51 62.91 70.42 NOTE
r-devel-linux-x86_64-debian-gcc 4.0.0 6.79 49.64 56.43 NOTE
r-devel-linux-x86_64-fedora-clang 4.0.0 86.83 NOTE
r-devel-linux-x86_64-fedora-gcc 4.0.0 84.81 NOTE
r-devel-windows-ix86+x86_64 4.0.0 15.00 91.00 106.00 OK
r-patched-linux-x86_64 4.0.0 5.89 66.79 72.68 NOTE
r-patched-solaris-x86 4.0.0 135.40 OK
r-release-linux-x86_64 4.0.0 6.21 66.05 72.26 NOTE
r-release-windows-ix86+x86_64 4.0.0 17.00 134.00 151.00 OK
r-release-osx-x86_64 4.0.0 OK
r-oldrel-windows-ix86+x86_64 4.0.0 12.00 111.00 123.00 OK
r-oldrel-osx-x86_64 4.0.0 OK

Check Details

Version: 4.0.0
Check: compiled code
Result: NOTE
    File ‘coxphw/libs/coxphw.so’:
     Found no calls to: ‘R_registerRoutines’, ‘R_useDynamicSymbols’
    
    It is good practice to register native routines and to disable symbol
    search.
    
    See ‘Writing portable packages’ in the ‘Writing R Extensions’ manual.
Flavors: r-devel-linux-x86_64-debian-clang, r-devel-linux-x86_64-debian-gcc, r-devel-linux-x86_64-fedora-clang, r-devel-linux-x86_64-fedora-gcc, r-patched-linux-x86_64, r-release-linux-x86_64