CRAN Package Check Results for Package cppRouting

Last updated on 2020-07-07 07:47:51 CEST.

Flavor Version Tinstall Tcheck Ttotal Status Flags
r-devel-linux-x86_64-debian-clang 2.0 275.63 30.95 306.58 OK
r-devel-linux-x86_64-debian-gcc 2.0 190.33 24.33 214.66 OK
r-devel-linux-x86_64-fedora-clang 2.0 469.98 NOTE
r-devel-linux-x86_64-fedora-gcc 2.0 382.42 NOTE
r-devel-windows-ix86+x86_64 2.0 510.00 74.00 584.00 OK
r-patched-linux-x86_64 2.0 193.15 30.72 223.87 OK
r-patched-solaris-x86 2.0 309.50 NOTE
r-release-linux-x86_64 2.0 190.09 31.01 221.10 OK
r-release-osx-x86_64 2.0 NOTE
r-release-windows-ix86+x86_64 2.0 483.00 66.00 549.00 OK
r-oldrel-osx-x86_64 2.0 NOTE
r-oldrel-windows-ix86+x86_64 2.0 496.00 102.00 598.00 OK

Check Details

Version: 2.0
Check: installed package size
Result: NOTE
     installed size is 11.2Mb
     sub-directories of 1Mb or more:
     libs 11.0Mb
Flavors: r-devel-linux-x86_64-fedora-clang, r-release-osx-x86_64, r-oldrel-osx-x86_64

Version: 2.0
Check: dependencies in R code
Result: NOTE
    Namespace in Imports field not imported from: ‘RcppProgress’
     All declared Imports should be used.
Flavors: r-devel-linux-x86_64-fedora-clang, r-devel-linux-x86_64-fedora-gcc, r-patched-solaris-x86, r-release-osx-x86_64, r-oldrel-osx-x86_64