CRAN Package Check Results for Package cpss

Last updated on 2022-06-30 22:55:27 CEST.

Flavor Version Tinstall Tcheck Ttotal Status Flags
r-devel-linux-x86_64-debian-clang 0.0.2 77.89 82.43 160.32 NOTE
r-devel-linux-x86_64-debian-gcc 0.0.2 64.41 60.99 125.40 NOTE
r-devel-linux-x86_64-fedora-clang 0.0.2 229.78 NOTE
r-devel-linux-x86_64-fedora-gcc 0.0.2 211.87 NOTE
r-devel-windows-x86_64 0.0.2 76.00 120.00 196.00 NOTE
r-patched-linux-x86_64 0.0.2 72.28 77.24 149.52 NOTE
r-release-linux-x86_64 0.0.2 70.50 77.16 147.66 NOTE
r-release-macos-arm64 0.0.2 54.00 NOTE
r-release-macos-x86_64 0.0.2 104.00 NOTE
r-release-windows-x86_64 0.0.2 83.00 126.00 209.00 NOTE
r-oldrel-macos-arm64 0.0.2 60.00 NOTE
r-oldrel-macos-x86_64 0.0.2 74.00 NOTE
r-oldrel-windows-ix86+x86_64 0.0.2 183.00 148.00 331.00 NOTE

Check Details

Version: 0.0.2
Check: LazyData
Result: NOTE
     'LazyData' is specified without a 'data' directory
Flavors: r-devel-linux-x86_64-debian-clang, r-devel-linux-x86_64-debian-gcc, r-devel-linux-x86_64-fedora-clang, r-devel-linux-x86_64-fedora-gcc, r-devel-windows-x86_64, r-patched-linux-x86_64, r-release-linux-x86_64, r-release-macos-arm64, r-release-macos-x86_64, r-release-windows-x86_64, r-oldrel-macos-arm64, r-oldrel-macos-x86_64, r-oldrel-windows-ix86+x86_64

Version: 0.0.2
Check: installed package size
Result: NOTE
     installed size is 5.1Mb
     sub-directories of 1Mb or more:
     libs 4.9Mb
Flavor: r-oldrel-macos-arm64