CRAN Package Check Results for Package cptec

Last updated on 2019-02-17 21:47:29 CET.

Flavor Version Tinstall Tcheck Ttotal Status Flags
r-devel-linux-x86_64-debian-clang 0.1.0 1.52 20.47 21.99 ERROR
r-devel-linux-x86_64-debian-gcc 0.1.0 1.21 16.53 17.74 OK
r-devel-linux-x86_64-fedora-clang 0.1.0 27.55 OK
r-devel-linux-x86_64-fedora-gcc 0.1.0 24.85 OK
r-devel-windows-ix86+x86_64 0.1.0 4.00 37.00 41.00 OK
r-patched-linux-x86_64 0.1.0 1.26 19.26 20.52 OK
r-patched-solaris-x86 0.1.0 35.50 OK
r-release-linux-x86_64 0.1.0 OK
r-release-windows-ix86+x86_64 0.1.0 2.00 38.00 40.00 OK
r-release-osx-x86_64 0.1.0 OK
r-oldrel-windows-ix86+x86_64 0.1.0 2.00 39.00 41.00 OK
r-oldrel-osx-x86_64 0.1.0 OK

Check Details

Version: 0.1.0
Check: examples
Result: ERROR
    Running examples in ‘cptec-Ex.R’ failed
    The error most likely occurred in:
    
    > base::assign(".ptime", proc.time(), pos = "CheckExEnv")
    > ### Name: condicoes_tempo
    > ### Title: Data frame containing "tempo" descriptions
    > ### Aliases: condicoes_tempo
    > ### Keywords: brazil forecast weather
    >
    > ### ** Examples
    >
    > condicoes_tempo()
    Error in open.connection(x, "rb") :
     Failed to connect to servicos.cptec.inpe.br port 80: Connection refused
    Calls: condicoes_tempo -> <Anonymous> -> read_html.default
    Execution halted
Flavor: r-devel-linux-x86_64-debian-clang