CRAN Package Check Results for Package cqrReg

Last updated on 2018-07-20 22:50:12 CEST.

Flavor Version Tinstall Tcheck Ttotal Status Flags
r-devel-linux-x86_64-debian-clang 1.2 12.18 12.18 OK --install=no
r-devel-linux-x86_64-debian-gcc 1.2 9.84 9.84 OK --install=no
r-devel-linux-x86_64-fedora-clang 1.2 275.45 NOTE
r-devel-linux-x86_64-fedora-gcc 1.2 267.97 NOTE
r-devel-windows-ix86+x86_64 1.2 220.00 160.00 380.00 NOTE
r-patched-linux-x86_64 1.2 11.85 11.85 OK --install=no
r-patched-solaris-x86 1.2 242.70 NOTE
r-release-linux-x86_64 1.2 11.88 11.88 OK --install=no
r-release-windows-ix86+x86_64 1.2 318.00 143.00 461.00 NOTE
r-release-osx-x86_64 1.2 NOTE
r-oldrel-windows-ix86+x86_64 1.2 320.00 96.00 416.00 NOTE
r-oldrel-osx-x86_64 1.2 NOTE

Check Details

Version: 1.2
Check: installed package size
Result: NOTE
     installed size is 7.7Mb
     sub-directories of 1Mb or more:
     libs 7.6Mb
Flavors: r-devel-linux-x86_64-fedora-clang, r-release-osx-x86_64

Version: 1.2
Check: R code for possible problems
Result: NOTE
    QR.cd: no visible global function definition for ‘quantile’
    QR.lasso.cd: no visible global function definition for ‘quantile’
    cqr.cd: no visible global function definition for ‘quantile’
    cqr.lasso.cd: no visible global function definition for ‘quantile’
    cqr.lasso.mm: no visible global function definition for ‘quantile’
    cqr.mm: no visible global function definition for ‘quantile’
    Undefined global functions or variables:
     quantile
    Consider adding
     importFrom("stats", "quantile")
    to your NAMESPACE file.
Flavors: r-devel-linux-x86_64-fedora-clang, r-devel-linux-x86_64-fedora-gcc, r-devel-windows-ix86+x86_64, r-patched-solaris-x86, r-release-windows-ix86+x86_64, r-release-osx-x86_64, r-oldrel-windows-ix86+x86_64, r-oldrel-osx-x86_64

Version: 1.2
Check: compiled code
Result: NOTE
    File ‘cqrReg/libs/cqrReg.so’:
     Found no calls to: ‘R_registerRoutines’, ‘R_useDynamicSymbols’
    
    It is good practice to register native routines and to disable symbol
    search.
    
    See ‘Writing portable packages’ in the ‘Writing R Extensions’ manual.
Flavors: r-devel-linux-x86_64-fedora-clang, r-devel-linux-x86_64-fedora-gcc