CRAN Package Check Results for Package cqrReg

Last updated on 2018-01-21 22:47:52 CET.

Flavor Version Tinstall Tcheck Ttotal Status Flags
r-devel-linux-x86_64-debian-clang 1.2 12.27 12.27 OK --install=no
r-devel-linux-x86_64-debian-gcc 1.2 9.76 9.76 OK --install=no
r-devel-linux-x86_64-fedora-clang 1.2 253.46 NOTE
r-devel-linux-x86_64-fedora-gcc 1.2 239.15 NOTE
r-devel-windows-ix86+x86_64 1.2 247.00 93.00 340.00 NOTE
r-patched-linux-x86_64 1.2 12.32 12.32 OK --install=no
r-patched-solaris-x86 1.2 253.90 NOTE
r-release-linux-x86_64 1.2 12.36 12.36 OK --install=no
r-release-windows-ix86+x86_64 1.2 303.00 134.00 437.00 NOTE
r-release-osx-x86_64 1.2 NOTE
r-oldrel-windows-ix86+x86_64 1.2 302.00 99.00 401.00 NOTE
r-oldrel-osx-x86_64 1.2 NOTE

Check Details

Version: 1.2
Check: installed package size
Result: NOTE
     installed size is 7.5Mb
     sub-directories of 1Mb or more:
     libs 7.3Mb
Flavors: r-devel-linux-x86_64-fedora-clang, r-devel-linux-x86_64-fedora-gcc, r-oldrel-osx-x86_64

Version: 1.2
Check: R code for possible problems
Result: NOTE
    QR.cd: no visible global function definition for ‘quantile’
    QR.lasso.cd: no visible global function definition for ‘quantile’
    cqr.cd: no visible global function definition for ‘quantile’
    cqr.lasso.cd: no visible global function definition for ‘quantile’
    cqr.lasso.mm: no visible global function definition for ‘quantile’
    cqr.mm: no visible global function definition for ‘quantile’
    Undefined global functions or variables:
     quantile
    Consider adding
     importFrom("stats", "quantile")
    to your NAMESPACE file.
Flavors: r-devel-linux-x86_64-fedora-clang, r-devel-linux-x86_64-fedora-gcc, r-devel-windows-ix86+x86_64, r-patched-solaris-x86, r-release-windows-ix86+x86_64, r-release-osx-x86_64, r-oldrel-windows-ix86+x86_64, r-oldrel-osx-x86_64

Version: 1.2
Check: compiled code
Result: NOTE
    File ‘cqrReg/libs/cqrReg.so’:
     Found no calls to: ‘R_registerRoutines’, ‘R_useDynamicSymbols’
    
    It is good practice to register native routines and to disable symbol
    search.
    
    See ‘Writing portable packages’ in the ‘Writing R Extensions’ manual.
Flavors: r-devel-linux-x86_64-fedora-clang, r-devel-linux-x86_64-fedora-gcc