CRAN Package Check Results for Package cqrReg

Last updated on 2018-10-20 03:50:12 CEST.

Flavor Version Tinstall Tcheck Ttotal Status Flags
r-devel-linux-x86_64-debian-clang 1.2 12.76 12.76 OK --install=no
r-devel-linux-x86_64-debian-gcc 1.2 10.55 10.55 OK --install=no
r-devel-linux-x86_64-fedora-clang 1.2 300.72 NOTE
r-devel-linux-x86_64-fedora-gcc 1.2 275.91 NOTE
r-devel-windows-ix86+x86_64 1.2 302.00 150.00 452.00 NOTE
r-patched-linux-x86_64 1.2 11.85 11.85 OK --install=no
r-patched-solaris-x86 1.2 240.50 NOTE
r-release-linux-x86_64 1.2 11.94 11.94 OK --install=no
r-release-windows-ix86+x86_64 1.2 318.00 131.00 449.00 NOTE
r-release-osx-x86_64 1.2 NOTE
r-oldrel-windows-ix86+x86_64 1.2 233.00 134.00 367.00 NOTE
r-oldrel-osx-x86_64 1.2 NOTE

Check Details

Version: 1.2
Check: installed package size
Result: NOTE
     installed size is 8.5Mb
     sub-directories of 1Mb or more:
     libs 8.3Mb
Flavors: r-devel-linux-x86_64-fedora-clang, r-release-osx-x86_64

Version: 1.2
Check: R code for possible problems
Result: NOTE
    QR.cd: no visible global function definition for ‘quantile’
    QR.lasso.cd: no visible global function definition for ‘quantile’
    cqr.cd: no visible global function definition for ‘quantile’
    cqr.lasso.cd: no visible global function definition for ‘quantile’
    cqr.lasso.mm: no visible global function definition for ‘quantile’
    cqr.mm: no visible global function definition for ‘quantile’
    Undefined global functions or variables:
     quantile
    Consider adding
     importFrom("stats", "quantile")
    to your NAMESPACE file.
Flavors: r-devel-linux-x86_64-fedora-clang, r-devel-linux-x86_64-fedora-gcc, r-devel-windows-ix86+x86_64, r-patched-solaris-x86, r-release-windows-ix86+x86_64, r-release-osx-x86_64, r-oldrel-windows-ix86+x86_64, r-oldrel-osx-x86_64

Version: 1.2
Check: compiled code
Result: NOTE
    File ‘cqrReg/libs/cqrReg.so’:
     Found no calls to: ‘R_registerRoutines’, ‘R_useDynamicSymbols’
    
    It is good practice to register native routines and to disable symbol
    search.
    
    See ‘Writing portable packages’ in the ‘Writing R Extensions’ manual.
Flavors: r-devel-linux-x86_64-fedora-clang, r-devel-linux-x86_64-fedora-gcc