CRAN Package Check Results for Package cr17

Last updated on 2018-11-17 06:46:37 CET.

Flavor Version Tinstall Tcheck Ttotal Status Flags
r-devel-linux-x86_64-debian-clang 0.1.0 5.10 83.80 88.90 OK
r-devel-linux-x86_64-debian-gcc 0.1.0 5.31 66.02 71.33 OK
r-devel-linux-x86_64-fedora-clang 0.1.0 121.17 OK
r-devel-linux-x86_64-fedora-gcc 0.1.0 100.90 OK
r-devel-windows-ix86+x86_64 0.1.0 16.00 144.00 160.00 OK
r-patched-linux-x86_64 0.1.0 4.85 79.64 84.49 NOTE
r-patched-solaris-x86 0.1.0 158.40 OK
r-release-linux-x86_64 0.1.0 5.01 80.19 85.20 NOTE
r-release-windows-ix86+x86_64 0.1.0 16.00 137.00 153.00 OK
r-release-osx-x86_64 0.1.0 OK
r-oldrel-windows-ix86+x86_64 0.1.0 18.00 103.00 121.00 OK
r-oldrel-osx-x86_64 0.1.0 OK

Check Details

Version: 0.1.0
Check: DESCRIPTION meta-information
Result: NOTE
    Dependence on R version ‘3.3.2’ not with patchlevel 0
Flavors: r-patched-linux-x86_64, r-release-linux-x86_64