CRAN Package Check Results for Package cr17

Last updated on 2019-02-16 13:46:16 CET.

Flavor Version Tinstall Tcheck Ttotal Status Flags
r-devel-linux-x86_64-debian-clang 0.1.0 5.68 87.74 93.42 OK
r-devel-linux-x86_64-debian-gcc 0.1.0 4.98 66.38 71.36 OK
r-devel-linux-x86_64-fedora-clang 0.1.0 113.23 OK
r-devel-linux-x86_64-fedora-gcc 0.1.0 106.37 OK
r-devel-windows-ix86+x86_64 0.1.0 14.00 137.00 151.00 OK
r-patched-linux-x86_64 0.1.0 5.80 81.18 86.98 NOTE
r-patched-solaris-x86 0.1.0 157.60 OK
r-release-linux-x86_64 0.1.0 NOTE
r-release-windows-ix86+x86_64 0.1.0 11.00 93.00 104.00 OK
r-release-osx-x86_64 0.1.0 OK
r-oldrel-windows-ix86+x86_64 0.1.0 19.00 144.00 163.00 OK
r-oldrel-osx-x86_64 0.1.0 OK

Check Details

Version: 0.1.0
Check: DESCRIPTION meta-information
Result: NOTE
    Dependence on R version ‘3.3.2’ not with patchlevel 0
Flavors: r-patched-linux-x86_64, r-release-linux-x86_64