CRAN Package Check Results for Package cr17

Last updated on 2018-08-19 02:47:42 CEST.

Flavor Version Tinstall Tcheck Ttotal Status Flags
r-devel-linux-x86_64-debian-clang 0.1.0 7.70 94.11 101.81 OK
r-devel-linux-x86_64-debian-gcc 0.1.0 5.10 74.04 79.14 OK
r-devel-linux-x86_64-fedora-clang 0.1.0 119.58 OK
r-devel-linux-x86_64-fedora-gcc 0.1.0 116.14 OK
r-devel-windows-ix86+x86_64 0.1.0 18.00 143.00 161.00 OK
r-patched-linux-x86_64 0.1.0 5.60 80.22 85.82 NOTE
r-patched-solaris-x86 0.1.0 156.10 OK
r-release-linux-x86_64 0.1.0 5.51 79.75 85.26 NOTE
r-release-windows-ix86+x86_64 0.1.0 18.00 128.00 146.00 OK
r-release-osx-x86_64 0.1.0 OK
r-oldrel-windows-ix86+x86_64 0.1.0 11.00 108.00 119.00 OK
r-oldrel-osx-x86_64 0.1.0 OK

Check Details

Version: 0.1.0
Check: DESCRIPTION meta-information
Result: NOTE
    Dependence on R version ‘3.3.2’ not with patchlevel 0
Flavors: r-patched-linux-x86_64, r-release-linux-x86_64