CRAN Package Check Results for Package cr17

Last updated on 2018-05-25 16:48:15 CEST.

Flavor Version Tinstall Tcheck Ttotal Status Flags
r-devel-linux-x86_64-debian-clang 0.1.0 6.22 91.62 97.84 OK
r-devel-linux-x86_64-debian-gcc 0.1.0 5.38 70.19 75.57 OK
r-devel-linux-x86_64-fedora-clang 0.1.0 116.14 OK
r-devel-linux-x86_64-fedora-gcc 0.1.0 115.48 OK
r-devel-windows-ix86+x86_64 0.1.0 13.00 112.00 125.00 OK
r-patched-linux-x86_64 0.1.0 4.84 77.35 82.19 NOTE
r-patched-solaris-x86 0.1.0 148.20 OK
r-release-linux-x86_64 0.1.0 4.33 77.26 81.59 NOTE
r-release-windows-ix86+x86_64 0.1.0 14.00 132.00 146.00 OK
r-release-osx-x86_64 0.1.0 OK
r-oldrel-windows-ix86+x86_64 0.1.0 17.00 103.00 120.00 OK
r-oldrel-osx-x86_64 0.1.0 OK

Check Details

Version: 0.1.0
Check: DESCRIPTION meta-information
Result: NOTE
    Dependence on R version ‘3.3.2’ not with patchlevel 0
Flavors: r-patched-linux-x86_64, r-release-linux-x86_64