CRAN Package Check Results for Package cr17

Last updated on 2018-02-20 05:47:46 CET.

Flavor Version Tinstall Tcheck Ttotal Status Flags
r-devel-linux-x86_64-debian-clang 0.1.0 5.47 71.54 77.01 NOTE
r-devel-linux-x86_64-debian-gcc 0.1.0 4.73 61.06 65.79 NOTE
r-devel-linux-x86_64-fedora-clang 0.1.0 100.82 NOTE
r-devel-linux-x86_64-fedora-gcc 0.1.0 97.12 NOTE
r-devel-windows-ix86+x86_64 0.1.0 9.00 84.00 93.00 OK
r-patched-linux-x86_64 0.1.0 3.90 89.95 93.85 OK
r-patched-solaris-x86 0.1.0 162.00 OK
r-release-linux-x86_64 0.1.0 4.48 88.48 92.96 OK
r-release-windows-ix86+x86_64 0.1.0 14.00 145.00 159.00 OK
r-release-osx-x86_64 0.1.0 OK
r-oldrel-windows-ix86+x86_64 0.1.0 11.00 114.00 125.00 OK
r-oldrel-osx-x86_64 0.1.0 OK

Check Details

Version: 0.1.0
Check: DESCRIPTION meta-information
Result: NOTE
    Dependence on R version ‘3.3.2’ not with patchlevel 0
Flavors: r-devel-linux-x86_64-debian-clang, r-devel-linux-x86_64-debian-gcc, r-devel-linux-x86_64-fedora-clang, r-devel-linux-x86_64-fedora-gcc