CRAN Package Check Results for Package crawl

Last updated on 2024-02-26 18:49:57 CET.

Flavor Version Tinstall Tcheck Ttotal Status Flags
r-devel-linux-x86_64-debian-clang 2.3.0 159.25 68.24 227.49 NOTE
r-devel-linux-x86_64-debian-gcc 2.3.0 118.98 49.83 168.81 NOTE
r-devel-linux-x86_64-fedora-clang 2.3.0 312.20 NOTE
r-devel-linux-x86_64-fedora-gcc 2.3.0 315.36 OK
r-devel-windows-x86_64 2.3.0 117.00 108.00 225.00 NOTE --no-vignettes
r-patched-linux-x86_64 2.3.0 152.68 64.27 216.95 OK
r-release-linux-x86_64 2.3.0 148.89 64.02 212.91 OK
r-release-macos-arm64 2.3.0 77.00 NOTE
r-release-macos-x86_64 2.3.0 125.00 NOTE
r-release-windows-x86_64 2.3.0 148.00 110.00 258.00 OK --no-vignettes
r-oldrel-macos-arm64 2.3.0 80.00 NOTE
r-oldrel-windows-x86_64 2.3.0 140.00 114.00 254.00 OK --no-vignettes

Check Details

Version: 2.3.0
Check: Rd files
Result: NOTE checkRd: (-1) crwPredict.Rd:54-68: Lost braces 54 | \item("predTime"){ | ^ checkRd: (-1) crwPredict.Rd:59: Lost braces 59 | no longer the default (see \item{return.type}). If the original data were | ^ Flavors: r-devel-linux-x86_64-debian-clang, r-devel-linux-x86_64-debian-gcc, r-devel-linux-x86_64-fedora-clang

Version: 2.3.0
Flags: --no-vignettes
Check: Rd files
Result: NOTE checkRd: (-1) crwPredict.Rd:54-68: Lost braces 54 | \item("predTime"){ | ^ checkRd: (-1) crwPredict.Rd:59: Lost braces 59 | no longer the default (see \item{return.type}). If the original data were | ^ Flavor: r-devel-windows-x86_64

Version: 2.3.0
Check: installed package size
Result: NOTE installed size is 6.3Mb sub-directories of 1Mb or more: libs 5.5Mb Flavors: r-release-macos-arm64, r-release-macos-x86_64, r-oldrel-macos-arm64