Last updated on 2022-08-12 03:53:24 CEST.
Flavor | Version | Tinstall | Tcheck | Ttotal | Status | Flags |
---|---|---|---|---|---|---|
r-devel-linux-x86_64-debian-clang | 1.3.1 | 29.90 | 640.63 | 670.53 | NOTE | |
r-devel-linux-x86_64-debian-gcc | 1.3.1 | 22.79 | 377.20 | 399.99 | NOTE | |
r-devel-linux-x86_64-fedora-clang | 1.3.1 | 666.82 | NOTE | |||
r-devel-linux-x86_64-fedora-gcc | 1.3.1 | 565.82 | NOTE | |||
r-devel-windows-x86_64 | 1.3.1 | 180.00 | 452.00 | 632.00 | NOTE | |
r-patched-linux-x86_64 | 1.3.1 | 30.93 | 475.76 | 506.69 | OK | |
r-release-linux-x86_64 | 1.3.1 | 28.67 | 472.05 | 500.72 | OK | |
r-release-macos-arm64 | 1.3.1 | 132.00 | OK | |||
r-release-macos-x86_64 | 1.3.1 | 234.00 | OK | |||
r-release-windows-x86_64 | 1.3.1 | 128.00 | 480.00 | 608.00 | OK | |
r-oldrel-macos-arm64 | 1.3.1 | 140.00 | OK | |||
r-oldrel-macos-x86_64 | 1.3.1 | 245.00 | OK | |||
r-oldrel-windows-ix86+x86_64 | 1.3.1 | 60.00 | 505.00 | 565.00 | OK |
Version: 1.3.1
Check: package subdirectories
Result: NOTE
Problems with news in 'NEWS.md':
No news entries found.
Flavors: r-devel-linux-x86_64-debian-clang, r-devel-linux-x86_64-debian-gcc, r-devel-linux-x86_64-fedora-clang, r-devel-linux-x86_64-fedora-gcc, r-devel-windows-x86_64
Version: 1.3.1
Check: package dependencies
Result: NOTE
Package suggested but not available for checking: ‘gbm’
Flavor: r-devel-linux-x86_64-debian-gcc