CRAN Package Check Results for Package credule

Last updated on 2018-05-26 10:49:09 CEST.

Flavor Version Tinstall Tcheck Ttotal Status Flags
r-devel-linux-x86_64-debian-clang 0.1.3 1.30 19.12 20.42 NOTE
r-devel-linux-x86_64-debian-gcc 0.1.3 1.30 15.19 16.49 NOTE
r-devel-linux-x86_64-fedora-clang 0.1.3 25.34 NOTE
r-devel-linux-x86_64-fedora-gcc 0.1.3 23.96 NOTE
r-devel-windows-ix86+x86_64 0.1.3 7.00 48.00 55.00 OK
r-patched-linux-x86_64 0.1.3 1.50 17.99 19.49 NOTE
r-patched-solaris-x86 0.1.3 37.40 OK
r-release-linux-x86_64 0.1.3 1.35 18.01 19.36 NOTE
r-release-windows-ix86+x86_64 0.1.3 10.00 34.00 44.00 OK
r-release-osx-x86_64 0.1.3 OK
r-oldrel-windows-ix86+x86_64 0.1.3 10.00 36.00 46.00 OK
r-oldrel-osx-x86_64 0.1.3 OK

Check Details

Version: 0.1.3
Check: compiled code
Result: NOTE
    File ‘credule/libs/credule.so’:
     Found no calls to: ‘R_registerRoutines’, ‘R_useDynamicSymbols’
    
    It is good practice to register native routines and to disable symbol
    search.
    
    See ‘Writing portable packages’ in the ‘Writing R Extensions’ manual.
Flavors: r-devel-linux-x86_64-debian-clang, r-devel-linux-x86_64-debian-gcc, r-devel-linux-x86_64-fedora-clang, r-devel-linux-x86_64-fedora-gcc, r-patched-linux-x86_64, r-release-linux-x86_64