CRAN Package Check Results for Package credule

Last updated on 2019-02-19 22:51:23 CET.

Flavor Version Tinstall Tcheck Ttotal Status Flags
r-devel-linux-x86_64-debian-clang 0.1.3 1.93 19.32 21.25 OK
r-devel-linux-x86_64-debian-gcc 0.1.3 1.51 15.86 17.37 OK
r-devel-linux-x86_64-fedora-clang 0.1.3 27.63 NOTE
r-devel-linux-x86_64-fedora-gcc 0.1.3 25.51 NOTE
r-devel-windows-ix86+x86_64 0.1.3 9.00 52.00 61.00 OK
r-patched-linux-x86_64 0.1.3 1.36 18.26 19.62 OK
r-patched-solaris-x86 0.1.3 38.90 OK
r-release-linux-x86_64 0.1.3 1.36 18.27 19.63 OK
r-release-windows-ix86+x86_64 0.1.3 6.00 47.00 53.00 OK
r-release-osx-x86_64 0.1.3 OK
r-oldrel-windows-ix86+x86_64 0.1.3 6.00 38.00 44.00 OK
r-oldrel-osx-x86_64 0.1.3 OK

Check Details

Version: 0.1.3
Check: compiled code
Result: NOTE
    File ‘credule/libs/credule.so’:
     Found no calls to: ‘R_registerRoutines’, ‘R_useDynamicSymbols’
    
    It is good practice to register native routines and to disable symbol
    search.
    
    See ‘Writing portable packages’ in the ‘Writing R Extensions’ manual.
Flavors: r-devel-linux-x86_64-fedora-clang, r-devel-linux-x86_64-fedora-gcc