CRAN Package Check Results for Package credule

Last updated on 2018-11-15 15:48:20 CET.

Flavor Version Tinstall Tcheck Ttotal Status Flags
r-devel-linux-x86_64-debian-clang 0.1.3 1.64 19.85 21.49 OK
r-devel-linux-x86_64-debian-gcc 0.1.3 1.36 16.48 17.84 OK
r-devel-linux-x86_64-fedora-clang 0.1.3 25.93 NOTE
r-devel-linux-x86_64-fedora-gcc 0.1.3 25.67 NOTE
r-devel-windows-ix86+x86_64 0.1.3 7.00 54.00 61.00 OK
r-patched-linux-x86_64 0.1.3 1.32 18.15 19.47 OK
r-patched-solaris-x86 0.1.3 38.70 OK
r-release-linux-x86_64 0.1.3 1.45 18.19 19.64 OK
r-release-windows-ix86+x86_64 0.1.3 8.00 52.00 60.00 OK
r-release-osx-x86_64 0.1.3 OK
r-oldrel-windows-ix86+x86_64 0.1.3 8.00 37.00 45.00 OK
r-oldrel-osx-x86_64 0.1.3 OK

Check Details

Version: 0.1.3
Check: compiled code
Result: NOTE
    File ‘credule/libs/credule.so’:
     Found no calls to: ‘R_registerRoutines’, ‘R_useDynamicSymbols’
    
    It is good practice to register native routines and to disable symbol
    search.
    
    See ‘Writing portable packages’ in the ‘Writing R Extensions’ manual.
Flavors: r-devel-linux-x86_64-fedora-clang, r-devel-linux-x86_64-fedora-gcc