CRAN Package Check Results for Package credule

Last updated on 2018-02-22 16:47:35 CET.

Flavor Version Tinstall Tcheck Ttotal Status Flags
r-devel-linux-x86_64-debian-clang 0.1.3 1.41 16.60 18.01 NOTE
r-devel-linux-x86_64-debian-gcc 0.1.3 1.25 14.52 15.77 NOTE
r-devel-linux-x86_64-fedora-clang 0.1.3 23.44 NOTE
r-devel-linux-x86_64-fedora-gcc 0.1.3 22.40 NOTE
r-devel-windows-ix86+x86_64 0.1.3 10.00 37.00 47.00 OK
r-patched-linux-x86_64 0.1.3 1.42 19.69 21.11 NOTE
r-patched-solaris-x86 0.1.3 34.30 OK
r-release-linux-x86_64 0.1.3 1.38 19.55 20.93 NOTE
r-release-windows-ix86+x86_64 0.1.3 13.00 43.00 56.00 OK
r-release-osx-x86_64 0.1.3 OK
r-oldrel-windows-ix86+x86_64 0.1.3 6.00 31.00 37.00 OK
r-oldrel-osx-x86_64 0.1.3 OK

Check Details

Version: 0.1.3
Check: compiled code
Result: NOTE
    File ‘credule/libs/credule.so’:
     Found no calls to: ‘R_registerRoutines’, ‘R_useDynamicSymbols’
    
    It is good practice to register native routines and to disable symbol
    search.
    
    See ‘Writing portable packages’ in the ‘Writing R Extensions’ manual.
Flavors: r-devel-linux-x86_64-debian-clang, r-devel-linux-x86_64-debian-gcc, r-devel-linux-x86_64-fedora-clang, r-devel-linux-x86_64-fedora-gcc, r-patched-linux-x86_64, r-release-linux-x86_64