CRAN Package Check Results for Package credule

Last updated on 2018-08-20 11:48:35 CEST.

Flavor Version Tinstall Tcheck Ttotal Status Flags
r-devel-linux-x86_64-debian-clang 0.1.3 1.51 19.77 21.28 NOTE
r-devel-linux-x86_64-debian-gcc 0.1.3 1.29 16.15 17.44 NOTE
r-devel-linux-x86_64-fedora-clang 0.1.3 25.81 NOTE
r-devel-linux-x86_64-fedora-gcc 0.1.3 24.63 NOTE
r-devel-windows-ix86+x86_64 0.1.3 10.00 48.00 58.00 OK
r-patched-linux-x86_64 0.1.3 1.33 18.46 19.79 NOTE
r-patched-solaris-x86 0.1.3 39.40 OK
r-release-linux-x86_64 0.1.3 1.54 18.30 19.84 NOTE
r-release-windows-ix86+x86_64 0.1.3 10.00 49.00 59.00 OK
r-release-osx-x86_64 0.1.3 OK
r-oldrel-windows-ix86+x86_64 0.1.3 6.00 52.00 58.00 OK
r-oldrel-osx-x86_64 0.1.3 OK

Check Details

Version: 0.1.3
Check: compiled code
Result: NOTE
    File ‘credule/libs/credule.so’:
     Found no calls to: ‘R_registerRoutines’, ‘R_useDynamicSymbols’
    
    It is good practice to register native routines and to disable symbol
    search.
    
    See ‘Writing portable packages’ in the ‘Writing R Extensions’ manual.
Flavors: r-devel-linux-x86_64-debian-clang, r-devel-linux-x86_64-debian-gcc, r-devel-linux-x86_64-fedora-clang, r-devel-linux-x86_64-fedora-gcc, r-patched-linux-x86_64, r-release-linux-x86_64